52.34.76.65 - - [17/Nov/2022:07:11:59 -0800] "GET /sitebuilder/images/indexnewnav1-34-inactive-17881.png HTTP/1.1" 404 88 "http://site.tandtrepair.com/" "Mozilla/5.0 (Windows NT 6.1; Win64; x64) AppleWebKit/537.36 (KHTML, like Gecko) Chrome/106.0.0.0 Safari/537.36" "site.tandtrepair.com"
52.34.76.65 - - [17/Nov/2022:07:11:59 -0800] "GET /sitebuilder/images/indexnewnav1-34-inactive-05268.png HTTP/1.1" 404 88 "http://site.tandtrepair.com/" "Mozilla/5.0 (Windows NT 6.1; Win64; x64) AppleWebKit/537.36 (KHTML, like Gecko) Chrome/106.0.0.0 Safari/537.36" "site.tandtrepair.com"
52.34.76.65 - - [17/Nov/2022:07:11:59 -0800] "GET /sitebuilder/images/indexnewnav1-35-inactive-13411.png HTTP/1.1" 404 88 "http://site.tandtrepair.com/" "Mozilla/5.0 (Windows NT 6.1; Win64; x64) AppleWebKit/537.36 (KHTML, like Gecko) Chrome/106.0.0.0 Safari/537.36" "site.tandtrepair.com"
52.34.76.65 - - [17/Nov/2022:07:11:59 -0800] "GET /sitebuilder/images/No_Child-43x106.jpg HTTP/1.1" 404 88 "http://site.tandtrepair.com/" "Mozilla/5.0 (Windows NT 6.1; Win64; x64) AppleWebKit/537.36 (KHTML, like Gecko) Chrome/106.0.0.0 Safari/537.36" "site.tandtrepair.com"
52.34.76.65 - - [17/Nov/2022:07:11:59 -0800] "GET /sitebuilder/images/shriner-logo_green-114x98.jpg HTTP/1.1" 404 88 "http://site.tandtrepair.com/" "Mozilla/5.0 (Windows NT 6.1; Win64; x64) AppleWebKit/537.36 (KHTML, like Gecko) Chrome/106.0.0.0 Safari/537.36" "site.tandtrepair.com"
52.34.76.65 - - [17/Nov/2022:07:11:59 -0800] "GET /images/sqrotes2.gif HTTP/1.1" 404 88 "http://site.tandtrepair.com/" "Mozilla/5.0 (Windows NT 6.1; Win64; x64) AppleWebKit/537.36 (KHTML, like Gecko) Chrome/106.0.0.0 Safari/537.36" "site.tandtrepair.com"
52.34.76.65 - - [17/Nov/2022:07:11:59 -0800] "GET /sitebuilder/images/Brother_At_Your_Side_Logo-133x40.jpg HTTP/1.1" 404 88 "http://site.tandtrepair.com/" "Mozilla/5.0 (Windows NT 6.1; Win64; x64) AppleWebKit/537.36 (KHTML, like Gecko) Chrome/106.0.0.0 Safari/537.36" "site.tandtrepair.com"
52.34.76.65 - - [17/Nov/2022:07:11:59 -0800] "GET /sitebuilder/images/IndexNav2-0-inactive-03171.png HTTP/1.1" 404 88 "http://site.tandtrepair.com/" "Mozilla/5.0 (Windows NT 6.1; Win64; x64) AppleWebKit/537.36 (KHTML, like Gecko) Chrome/106.0.0.0 Safari/537.36" "site.tandtrepair.com"
52.34.76.65 - - [17/Nov/2022:07:11:59 -0800] "GET /sitebuilder/images/IndexNav2-1-inactive-03218.png HTTP/1.1" 404 88 "http://site.tandtrepair.com/" "Mozilla/5.0 (Windows NT 6.1; Win64; x64) AppleWebKit/537.36 (KHTML, like Gecko) Chrome/106.0.0.0 Safari/537.36" "site.tandtrepair.com"
52.34.76.65 - - [17/Nov/2022:07:11:59 -0800] "GET /sitebuilder/images/IndexNav2-2-inactive-12543.png HTTP/1.1" 404 88 "http://site.tandtrepair.com/" "Mozilla/5.0 (Windows NT 6.1; Win64; x64) AppleWebKit/537.36 (KHTML, like Gecko) Chrome/106.0.0.0 Safari/537.36" "site.tandtrepair.com"
93.158.161.50 - - [17/Nov/2022:07:28:29 -0800] "GET /Futura_Items/freestuff/BobbinWinding.pdf HTTP/1.1" 404 88 "-" "Mozilla/5.0 (compatible; YandexBot/3.0; +http://yandex.com/bots)" "site.tandtrepair.com"
40.88.21.235 - - [17/Nov/2022:07:53:14 -0800] "GET / HTTP/1.1" 200 10618 "http://site.tandtrepair.com/" "Mozilla/5.0 (compatible; DuckDuckGo-Favicons-Bot/1.0; +http://duckduckgo.com)" "site.tandtrepair.com"
40.88.21.235 - - [17/Nov/2022:07:53:14 -0800] "GET /favicon.ico HTTP/1.1" 404 88 "http://site.tandtrepair.com/favicon.ico" "Mozilla/5.0 (compatible; DuckDuckGo-Favicons-Bot/1.0; +http://duckduckgo.com)" "site.tandtrepair.com"
17.121.112.10 - - [17/Nov/2022:08:19:17 -0800] "GET /sitebuilder/images/index.html-9.png HTTP/1.1" 404 88 "-" "Mozilla/5.0 (Macintosh; Intel Mac OS X 10_15_5) AppleWebKit/605.1.15 (KHTML, like Gecko) Version/13.1.1 Safari/605.1.15 (Applebot/0.1; +http://www.apple.com/go/applebot)" "site.tandtrepair.com"
216.244.66.203 - - [17/Nov/2022:08:26:18 -0800] "GET /robots.txt HTTP/1.1" 404 73 "-" "Mozilla/5.0 (compatible; DotBot/1.2; +https://opensiteexplorer.org/dotbot; help@moz.com)" "site.tandtrepair.com"
185.191.171.44 - - [17/Nov/2022:09:27:46 -0800] "GET /@site.tandtrepair.com/?C=S&percnt;3BO&percnt;3DA& HTTP/1.1" 200 10618 "-" "Mozilla/5.0 (compatible; SemrushBot/7~bl; +http://www.semrush.com/bot.html)" "p9.secure.hostingprod.com"
173.49.164.238 - - [17/Nov/2022:09:55:57 -0800] "GET / HTTP/1.1" 200 10618 "-" "Mozilla/5.0 (iPod touch; CPU iPhone OS 15_7_1 like Mac OS X) AppleWebKit/605.1.15 (KHTML, like Gecko) Version/15.6.3 Mobile/15E148 Safari/604.1" "site.tandtrepair.com"
173.49.164.238 - - [17/Nov/2022:09:55:57 -0800] "GET /sitebuilder/images/Greenish_Banner-200x1691.jpg HTTP/1.1" 404 88 "http://site.tandtrepair.com/" "Mozilla/5.0 (iPod touch; CPU iPhone OS 15_7_1 like Mac OS X) AppleWebKit/605.1.15 (KHTML, like Gecko) Version/15.6.3 Mobile/15E148 Safari/604.1" "site.tandtrepair.com"
173.49.164.238 - - [17/Nov/2022:09:55:57 -0800] "GET /sitebuilder/images/Greenish_Banner-1069x163.jpg HTTP/1.1" 404 88 "http://site.tandtrepair.com/" "Mozilla/5.0 (iPod touch; CPU iPhone OS 15_7_1 like Mac OS X) AppleWebKit/605.1.15 (KHTML, like Gecko) Version/15.6.3 Mobile/15E148 Safari/604.1" "site.tandtrepair.com"
173.49.164.238 - - [17/Nov/2022:09:55:57 -0800] "GET /sitebuilder/images/index.html-11.png HTTP/1.1" 404 88 "http://site.tandtrepair.com/" "Mozilla/5.0 (iPod touch; CPU iPhone OS 15_7_1 like Mac OS X) AppleWebKit/605.1.15 (KHTML, like Gecko) Version/15.6.3 Mobile/15E148 Safari/604.1" "site.tandtrepair.com"
173.49.164.238 - - [17/Nov/2022:09:55:57 -0800] "GET /images/angbizon.gif HTTP/1.1" 404 88 "http://site.tandtrepair.com/" "Mozilla/5.0 (iPod touch; CPU iPhone OS 15_7_1 like Mac OS X) AppleWebKit/605.1.15 (KHTML, like Gecko) Version/15.6.3 Mobile/15E148 Safari/604.1" "site.tandtrepair.com"
173.49.164.238 - - [17/Nov/2022:09:55:57 -0800] "GET /Logo/discover_novus.gif HTTP/1.1" 404 88 "http://site.tandtrepair.com/" "Mozilla/5.0 (iPod touch; CPU iPhone OS 15_7_1 like Mac OS X) AppleWebKit/605.1.15 (KHTML, like Gecko) Version/15.6.3 Mobile/15E148 Safari/604.1" "site.tandtrepair.com"
173.49.164.238 - - [17/Nov/2022:09:55:57 -0800] "GET /Logo/visalg.gif HTTP/1.1" 404 88 "http://site.tandtrepair.com/" "Mozilla/5.0 (iPod touch; CPU iPhone OS 15_7_1 like Mac OS X) AppleWebKit/605.1.15 (KHTML, like Gecko) Version/15.6.3 Mobile/15E148 Safari/604.1" "site.tandtrepair.com"
173.49.164.238 - - [17/Nov/2022:09:55:57 -0800] "GET /sitebuilder/images/mastercard-60x37.jpg HTTP/1.1" 404 88 "http://site.tandtrepair.com/" "Mozilla/5.0 (iPod touch; CPU iPhone OS 15_7_1 like Mac OS X) AppleWebKit/605.1.15 (KHTML, like Gecko) Version/15.6.3 Mobile/15E148 Safari/604.1" "site.tandtrepair.com"
173.49.164.238 - - [17/Nov/2022:09:55:57 -0800] "GET /PagePicts/album_4july_usaflag.gif HTTP/1.1" 404 88 "http://site.tandtrepair.com/" "Mozilla/5.0 (iPod touch; CPU iPhone OS 15_7_1 like Mac OS X) AppleWebKit/605.1.15 (KHTML, like Gecko) Version/15.6.3 Mobile/15E148 Safari/604.1" "site.tandtrepair.com"
173.49.164.238 - - [17/Nov/2022:09:55:58 -0800] "GET /sitebuilder/images/amsamflag-95x59.jpg HTTP/1.1" 404 88 "http://site.tandtrepair.com/" "Mozilla/5.0 (iPod touch; CPU iPhone OS 15_7_1 like Mac OS X) AppleWebKit/605.1.15 (KHTML, like Gecko) Version/15.6.3 Mobile/15E148 Safari/604.1" "site.tandtrepair.com"
173.49.164.238 - - [17/Nov/2022:09:55:58 -0800] "GET /sitebuilder/images/index.html-10.png HTTP/1.1" 404 88 "http://site.tandtrepair.com/" "Mozilla/5.0 (iPod touch; CPU iPhone OS 15_7_1 like Mac OS X) AppleWebKit/605.1.15 (KHTML, like Gecko) Version/15.6.3 Mobile/15E148 Safari/604.1" "site.tandtrepair.com"
173.49.164.238 - - [17/Nov/2022:09:55:58 -0800] "GET /sitebuilder/images/2020_16_10pk-90x130.jpg HTTP/1.1" 404 88 "http://site.tandtrepair.com/" "Mozilla/5.0 (iPod touch; CPU iPhone OS 15_7_1 like Mac OS X) AppleWebKit/605.1.15 (KHTML, like Gecko) Version/15.6.3 Mobile/15E148 Safari/604.1" "site.tandtrepair.com"
173.49.164.238 - - [17/Nov/2022:09:55:58 -0800] "GET /sitebuilder/images/Jean_A_Ma_Jig_Pict-100x123.jpg HTTP/1.1" 404 88 "http://site.tandtrepair.com/" "Mozilla/5.0 (iPod touch; CPU iPhone OS 15_7_1 like Mac OS X) AppleWebKit/605.1.15 (KHTML, like Gecko) Version/15.6.3 Mobile/15E148 Safari/604.1" "site.tandtrepair.com"
173.49.164.238 - - [17/Nov/2022:09:55:58 -0800] "GET /sitebuilder/images/index.html-9.png HTTP/1.1" 404 88 "http://site.tandtrepair.com/" "Mozilla/5.0 (iPod touch; CPU iPhone OS 15_7_1 like Mac OS X) AppleWebKit/605.1.15 (KHTML, like Gecko) Version/15.6.3 Mobile/15E148 Safari/604.1" "site.tandtrepair.com"
173.49.164.238 - - [17/Nov/2022:09:55:58 -0800] "GET /sitebuilder/images/index.html-8.png HTTP/1.1" 404 88 "http://site.tandtrepair.com/" "Mozilla/5.0 (iPod touch; CPU iPhone OS 15_7_1 like Mac OS X) AppleWebKit/605.1.15 (KHTML, like Gecko) Version/15.6.3 Mobile/15E148 Safari/604.1" "site.tandtrepair.com"
173.49.164.238 - - [17/Nov/2022:09:55:58 -0800] "GET /images/HobbyBlueEMailImg.gif HTTP/1.1" 404 88 "http://site.tandtrepair.com/" "Mozilla/5.0 (iPod touch; CPU iPhone OS 15_7_1 like Mac OS X) AppleWebKit/605.1.15 (KHTML, like Gecko) Version/15.6.3 Mobile/15E148 Safari/604.1" "site.tandtrepair.com"
173.49.164.238 - - [17/Nov/2022:09:55:58 -0800] "GET /sitebuilder/images/Shriner1_logo-242x93.jpg HTTP/1.1" 404 88 "http://site.tandtrepair.com/" "Mozilla/5.0 (iPod touch; CPU iPhone OS 15_7_1 like Mac OS X) AppleWebKit/605.1.15 (KHTML, like Gecko) Version/15.6.3 Mobile/15E148 Safari/604.1" "site.tandtrepair.com"
173.49.164.238 - - [17/Nov/2022:09:55:58 -0800] "GET /sitebuilder/images/index.html-6.png HTTP/1.1" 404 88 "http://site.tandtrepair.com/" "Mozilla/5.0 (iPod touch; CPU iPhone OS 15_7_1 like Mac OS X) AppleWebKit/605.1.15 (KHTML, like Gecko) Version/15.6.3 Mobile/15E148 Safari/604.1" "site.tandtrepair.com"
173.49.164.238 - - [17/Nov/2022:09:55:58 -0800] "GET /sitebuilder/images/index.html-5.png HTTP/1.1" 404 88 "http://site.tandtrepair.com/" "Mozilla/5.0 (iPod touch; CPU iPhone OS 15_7_1 like Mac OS X) AppleWebKit/605.1.15 (KHTML, like Gecko) Version/15.6.3 Mobile/15E148 Safari/604.1" "site.tandtrepair.com"
173.49.164.238 - - [17/Nov/2022:09:55:58 -0800] "GET /sitebuilder/images/indexnewnav1-0-active-11187.png HTTP/1.1" 404 88 "http://site.tandtrepair.com/" "Mozilla/5.0 (iPod touch; CPU iPhone OS 15_7_1 like Mac OS X) AppleWebKit/605.1.15 (KHTML, like Gecko) Version/15.6.3 Mobile/15E148 Safari/604.1" "site.tandtrepair.com"
173.49.164.238 - - [17/Nov/2022:09:55:58 -0800] "GET /sitebuilder/images/indexnewnav1-1-inactive-11218.png HTTP/1.1" 404 88 "http://site.tandtrepair.com/" "Mozilla/5.0 (iPod touch; CPU iPhone OS 15_7_1 like Mac OS X) AppleWebKit/605.1.15 (KHTML, like Gecko) Version/15.6.3 Mobile/15E148 Safari/604.1" "site.tandtrepair.com"
173.49.164.238 - - [17/Nov/2022:09:55:58 -0800] "GET /sitebuilder/images/indexnewnav1-2-inactive-11296.png HTTP/1.1" 404 88 "http://site.tandtrepair.com/" "Mozilla/5.0 (iPod touch; CPU iPhone OS 15_7_1 like Mac OS X) AppleWebKit/605.1.15 (KHTML, like Gecko) Version/15.6.3 Mobile/15E148 Safari/604.1" "site.tandtrepair.com"
173.49.164.238 - - [17/Nov/2022:09:55:58 -0800] "GET /sitebuilder/images/indexnewnav1-3-inactive-11359.png HTTP/1.1" 404 88 "http://site.tandtrepair.com/" "Mozilla/5.0 (iPod touch; CPU iPhone OS 15_7_1 like Mac OS X) AppleWebKit/605.1.15 (KHTML, like Gecko) Version/15.6.3 Mobile/15E148 Safari/604.1" "site.tandtrepair.com"
173.49.164.238 - - [17/Nov/2022:09:55:58 -0800] "GET /sitebuilder/images/indexnewnav1-4-inactive-11421.png HTTP/1.1" 404 88 "http://site.tandtrepair.com/" "Mozilla/5.0 (iPod touch; CPU iPhone OS 15_7_1 like Mac OS X) AppleWebKit/605.1.15 (KHTML, like Gecko) Version/15.6.3 Mobile/15E148 Safari/604.1" "site.tandtrepair.com"
173.49.164.238 - - [17/Nov/2022:09:55:58 -0800] "GET /sitebuilder/images/indexnewnav1-5-inactive-11468.png HTTP/1.1" 404 88 "http://site.tandtrepair.com/" "Mozilla/5.0 (iPod touch; CPU iPhone OS 15_7_1 like Mac OS X) AppleWebKit/605.1.15 (KHTML, like Gecko) Version/15.6.3 Mobile/15E148 Safari/604.1" "site.tandtrepair.com"
173.49.164.238 - - [17/Nov/2022:09:55:58 -0800] "GET /sitebuilder/images/indexnewnav1-6-inactive-26671.png HTTP/1.1" 404 88 "http://site.tandtrepair.com/" "Mozilla/5.0 (iPod touch; CPU iPhone OS 15_7_1 like Mac OS X) AppleWebKit/605.1.15 (KHTML, like Gecko) Version/15.6.3 Mobile/15E148 Safari/604.1" "site.tandtrepair.com"
173.49.164.238 - - [17/Nov/2022:09:55:58 -0800] "GET /sitebuilder/images/indexnewnav1-7-inactive-26828.png HTTP/1.1" 404 88 "http://site.tandtrepair.com/" "Mozilla/5.0 (iPod touch; CPU iPhone OS 15_7_1 like Mac OS X) AppleWebKit/605.1.15 (KHTML, like Gecko) Version/15.6.3 Mobile/15E148 Safari/604.1" "site.tandtrepair.com"
173.49.164.238 - - [17/Nov/2022:09:55:58 -0800] "GET /sitebuilder/images/indexnewnav1-8-inactive-26968.png HTTP/1.1" 404 88 "http://site.tandtrepair.com/" "Mozilla/5.0 (iPod touch; CPU iPhone OS 15_7_1 like Mac OS X) AppleWebKit/605.1.15 (KHTML, like Gecko) Version/15.6.3 Mobile/15E148 Safari/604.1" "site.tandtrepair.com"
173.49.164.238 - - [17/Nov/2022:09:55:58 -0800] "GET /sitebuilder/images/indexnewnav1-9-inactive-27125.png HTTP/1.1" 404 88 "http://site.tandtrepair.com/" "Mozilla/5.0 (iPod touch; CPU iPhone OS 15_7_1 like Mac OS X) AppleWebKit/605.1.15 (KHTML, like Gecko) Version/15.6.3 Mobile/15E148 Safari/604.1" "site.tandtrepair.com"
173.49.164.238 - - [17/Nov/2022:09:55:58 -0800] "GET /sitebuilder/images/indexnewnav1-15-inactive-31390.png HTTP/1.1" 404 88 "http://site.tandtrepair.com/" "Mozilla/5.0 (iPod touch; CPU iPhone OS 15_7_1 like Mac OS X) AppleWebKit/605.1.15 (KHTML, like Gecko) Version/15.6.3 Mobile/15E148 Safari/604.1" "site.tandtrepair.com"
173.49.164.238 - - [17/Nov/2022:09:55:58 -0800] "GET /sitebuilder/images/indexnewnav1-10-inactive-27281.png HTTP/1.1" 404 88 "http://site.tandtrepair.com/" "Mozilla/5.0 (iPod touch; CPU iPhone OS 15_7_1 like Mac OS X) AppleWebKit/605.1.15 (KHTML, like Gecko) Version/15.6.3 Mobile/15E148 Safari/604.1" "site.tandtrepair.com"
173.49.164.238 - - [17/Nov/2022:09:55:58 -0800] "GET /sitebuilder/images/indexnewnav1-11-inactive-27468.png HTTP/1.1" 404 88 "http://site.tandtrepair.com/" "Mozilla/5.0 (iPod touch; CPU iPhone OS 15_7_1 like Mac OS X) AppleWebKit/605.1.15 (KHTML, like Gecko) Version/15.6.3 Mobile/15E148 Safari/604.1" "site.tandtrepair.com"
216.244.66.203 - - [17/Nov/2022:10:10:52 -0800] "GET /robots.txt HTTP/1.1" 404 73 "-" "Mozilla/5.0 (compatible; DotBot/1.2; +https://opensiteexplorer.org/dotbot; help@moz.com)" "site.tandtrepair.com"
40.77.167.79 - - [17/Nov/2022:10:56:23 -0800] "GET /SingerCords.html HTTP/1.1" 404 88 "-" "Mozilla/5.0 (compatible; bingbot/2.0; +http://www.bing.com/bingbot.htm)" "site.tandtrepair.com"
216.244.66.203 - - [17/Nov/2022:11:02:47 -0800] "GET /robots.txt HTTP/1.1" 404 73 "-" "Mozilla/5.0 (compatible; DotBot/1.2; +https://opensiteexplorer.org/dotbot; help@moz.com)" "site.tandtrepair.com"
54.236.1.13 - - [17/Nov/2022:11:07:19 -0800] "GET / HTTP/1.1" 200 10618 "-" "Mozilla/5.0 (compatible; Pinterestbot/1.0; +http://www.pinterest.com/bot.html)" "site.tandtrepair.com"
40.77.167.56 - - [17/Nov/2022:11:09:04 -0800] "GET /700Stuff/FreeStuff/Bobbin_Case_Remove_Replace.pdf HTTP/1.1" 404 88 "-" "Mozilla/5.0 (compatible; bingbot/2.0; +http://www.bing.com/bingbot.htm)" "site.tandtrepair.com"
162.55.86.61 - - [17/Nov/2022:11:15:16 -0800] "GET /robots.txt HTTP/1.1" 404 88 "-" "Mozilla/5.0 (compatible; BLEXBot/1.0; +http://webmeup-crawler.com/)" "site.tandtrepair.com"
162.55.86.61 - - [17/Nov/2022:11:15:17 -0800] "GET /sitemap HTTP/1.1" 404 88 "-" "Mozilla/5.0 (compatible; BLEXBot/1.0; +http://webmeup-crawler.com/)" "site.tandtrepair.com"
162.55.86.61 - - [17/Nov/2022:11:15:19 -0800] "GET /sitemap.txt HTTP/1.1" 404 88 "-" "Mozilla/5.0 (compatible; BLEXBot/1.0; +http://webmeup-crawler.com/)" "site.tandtrepair.com"
216.244.66.203 - - [17/Nov/2022:11:56:36 -0800] "GET /robots.txt HTTP/1.1" 404 73 "-" "Mozilla/5.0 (compatible; DotBot/1.2; +https://opensiteexplorer.org/dotbot; help@moz.com)" "site.tandtrepair.com"
185.191.171.9 - - [17/Nov/2022:12:18:50 -0800] "GET /@site.tandtrepair.com/?C=M&percnt;3BO&percnt;3DA& HTTP/1.1" 200 10618 "-" "Mozilla/5.0 (compatible; SemrushBot/7~bl; +http://www.semrush.com/bot.html)" "p9.secure.hostingprod.com"
185.243.218.110 - - [17/Nov/2022:12:27:10 -0800] "GET /freebies/BasicElectronics' HTTP/1.1" 404 73 "-" "curl/7.68.0" "site.tandtrepair.com"
93.158.161.41 - - [17/Nov/2022:12:31:39 -0800] "GET /robots.txt HTTP/1.1" 404 73 "-" "Mozilla/5.0 (compatible; YandexBot/3.0; +http://yandex.com/bots)" "site.tandtrepair.com"
77.88.5.231 - - [17/Nov/2022:12:31:43 -0800] "GET /CBsApia2005.html HTTP/1.1" 404 88 "-" "Mozilla/5.0 (compatible; YandexBot/3.0; +http://yandex.com/bots)" "site.tandtrepair.com"
54.36.149.7 - - [17/Nov/2022:12:53:18 -0800] "GET /robots.txt HTTP/1.1" 404 88 "-" "Mozilla/5.0 (compatible; AhrefsBot/7.0; +http://ahrefs.com/robot/)" "site.tandtrepair.com"
51.222.253.19 - - [17/Nov/2022:12:53:19 -0800] "GET /_private/?C=S;O=A HTTP/1.1" 200 314 "-" "Mozilla/5.0 (compatible; AhrefsBot/7.0; +http://ahrefs.com/robot/)" "site.tandtrepair.com"
174.212.172.125 - - [17/Nov/2022:12:58:20 -0800] "GET / HTTP/1.1" 200 10618 "-" "Mozilla/5.0 (iPhone; CPU iPhone OS 15_6_1 like Mac OS X) AppleWebKit/605.1.15 (KHTML, like Gecko) Version/15.6.1 Mobile/15E148 Safari/604.1" "site.tandtrepair.com"
174.212.172.125 - - [17/Nov/2022:12:58:20 -0800] "GET /sitebuilder/images/Greenish_Banner-200x1691.jpg HTTP/1.1" 404 88 "http://site.tandtrepair.com/" "Mozilla/5.0 (iPhone; CPU iPhone OS 15_6_1 like Mac OS X) AppleWebKit/605.1.15 (KHTML, like Gecko) Version/15.6.1 Mobile/15E148 Safari/604.1" "site.tandtrepair.com"
174.212.172.125 - - [17/Nov/2022:12:58:20 -0800] "GET /sitebuilder/images/Greenish_Banner-1069x163.jpg HTTP/1.1" 404 88 "http://site.tandtrepair.com/" "Mozilla/5.0 (iPhone; CPU iPhone OS 15_6_1 like Mac OS X) AppleWebKit/605.1.15 (KHTML, like Gecko) Version/15.6.1 Mobile/15E148 Safari/604.1" "site.tandtrepair.com"
174.212.172.125 - - [17/Nov/2022:12:58:20 -0800] "GET /sitebuilder/images/index.html-11.png HTTP/1.1" 404 88 "http://site.tandtrepair.com/" "Mozilla/5.0 (iPhone; CPU iPhone OS 15_6_1 like Mac OS X) AppleWebKit/605.1.15 (KHTML, like Gecko) Version/15.6.1 Mobile/15E148 Safari/604.1" "site.tandtrepair.com"
174.212.172.125 - - [17/Nov/2022:12:58:20 -0800] "GET /images/angbizon.gif HTTP/1.1" 404 88 "http://site.tandtrepair.com/" "Mozilla/5.0 (iPhone; CPU iPhone OS 15_6_1 like Mac OS X) AppleWebKit/605.1.15 (KHTML, like Gecko) Version/15.6.1 Mobile/15E148 Safari/604.1" "site.tandtrepair.com"
174.212.172.125 - - [17/Nov/2022:12:58:20 -0800] "GET /Logo/visalg.gif HTTP/1.1" 404 88 "http://site.tandtrepair.com/" "Mozilla/5.0 (iPhone; CPU iPhone OS 15_6_1 like Mac OS X) AppleWebKit/605.1.15 (KHTML, like Gecko) Version/15.6.1 Mobile/15E148 Safari/604.1" "site.tandtrepair.com"
174.212.172.125 - - [17/Nov/2022:12:58:20 -0800] "GET /Logo/discover_novus.gif HTTP/1.1" 404 88 "http://site.tandtrepair.com/" "Mozilla/5.0 (iPhone; CPU iPhone OS 15_6_1 like Mac OS X) AppleWebKit/605.1.15 (KHTML, like Gecko) Version/15.6.1 Mobile/15E148 Safari/604.1" "site.tandtrepair.com"
174.212.172.125 - - [17/Nov/2022:12:58:20 -0800] "GET /sitebuilder/images/mastercard-60x37.jpg HTTP/1.1" 404 88 "http://site.tandtrepair.com/" "Mozilla/5.0 (iPhone; CPU iPhone OS 15_6_1 like Mac OS X) AppleWebKit/605.1.15 (KHTML, like Gecko) Version/15.6.1 Mobile/15E148 Safari/604.1" "site.tandtrepair.com"
174.212.172.125 - - [17/Nov/2022:12:58:20 -0800] "GET /PagePicts/album_4july_usaflag.gif HTTP/1.1" 404 88 "http://site.tandtrepair.com/" "Mozilla/5.0 (iPhone; CPU iPhone OS 15_6_1 like Mac OS X) AppleWebKit/605.1.15 (KHTML, like Gecko) Version/15.6.1 Mobile/15E148 Safari/604.1" "site.tandtrepair.com"
174.212.172.125 - - [17/Nov/2022:12:58:21 -0800] "GET /sitebuilder/images/index.html-10.png HTTP/1.1" 404 88 "http://site.tandtrepair.com/" "Mozilla/5.0 (iPhone; CPU iPhone OS 15_6_1 like Mac OS X) AppleWebKit/605.1.15 (KHTML, like Gecko) Version/15.6.1 Mobile/15E148 Safari/604.1" "site.tandtrepair.com"
174.212.172.125 - - [17/Nov/2022:12:58:21 -0800] "GET /sitebuilder/images/amsamflag-95x59.jpg HTTP/1.1" 404 88 "http://site.tandtrepair.com/" "Mozilla/5.0 (iPhone; CPU iPhone OS 15_6_1 like Mac OS X) AppleWebKit/605.1.15 (KHTML, like Gecko) Version/15.6.1 Mobile/15E148 Safari/604.1" "site.tandtrepair.com"
174.212.172.125 - - [17/Nov/2022:12:58:21 -0800] "GET /sitebuilder/images/2020_16_10pk-90x130.jpg HTTP/1.1" 404 88 "http://site.tandtrepair.com/" "Mozilla/5.0 (iPhone; CPU iPhone OS 15_6_1 like Mac OS X) AppleWebKit/605.1.15 (KHTML, like Gecko) Version/15.6.1 Mobile/15E148 Safari/604.1" "site.tandtrepair.com"
174.212.172.125 - - [17/Nov/2022:12:58:21 -0800] "GET /sitebuilder/images/Jean_A_Ma_Jig_Pict-100x123.jpg HTTP/1.1" 404 88 "http://site.tandtrepair.com/" "Mozilla/5.0 (iPhone; CPU iPhone OS 15_6_1 like Mac OS X) AppleWebKit/605.1.15 (KHTML, like Gecko) Version/15.6.1 Mobile/15E148 Safari/604.1" "site.tandtrepair.com"
174.212.172.125 - - [17/Nov/2022:12:58:21 -0800] "GET /sitebuilder/images/index.html-8.png HTTP/1.1" 404 88 "http://site.tandtrepair.com/" "Mozilla/5.0 (iPhone; CPU iPhone OS 15_6_1 like Mac OS X) AppleWebKit/605.1.15 (KHTML, like Gecko) Version/15.6.1 Mobile/15E148 Safari/604.1" "site.tandtrepair.com"
174.212.172.125 - - [17/Nov/2022:12:58:21 -0800] "GET /sitebuilder/images/index.html-9.png HTTP/1.1" 404 88 "http://site.tandtrepair.com/" "Mozilla/5.0 (iPhone; CPU iPhone OS 15_6_1 like Mac OS X) AppleWebKit/605.1.15 (KHTML, like Gecko) Version/15.6.1 Mobile/15E148 Safari/604.1" "site.tandtrepair.com"
174.212.172.125 - - [17/Nov/2022:12:58:21 -0800] "GET /sitebuilder/images/Shriner1_logo-242x93.jpg HTTP/1.1" 404 88 "http://site.tandtrepair.com/" "Mozilla/5.0 (iPhone; CPU iPhone OS 15_6_1 like Mac OS X) AppleWebKit/605.1.15 (KHTML, like Gecko) Version/15.6.1 Mobile/15E148 Safari/604.1" "site.tandtrepair.com"
174.212.172.125 - - [17/Nov/2022:12:58:21 -0800] "GET /images/HobbyBlueEMailImg.gif HTTP/1.1" 404 88 "http://site.tandtrepair.com/" "Mozilla/5.0 (iPhone; CPU iPhone OS 15_6_1 like Mac OS X) AppleWebKit/605.1.15 (KHTML, like Gecko) Version/15.6.1 Mobile/15E148 Safari/604.1" "site.tandtrepair.com"
93.158.161.40 - - [17/Nov/2022:13:31:25 -0800] "GET /Motor_Belts.html HTTP/1.1" 404 88 "-" "Mozilla/5.0 (compatible; YandexBot/3.0; +http://yandex.com/bots)" "site.tandtrepair.com"
71.232.107.15 - - [17/Nov/2022:13:35:49 -0800] "GET /SlantOMatics.html HTTP/1.1" 404 88 "-" "Mozilla/5.0 (Macintosh; Intel Mac OS X 10_15_7) AppleWebKit/605.1.15 (KHTML, like Gecko) Version/16.0 Mobile/15E148 Safari/604.1" "site.tandtrepair.com"
71.232.107.15 - - [17/Nov/2022:13:35:49 -0800] "GET /apple-touch-icon-152x152-precomposed.png HTTP/1.1" 404 88 "-" "MobileSafari/8614.1.25.0.31 CFNetwork/1390 Darwin/22.0.0" "site.tandtrepair.com"
71.232.107.15 - - [17/Nov/2022:13:35:49 -0800] "GET /apple-touch-icon-152x152.png HTTP/1.1" 404 88 "-" "MobileSafari/8614.1.25.0.31 CFNetwork/1390 Darwin/22.0.0" "site.tandtrepair.com"
71.232.107.15 - - [17/Nov/2022:13:35:49 -0800] "GET /apple-touch-icon-precomposed.png HTTP/1.1" 404 88 "-" "MobileSafari/8614.1.25.0.31 CFNetwork/1390 Darwin/22.0.0" "site.tandtrepair.com"
71.232.107.15 - - [17/Nov/2022:13:35:49 -0800] "GET /apple-touch-icon.png HTTP/1.1" 404 88 "-" "MobileSafari/8614.1.25.0.31 CFNetwork/1390 Darwin/22.0.0" "site.tandtrepair.com"
71.232.107.15 - - [17/Nov/2022:13:35:49 -0800] "GET /favicon.ico HTTP/1.1" 404 88 "-" "MobileSafari/8614.1.25.0.31 CFNetwork/1390 Darwin/22.0.0" "site.tandtrepair.com"
71.232.107.15 - - [17/Nov/2022:13:35:49 -0800] "GET /apple-touch-icon-152x152-precomposed.png HTTP/1.1" 404 88 "-" "MobileSafari/8614.1.25.0.31 CFNetwork/1390 Darwin/22.0.0" "site.tandtrepair.com"
71.232.107.15 - - [17/Nov/2022:13:35:50 -0800] "GET /apple-touch-icon-152x152.png HTTP/1.1" 404 88 "-" "MobileSafari/8614.1.25.0.31 CFNetwork/1390 Darwin/22.0.0" "site.tandtrepair.com"
71.232.107.15 - - [17/Nov/2022:13:35:50 -0800] "GET /apple-touch-icon-precomposed.png HTTP/1.1" 404 88 "-" "MobileSafari/8614.1.25.0.31 CFNetwork/1390 Darwin/22.0.0" "site.tandtrepair.com"
71.232.107.15 - - [17/Nov/2022:13:35:50 -0800] "GET /apple-touch-icon.png HTTP/1.1" 404 88 "-" "MobileSafari/8614.1.25.0.31 CFNetwork/1390 Darwin/22.0.0" "site.tandtrepair.com"
71.232.107.15 - - [17/Nov/2022:13:35:50 -0800] "GET /favicon.ico HTTP/1.1" 404 88 "-" "MobileSafari/8614.1.25.0.31 CFNetwork/1390 Darwin/22.0.0" "site.tandtrepair.com"
114.119.128.46 - - [17/Nov/2022:13:55:57 -0800] "GET /robots.txt HTTP/1.1" 404 88 "-" "Mozilla/5.0 (compatible;PetalBot;+https://webmaster.petalsearch.com/site/petalbot)" "site.tandtrepair.com"
51.222.253.17 - - [17/Nov/2022:14:07:31 -0800] "GET /_private/?C=M;O=A HTTP/1.1" 200 314 "-" "Mozilla/5.0 (compatible; AhrefsBot/7.0; +http://ahrefs.com/robot/)" "site.tandtrepair.com"
66.249.66.151 - - [17/Nov/2022:14:13:35 -0800] "GET /robots.txt HTTP/1.1" 404 88 "-" "Mozilla/5.0 (compatible; Googlebot/2.1; +http://www.google.com/bot.html)" "site.tandtrepair.com"
51.222.253.7 - - [17/Nov/2022:14:31:05 -0800] "GET /_private/?C=D;O=A HTTP/1.1" 200 314 "-" "Mozilla/5.0 (compatible; AhrefsBot/7.0; +http://ahrefs.com/robot/)" "site.tandtrepair.com"
216.244.66.203 - - [17/Nov/2022:14:38:17 -0800] "GET /robots.txt HTTP/1.1" 404 73 "-" "Mozilla/5.0 (compatible; DotBot/1.2; +https://opensiteexplorer.org/dotbot; help@moz.com)" "site.tandtrepair.com"
66.249.66.157 - - [17/Nov/2022:14:52:02 -0800] "GET /robots.txt HTTP/1.1" 404 88 "-" "Mozilla/5.0 (compatible; Googlebot/2.1; +http://www.google.com/bot.html)" "site.tandtrepair.com"
114.119.144.143 - - [17/Nov/2022:15:06:37 -0800] "GET /files?C=D%3BO%3DA HTTP/1.1" 301 1422 "http://site.tandtrepair.com/files?C=S%3BO%3DA" "Mozilla/5.0 (Linux; Android 7.0;) AppleWebKit/537.36 (KHTML, like Gecko) Mobile Safari/537.36 (compatible; PetalBot;+https://webmaster.petalsearch.com/site/petalbot)" "site.tandtrepair.com"
114.119.144.143 - - [17/Nov/2022:15:06:37 -0800] "GET /files/?C=D%3BO%3DA HTTP/1.1" 200 438 "http://site.tandtrepair.com/files?C=S%3BO%3DA" "Mozilla/5.0 (Linux; Android 7.0;) AppleWebKit/537.36 (KHTML, like Gecko) Mobile Safari/537.36 (compatible; PetalBot;+https://webmaster.petalsearch.com/site/petalbot)" "site.tandtrepair.com"
216.244.66.203 - - [17/Nov/2022:15:33:33 -0800] "GET /robots.txt HTTP/1.1" 404 73 "-" "Mozilla/5.0 (compatible; DotBot/1.2; +https://opensiteexplorer.org/dotbot; help@moz.com)" "site.tandtrepair.com"
68.169.42.156 - - [17/Nov/2022:15:42:47 -0800] "GET /General_Query_Page.html HTTP/1.1" 404 88 "-" "Mozilla/5.0 (X11; Fedora; Linux x86_64; rv:102.0) Gecko/20100101 Firefox/102.0" "site.tandtrepair.com"
216.244.66.203 - - [17/Nov/2022:17:57:55 -0800] "GET /robots.txt HTTP/1.1" 404 73 "-" "Mozilla/5.0 (compatible; DotBot/1.2; +https://opensiteexplorer.org/dotbot; help@moz.com)" "site.tandtrepair.com"
184.57.192.166 - - [17/Nov/2022:17:58:41 -0800] "GET /Repair_Shops_In_Your_Area.html HTTP/1.1" 404 88 "-" "Mozilla/5.0 (Windows NT 10.0; Win64; x64; rv:106.0) Gecko/20100101 Firefox/106.0" "site.tandtrepair.com"
184.57.192.166 - - [17/Nov/2022:17:58:42 -0800] "GET /favicon.ico HTTP/1.1" 404 88 "http://site.tandtrepair.com/Repair_Shops_In_Your_Area.html" "Mozilla/5.0 (Windows NT 10.0; Win64; x64; rv:106.0) Gecko/20100101 Firefox/106.0" "site.tandtrepair.com"
46.17.203.168 - - [17/Nov/2022:18:11:57 -0800] "GET /robots.txt HTTP/1.1" 404 88 "-" "Mozilla/5.0 (compatible; Konturbot/1.1; +http://kontur.ru; cargo@kontur.ru)" "site.tandtrepair.com"
46.17.203.168 - - [17/Nov/2022:18:11:57 -0800] "GET / HTTP/1.1" 200 10618 "-" "Mozilla/5.0 (compatible; Konturbot/1.1; +http://kontur.ru; cargo@kontur.ru)" "site.tandtrepair.com"
51.222.253.3 - - [17/Nov/2022:19:27:27 -0800] "GET /public/images/?C=S;O=D HTTP/1.1" 200 502 "-" "Mozilla/5.0 (compatible; AhrefsBot/7.0; +http://ahrefs.com/robot/)" "site.tandtrepair.com"
172.174.79.195 - - [17/Nov/2022:20:38:24 -0800] "POST / HTTP/1.1" 200 10618 "-" "Mozilla/5.0 (X11; Linux x86_64) AppleWebKit/537.36 (KHTML, like Gecko) Chrome/81.0.4044.129 Safari/537.36" "site.tandtrepair.com"
216.244.66.203 - - [17/Nov/2022:20:39:22 -0800] "GET /robots.txt HTTP/1.1" 404 73 "-" "Mozilla/5.0 (compatible; DotBot/1.2; +https://opensiteexplorer.org/dotbot; help@moz.com)" "site.tandtrepair.com"
40.88.21.235 - - [17/Nov/2022:20:52:26 -0800] "GET / HTTP/1.1" 200 10618 "http://site.tandtrepair.com/" "Mozilla/5.0 (compatible; DuckDuckGo-Favicons-Bot/1.0; +http://duckduckgo.com)" "site.tandtrepair.com"
40.88.21.235 - - [17/Nov/2022:20:52:26 -0800] "GET /favicon.ico HTTP/1.1" 404 88 "http://site.tandtrepair.com/favicon.ico" "Mozilla/5.0 (compatible; DuckDuckGo-Favicons-Bot/1.0; +http://duckduckgo.com)" "site.tandtrepair.com"
77.88.5.50 - - [17/Nov/2022:20:55:05 -0800] "GET /robots.txt HTTP/1.1" 404 73 "-" "Mozilla/5.0 (compatible; YandexBot/3.0; +http://yandex.com/bots)" "site.tandtrepair.com"
77.88.5.231 - - [17/Nov/2022:20:55:09 -0800] "GET /700Stuff/FreeStuff/700TG.pdf HTTP/1.1" 404 88 "-" "Mozilla/5.0 (compatible; YandexBot/3.0; +http://yandex.com/bots)" "site.tandtrepair.com"
77.88.5.39 - - [17/Nov/2022:21:00:14 -0800] "GET /6233.html HTTP/1.1" 404 88 "-" "Mozilla/5.0 (compatible; YandexBot/3.0; +http://yandex.com/bots)" "site.tandtrepair.com"
157.55.39.152 - - [17/Nov/2022:21:03:34 -0800] "GET /SingerNeedlePlates.html HTTP/1.1" 404 88 "-" "Mozilla/5.0 AppleWebKit/537.36 (KHTML, like Gecko; compatible; bingbot/2.0; +http://www.bing.com/bingbot.htm) Chrome/103.0.5060.134 Safari/537.36" "site.tandtrepair.com"
51.222.253.1 - - [17/Nov/2022:21:17:00 -0800] "GET /index.html HTTP/1.1" 200 10618 "-" "Mozilla/5.0 (compatible; AhrefsBot/7.0; +http://ahrefs.com/robot/)" "site.tandtrepair.com"
216.244.66.203 - - [17/Nov/2022:23:15:27 -0800] "GET /robots.txt HTTP/1.1" 404 73 "-" "Mozilla/5.0 (compatible; DotBot/1.2; +https://opensiteexplorer.org/dotbot; help@moz.com)" "site.tandtrepair.com"
172.174.79.195 - - [17/Nov/2022:23:52:09 -0800] "POST / HTTP/1.1" 200 10618 "-" "Mozilla/5.0 (X11; Linux x86_64) AppleWebKit/537.36 (KHTML, like Gecko) Chrome/81.0.4044.129 Safari/537.36" "site.tandtrepair.com"
157.55.39.152 - - [17/Nov/2022:23:54:00 -0800] "GET /Repair_Shops_Michigan.html HTTP/1.1" 404 88 "-" "Mozilla/5.0 (compatible; bingbot/2.0; +http://www.bing.com/bingbot.htm)" "site.tandtrepair.com"
216.244.66.203 - - [18/Nov/2022:00:05:46 -0800] "GET /robots.txt HTTP/1.1" 404 73 "-" "Mozilla/5.0 (compatible; DotBot/1.2; +https://opensiteexplorer.org/dotbot; help@moz.com)" "site.tandtrepair.com"
93.158.161.41 - - [18/Nov/2022:00:21:46 -0800] "GET /robots.txt HTTP/1.1" 404 73 "-" "Mozilla/5.0 (compatible; YandexBot/3.0; +http://yandex.com/bots)" "site.tandtrepair.com"
77.88.5.231 - - [18/Nov/2022:00:21:49 -0800] "GET /Repair_Shops_Minnesota.html HTTP/1.1" 404 88 "-" "Mozilla/5.0 (compatible; YandexBot/3.0; +http://yandex.com/bots)" "site.tandtrepair.com"
216.244.66.203 - - [18/Nov/2022:00:55:50 -0800] "GET /robots.txt HTTP/1.1" 404 73 "-" "Mozilla/5.0 (compatible; DotBot/1.2; +https://opensiteexplorer.org/dotbot; help@moz.com)" "site.tandtrepair.com"
157.55.39.152 - - [18/Nov/2022:02:05:33 -0800] "GET /General_Tips/ HTTP/1.1" 200 524 "-" "Mozilla/5.0 (compatible; bingbot/2.0; +http://www.bing.com/bingbot.htm)" "site.tandtrepair.com"
114.119.144.127 - - [18/Nov/2022:02:07:42 -0800] "GET /public/_private/?C=N%3BO%3DD HTTP/1.1" 200 321 "http://site.tandtrepair.com/public/_private/?C=S%3BO%3DA" "Mozilla/5.0 (Linux; Android 7.0;) AppleWebKit/537.36 (KHTML, like Gecko) Mobile Safari/537.36 (compatible; PetalBot;+https://webmaster.petalsearch.com/site/petalbot)" "site.tandtrepair.com"
114.119.144.132 - - [18/Nov/2022:02:26:08 -0800] "GET /ssl/?C=N%3BO%3DA HTTP/1.1" 302 1433 "http://site.tandtrepair.com/ssl/?C=D%3BO%3DD" "Mozilla/5.0 (Linux; Android 7.0;) AppleWebKit/537.36 (KHTML, like Gecko) Mobile Safari/537.36 (compatible; PetalBot;+https://webmaster.petalsearch.com/site/petalbot)" "site.tandtrepair.com"
69.160.160.61 - - [18/Nov/2022:03:18:00 -0800] "GET /General_Query_Page.html HTTP/1.1" 404 88 "-" "Mozilla/5.0 (Windows NT 10.0; Win64; x64) AppleWebKit/537.36 (KHTML, like Gecko) Chrome/79.0.3945.130 Safari/537.36" "site.tandtrepair.com"
114.119.136.144 - - [18/Nov/2022:03:26:40 -0800] "GET /robots.txt HTTP/1.1" 404 88 "-" "Mozilla/5.0 (compatible;PetalBot;+https://webmaster.petalsearch.com/site/petalbot)" "site.tandtrepair.com"
67.44.192.87 - - [18/Nov/2022:03:37:47 -0800] "GET /Repair_Shops_In_Your_Area.html HTTP/1.1" 404 88 "-" "Mozilla/5.0 (Windows NT 6.1; Win64; x64; rv:106.0) Gecko/20100101 Firefox/106.0" "site.tandtrepair.com"
51.222.253.1 - - [18/Nov/2022:03:50:09 -0800] "GET /robots.txt HTTP/1.1" 404 88 "-" "Mozilla/5.0 (compatible; AhrefsBot/7.0; +http://ahrefs.com/robot/)" "site.tandtrepair.com"
51.222.253.7 - - [18/Nov/2022:03:50:09 -0800] "GET /public/_private/?C=N;O=D HTTP/1.1" 200 320 "-" "Mozilla/5.0 (compatible; AhrefsBot/7.0; +http://ahrefs.com/robot/)" "site.tandtrepair.com"
216.244.66.203 - - [18/Nov/2022:04:16:28 -0800] "GET /robots.txt HTTP/1.1" 404 73 "-" "Mozilla/5.0 (compatible; DotBot/1.2; +https://opensiteexplorer.org/dotbot; help@moz.com)" "site.tandtrepair.com"
123.183.224.19 - - [18/Nov/2022:05:30:45 -0800] "GET / HTTP/1.1" 200 10618 "-" "Sogou web spider/4.0(+http://www.sogou.com/docs/help/webmasters.htm#07)" "site.tandtrepair.com"
93.158.161.47 - - [18/Nov/2022:06:14:32 -0800] "GET /robots.txt HTTP/1.1" 404 73 "-" "Mozilla/5.0 (compatible; YandexBot/3.0; +http://yandex.com/bots)" "site.tandtrepair.com"
77.88.5.27 - - [18/Nov/2022:06:14:34 -0800] "GET /Singer221/221manual.pdf HTTP/1.1" 404 88 "-" "Mozilla/5.0 (compatible; YandexBot/3.0; +http://yandex.com/bots)" "site.tandtrepair.com"
108.20.177.81 - - [18/Nov/2022:06:15:30 -0800] "GET / HTTP/1.1" 200 10618 "-" "Mozilla/5.0 (iPhone; CPU iPhone OS 15_6_1 like Mac OS X) AppleWebKit/605.1.15 (KHTML, like Gecko) Version/15.6.1 Mobile/15E148 Safari/604.1" "site.tandtrepair.com"
108.20.177.81 - - [18/Nov/2022:06:15:30 -0800] "GET /sitebuilder/images/Greenish_Banner-1069x163.jpg HTTP/1.1" 404 88 "http://site.tandtrepair.com/" "Mozilla/5.0 (iPhone; CPU iPhone OS 15_6_1 like Mac OS X) AppleWebKit/605.1.15 (KHTML, like Gecko) Version/15.6.1 Mobile/15E148 Safari/604.1" "site.tandtrepair.com"
108.20.177.81 - - [18/Nov/2022:06:15:30 -0800] "GET /sitebuilder/images/Greenish_Banner-200x1691.jpg HTTP/1.1" 404 88 "http://site.tandtrepair.com/" "Mozilla/5.0 (iPhone; CPU iPhone OS 15_6_1 like Mac OS X) AppleWebKit/605.1.15 (KHTML, like Gecko) Version/15.6.1 Mobile/15E148 Safari/604.1" "site.tandtrepair.com"
207.46.13.153 - - [18/Nov/2022:06:28:58 -0800] "GET /Brother_Machines.html HTTP/1.1" 404 88 "-" "Mozilla/5.0 AppleWebKit/537.36 (KHTML, like Gecko; compatible; bingbot/2.0; +http://www.bing.com/bingbot.htm) Chrome/103.0.5060.134 Safari/537.36" "site.tandtrepair.com"
207.46.13.153 - - [18/Nov/2022:06:44:29 -0800] "GET /Repair_Shops_Guam.html HTTP/1.1" 404 88 "-" "Mozilla/5.0 AppleWebKit/537.36 (KHTML, like Gecko; compatible; bingbot/2.0; +http://www.bing.com/bingbot.htm) Chrome/103.0.5060.134 Safari/537.36" "site.tandtrepair.com"
17.121.114.44 - - [18/Nov/2022:07:42:31 -0800] "GET /robots.txt HTTP/1.1" 404 88 "-" "Mozilla/5.0 (Macintosh; Intel Mac OS X 10_15_5) AppleWebKit/605.1.15 (KHTML, like Gecko) Version/13.1.1 Safari/605.1.15 (Applebot/0.1; +http://www.apple.com/go/applebot)" "site.tandtrepair.com"
17.121.114.44 - - [18/Nov/2022:07:42:31 -0800] "GET /CrankyBoyzGolfGroup.html HTTP/1.1" 404 88 "-" "Mozilla/5.0 (Macintosh; Intel Mac OS X 10_15_5) AppleWebKit/605.1.15 (KHTML, like Gecko) Version/13.1.1 Safari/605.1.15 (Applebot/0.1; +http://www.apple.com/go/applebot)" "site.tandtrepair.com"
93.158.161.47 - - [18/Nov/2022:07:57:19 -0800] "GET /robots.txt HTTP/1.1" 404 73 "-" "Mozilla/5.0 (compatible; YandexBot/3.0; +http://yandex.com/bots)" "site.tandtrepair.com"
93.158.161.47 - - [18/Nov/2022:07:57:23 -0800] "GET /Athena2000M/FreeStuff/SlidePlatePin.pdf HTTP/1.1" 404 88 "-" "Mozilla/5.0 (compatible; YandexBot/3.0; +http://yandex.com/bots)" "site.tandtrepair.com"
157.55.39.131 - - [18/Nov/2022:08:25:28 -0800] "GET /robots.txt HTTP/1.1" 404 88 "-" "Mozilla/5.0 (compatible; bingbot/2.0; +http://www.bing.com/bingbot.htm)" "site.tandtrepair.com"
157.55.39.131 - - [18/Nov/2022:08:25:28 -0800] "GET /robots.txt HTTP/1.1" 404 88 "-" "Mozilla/5.0 (compatible; bingbot/2.0; +http://www.bing.com/bingbot.htm)" "site.tandtrepair.com"
157.55.39.152 - - [18/Nov/2022:08:25:31 -0800] "GET /General_Tips/Looping_Underneath_041312.pdf HTTP/1.1" 200 77288 "-" "Mozilla/5.0 (compatible; bingbot/2.0; +http://www.bing.com/bingbot.htm)" "site.tandtrepair.com"
207.46.13.153 - - [18/Nov/2022:08:28:39 -0800] "GET /freebies/Sandpaper-Trick.pdf HTTP/1.1" 304 - "-" "Mozilla/5.0 AppleWebKit/537.36 (KHTML, like Gecko; compatible; bingbot/2.0; +http://www.bing.com/bingbot.htm) Chrome/103.0.5060.134 Safari/537.36" "site.tandtrepair.com"
93.158.161.70 - - [18/Nov/2022:09:03:54 -0800] "GET /robots.txt HTTP/1.1" 404 73 "-" "Mozilla/5.0 (compatible; YandexBot/3.0; +http://yandex.com/bots)" "site.tandtrepair.com"
93.158.161.70 - - [18/Nov/2022:09:03:58 -0800] "GET /700Manual.html HTTP/1.1" 404 88 "-" "Mozilla/5.0 (compatible; YandexBot/3.0; +http://yandex.com/bots)" "site.tandtrepair.com"
51.222.253.17 - - [18/Nov/2022:09:06:50 -0800] "GET /herrera/?C=D;O=A HTTP/1.1" 200 365 "-" "Mozilla/5.0 (compatible; AhrefsBot/7.0; +http://ahrefs.com/robot/)" "site.tandtrepair.com"
162.55.86.61 - - [18/Nov/2022:09:52:01 -0800] "GET /robots.txt HTTP/1.1" 404 88 "-" "Mozilla/5.0 (compatible; BLEXBot/1.0; +http://webmeup-crawler.com/)" "site.tandtrepair.com"
162.55.86.61 - - [18/Nov/2022:09:52:01 -0800] "GET /sitemap HTTP/1.1" 404 88 "-" "Mozilla/5.0 (compatible; BLEXBot/1.0; +http://webmeup-crawler.com/)" "site.tandtrepair.com"
162.55.86.61 - - [18/Nov/2022:09:52:14 -0800] "GET /sitemap.txt HTTP/1.1" 404 88 "-" "Mozilla/5.0 (compatible; BLEXBot/1.0; +http://webmeup-crawler.com/)" "site.tandtrepair.com"
51.222.253.15 - - [18/Nov/2022:10:13:30 -0800] "GET /herrera/?C=M;O=A HTTP/1.1" 200 365 "-" "Mozilla/5.0 (compatible; AhrefsBot/7.0; +http://ahrefs.com/robot/)" "site.tandtrepair.com"
51.222.253.18 - - [18/Nov/2022:10:24:10 -0800] "GET /herrera/?C=S;O=A HTTP/1.1" 200 365 "-" "Mozilla/5.0 (compatible; AhrefsBot/7.0; +http://ahrefs.com/robot/)" "site.tandtrepair.com"
51.222.253.12 - - [18/Nov/2022:10:42:38 -0800] "GET /public/?C=M;O=D HTTP/1.1" 200 519 "-" "Mozilla/5.0 (compatible; AhrefsBot/7.0; +http://ahrefs.com/robot/)" "site.tandtrepair.com"
114.119.132.23 - - [18/Nov/2022:10:59:03 -0800] "GET /?C=N%3BO%3DD HTTP/1.1" 200 10618 "http://site.tandtrepair.com?C=D%3BO%3DA" "Mozilla/5.0 (Linux; Android 7.0;) AppleWebKit/537.36 (KHTML, like Gecko) Mobile Safari/537.36 (compatible; PetalBot;+https://webmaster.petalsearch.com/site/petalbot)" "site.tandtrepair.com"
77.88.5.220 - - [18/Nov/2022:11:14:15 -0800] "GET /robots.txt HTTP/1.1" 404 73 "-" "Mozilla/5.0 (compatible; YandexBot/3.0; +http://yandex.com/bots)" "site.tandtrepair.com"
93.158.161.49 - - [18/Nov/2022:11:14:19 -0800] "GET /Repair_Shops_Iowa.html HTTP/1.1" 404 88 "-" "Mozilla/5.0 (compatible; YandexBot/3.0; +http://yandex.com/bots)" "site.tandtrepair.com"
114.119.147.240 - - [18/Nov/2022:12:33:57 -0800] "GET /@site.tandtrepair.com/public/_private/?C=M&percnt;3BO&percnt;3DD& HTTP/1.1" 200 337 "https://p9.secure.hostingprod.com/%40site.tandtrepair.com/public/_private/?C=M%3BO%3DA" "Mozilla/5.0 (Linux; Android 7.0;) AppleWebKit/537.36 (KHTML, like Gecko) Mobile Safari/537.36 (compatible; PetalBot;+https://webmaster.petalsearch.com/site/petalbot)" "p9.secure.hostingprod.com"
31.148.130.63 - - [18/Nov/2022:12:42:46 -0800] "GET /600Stuff/FreeStuff/Chain_Stitching_600_Series.pdf HTTP/1.1" 404 88 "-" "Mozilla/5.0 (Windows NT 10.0; WOW64) AppleWebKit/537.36 (KHTML, like Gecko) Chrome/106.0.0.0 Safari/537.36" "site.tandtrepair.com"
121.45.83.178 - - [18/Nov/2022:13:04:10 -0800] "GET /sitebuilder/images/SlantOMatics.html-0.png HTTP/1.1" 404 88 "-" "Safari/14611.3.10.1.7 CFNetwork/978.6 Darwin/18.7.0 (x86_64)" "site.tandtrepair.com"
51.222.253.13 - - [18/Nov/2022:13:14:38 -0800] "GET /public/?C=S;O=D HTTP/1.1" 200 519 "-" "Mozilla/5.0 (compatible; AhrefsBot/7.0; +http://ahrefs.com/robot/)" "site.tandtrepair.com"
66.249.66.151 - - [18/Nov/2022:14:09:15 -0800] "GET /robots.txt HTTP/1.1" 404 88 "-" "Mozilla/5.0 (compatible; Googlebot/2.1; +http://www.google.com/bot.html)" "site.tandtrepair.com"
17.121.112.196 - - [18/Nov/2022:14:18:09 -0800] "GET /freebies/Loading_Position_Bracket_Into_Holder.pdf HTTP/1.1" 200 212988 "-" "Mozilla/5.0 (Macintosh; Intel Mac OS X 10_15_5) AppleWebKit/605.1.15 (KHTML, like Gecko) Version/13.1.1 Safari/605.1.15 (Applebot/0.1; +http://www.apple.com/go/applebot)" "site.tandtrepair.com"
137.147.173.194 - - [18/Nov/2022:14:31:17 -0800] "GET /Repair_Shops_In_Your_Area.html HTTP/1.1" 404 88 "-" "Mozilla/5.0 (Windows NT 10.0; Win64; x64; rv:107.0) Gecko/20100101 Firefox/107.0" "site.tandtrepair.com"
137.147.173.194 - - [18/Nov/2022:14:31:19 -0800] "GET /favicon.ico HTTP/1.1" 404 88 "http://site.tandtrepair.com/Repair_Shops_In_Your_Area.html" "Mozilla/5.0 (Windows NT 10.0; Win64; x64; rv:107.0) Gecko/20100101 Firefox/107.0" "site.tandtrepair.com"
66.249.66.158 - - [18/Nov/2022:14:40:29 -0800] "GET /robots.txt HTTP/1.1" 404 88 "-" "Mozilla/5.0 (compatible; Googlebot/2.1; +http://www.google.com/bot.html)" "site.tandtrepair.com"
216.244.66.203 - - [18/Nov/2022:14:48:01 -0800] "GET /robots.txt HTTP/1.1" 404 73 "-" "Mozilla/5.0 (compatible; DotBot/1.2; +https://opensiteexplorer.org/dotbot; help@moz.com)" "site.tandtrepair.com"
17.121.114.244 - - [18/Nov/2022:15:16:29 -0800] "GET /600Stuff/FreeStuff/600gears.pdf HTTP/1.1" 404 88 "-" "Mozilla/5.0 (Macintosh; Intel Mac OS X 10_15_5) AppleWebKit/605.1.15 (KHTML, like Gecko) Version/13.1.1 Safari/605.1.15 (Applebot/0.1; +http://www.apple.com/go/applebot)" "site.tandtrepair.com"
93.158.161.47 - - [18/Nov/2022:15:18:03 -0800] "GET /robots.txt HTTP/1.1" 404 73 "-" "Mozilla/5.0 (compatible; YandexBot/3.0; +http://yandex.com/bots)" "site.tandtrepair.com"
93.158.161.47 - - [18/Nov/2022:15:18:07 -0800] "GET /Athena2000M/FreeStuff/RemoveBC2000.pdf HTTP/1.1" 404 88 "-" "Mozilla/5.0 (compatible; YandexBot/3.0; +http://yandex.com/bots)" "site.tandtrepair.com"
17.121.112.83 - - [18/Nov/2022:15:21:10 -0800] "GET /600Stuff/611G_OwnerManual/OwnersManual_611G.pdf HTTP/1.1" 404 88 "-" "Mozilla/5.0 (Macintosh; Intel Mac OS X 10_15_5) AppleWebKit/605.1.15 (KHTML, like Gecko) Version/13.1.1 Safari/605.1.15 (Applebot/0.1; +http://www.apple.com/go/applebot)" "site.tandtrepair.com"
114.119.135.133 - - [18/Nov/2022:15:34:43 -0800] "GET /robots.txt HTTP/1.1" 404 88 "-" "Mozilla/5.0 (compatible;PetalBot;+https://webmaster.petalsearch.com/site/petalbot)" "site.tandtrepair.com"
216.244.66.203 - - [18/Nov/2022:15:58:40 -0800] "GET /robots.txt HTTP/1.1" 404 73 "-" "Mozilla/5.0 (compatible; DotBot/1.2; +https://opensiteexplorer.org/dotbot; help@moz.com)" "site.tandtrepair.com"
123.183.224.19 - - [18/Nov/2022:16:30:17 -0800] "GET / HTTP/1.1" 200 10618 "-" "Sogou web spider/4.0(+http://www.sogou.com/docs/help/webmasters.htm#07)" "site.tandtrepair.com"
216.244.66.203 - - [18/Nov/2022:16:50:42 -0800] "GET /robots.txt HTTP/1.1" 404 73 "-" "Mozilla/5.0 (compatible; DotBot/1.2; +https://opensiteexplorer.org/dotbot; help@moz.com)" "site.tandtrepair.com"
216.244.66.203 - - [18/Nov/2022:17:40:55 -0800] "GET /robots.txt HTTP/1.1" 404 73 "-" "Mozilla/5.0 (compatible; DotBot/1.2; +https://opensiteexplorer.org/dotbot; help@moz.com)" "site.tandtrepair.com"
40.77.167.56 - - [18/Nov/2022:18:00:51 -0800] "GET /Repair_Shops_Delaware.html HTTP/1.1" 404 88 "-" "Mozilla/5.0 (compatible; bingbot/2.0; +http://www.bing.com/bingbot.htm)" "site.tandtrepair.com"
207.46.13.153 - - [18/Nov/2022:18:55:40 -0800] "GET /Repair_Shops_New_Hampshire.html HTTP/1.1" 404 88 "-" "Mozilla/5.0 AppleWebKit/537.36 (KHTML, like Gecko; compatible; bingbot/2.0; +http://www.bing.com/bingbot.htm) Chrome/103.0.5060.134 Safari/537.36" "site.tandtrepair.com"
207.46.13.194 - - [18/Nov/2022:19:06:48 -0800] "GET /Schematics/1425.pdf HTTP/1.1" 404 88 "-" "Mozilla/5.0 (compatible; bingbot/2.0; +http://www.bing.com/bingbot.htm)" "site.tandtrepair.com"
216.244.66.203 - - [18/Nov/2022:19:19:46 -0800] "GET /robots.txt HTTP/1.1" 404 73 "-" "Mozilla/5.0 (compatible; DotBot/1.2; +https://opensiteexplorer.org/dotbot; help@moz.com)" "site.tandtrepair.com"
49.7.21.81 - - [18/Nov/2022:19:24:55 -0800] "GET / HTTP/1.1" 200 10618 "-" "Sogou web spider/4.0(+http://www.sogou.com/docs/help/webmasters.htm#07)" "site.tandtrepair.com"
216.244.66.203 - - [18/Nov/2022:19:29:35 -0800] "GET /General_Tips/?C=M;O=A HTTP/1.1" 200 1577 "-" "Mozilla/5.0 (compatible; DotBot/1.2; +https://opensiteexplorer.org/dotbot; help@moz.com)" "site.tandtrepair.com"
77.88.5.168 - - [18/Nov/2022:19:59:52 -0800] "GET /robots.txt HTTP/1.1" 404 73 "-" "Mozilla/5.0 (compatible; YandexBot/3.0; +http://yandex.com/bots)" "site.tandtrepair.com"
77.88.5.168 - - [18/Nov/2022:19:59:55 -0800] "GET / HTTP/1.1" 200 10618 "-" "Mozilla/5.0 (compatible; YandexBot/3.0; +http://yandex.com/bots)" "site.tandtrepair.com"
93.158.161.49 - - [18/Nov/2022:20:03:41 -0800] "GET /athena2000.html HTTP/1.1" 404 88 "-" "Mozilla/5.0 (compatible; YandexBot/3.0; +http://yandex.com/bots)" "site.tandtrepair.com"
207.46.13.194 - - [18/Nov/2022:20:09:54 -0800] "GET /freebies/BasicElectronics.pdf HTTP/1.1" 200 376367 "-" "Mozilla/5.0 AppleWebKit/537.36 (KHTML, like Gecko; compatible; bingbot/2.0; +http://www.bing.com/bingbot.htm) Chrome/103.0.5060.134 Safari/537.36" "site.tandtrepair.com"
216.244.66.203 - - [18/Nov/2022:20:09:58 -0800] "GET /robots.txt HTTP/1.1" 404 73 "-" "Mozilla/5.0 (compatible; DotBot/1.2; +https://opensiteexplorer.org/dotbot; help@moz.com)" "site.tandtrepair.com"
114.119.144.127 - - [18/Nov/2022:20:38:17 -0800] "GET /General_Tips/Looping_Underneath_041312.pdf HTTP/1.1" 200 77288 "http://site.tandtrepair.com/General_Tips/" "Mozilla/5.0 (Linux; Android 7.0;) AppleWebKit/537.36 (KHTML, like Gecko) Mobile Safari/537.36 (compatible; PetalBot;+https://webmaster.petalsearch.com/site/petalbot)" "site.tandtrepair.com"
157.55.39.152 - - [18/Nov/2022:20:54:35 -0800] "GET /public/?C=N;O=D HTTP/1.1" 200 517 "-" "Mozilla/5.0 AppleWebKit/537.36 (KHTML, like Gecko; compatible; bingbot/2.0; +http://www.bing.com/bingbot.htm) Chrome/103.0.5060.134 Safari/537.36" "site.tandtrepair.com"
114.119.132.23 - - [18/Nov/2022:21:03:20 -0800] "GET /ssl/?C=M%3BO%3DA HTTP/1.1" 302 1433 "http://site.tandtrepair.com/ssl/" "Mozilla/5.0 (Linux; Android 7.0;) AppleWebKit/537.36 (KHTML, like Gecko) Mobile Safari/537.36 (compatible; PetalBot;+https://webmaster.petalsearch.com/site/petalbot)" "site.tandtrepair.com"
93.158.161.70 - - [18/Nov/2022:21:12:12 -0800] "GET /Forms/Dealer_Contact_Information_Form.pdf HTTP/1.1" 404 88 "-" "Mozilla/5.0 (compatible; YandexBot/3.0; +http://yandex.com/bots)" "site.tandtrepair.com"
49.7.21.81 - - [18/Nov/2022:22:18:46 -0800] "GET / HTTP/1.1" 200 10618 "-" "Sogou web spider/4.0(+http://www.sogou.com/docs/help/webmasters.htm#07)" "site.tandtrepair.com"
157.55.39.152 - - [18/Nov/2022:22:22:33 -0800] "GET /Repair_Shops_North_Dakota.html HTTP/1.1" 404 88 "-" "Mozilla/5.0 (compatible; bingbot/2.0; +http://www.bing.com/bingbot.htm)" "site.tandtrepair.com"
123.183.224.19 - - [18/Nov/2022:22:36:26 -0800] "GET / HTTP/1.1" 200 10618 "-" "Sogou web spider/4.0(+http://www.sogou.com/docs/help/webmasters.htm#07)" "site.tandtrepair.com"
216.244.66.203 - - [18/Nov/2022:22:40:35 -0800] "GET /robots.txt HTTP/1.1" 404 73 "-" "Mozilla/5.0 (compatible; DotBot/1.2; +https://opensiteexplorer.org/dotbot; help@moz.com)" "site.tandtrepair.com"
114.119.148.14 - - [18/Nov/2022:22:49:43 -0800] "GET /@site.tandtrepair.com/ssl/?C=M&percnt;3BO&percnt;3DA& HTTP/1.1" 200 327 "http://site.tandtrepair.com/ssl/" "Mozilla/5.0 (Linux; Android 7.0;) AppleWebKit/537.36 (KHTML, like Gecko) Mobile Safari/537.36 (compatible; PetalBot;+https://webmaster.petalsearch.com/site/petalbot)" "p9.secure.hostingprod.com"
207.46.13.153 - - [18/Nov/2022:23:18:24 -0800] "GET /Repair_Shops_South_Carolina.html HTTP/1.1" 404 88 "-" "Mozilla/5.0 (compatible; bingbot/2.0; +http://www.bing.com/bingbot.htm)" "site.tandtrepair.com"
216.244.66.203 - - [18/Nov/2022:23:31:11 -0800] "GET /robots.txt HTTP/1.1" 404 73 "-" "Mozilla/5.0 (compatible; DotBot/1.2; +https://opensiteexplorer.org/dotbot; help@moz.com)" "site.tandtrepair.com"
123.183.224.19 - - [19/Nov/2022:00:13:28 -0800] "GET / HTTP/1.1" 200 10618 "-" "Sogou web spider/4.0(+http://www.sogou.com/docs/help/webmasters.htm#07)" "site.tandtrepair.com"
216.244.66.203 - - [19/Nov/2022:00:21:47 -0800] "GET /robots.txt HTTP/1.1" 404 73 "-" "Mozilla/5.0 (compatible; DotBot/1.2; +https://opensiteexplorer.org/dotbot; help@moz.com)" "site.tandtrepair.com"
157.55.39.44 - - [19/Nov/2022:00:23:20 -0800] "GET /@site.tandtrepair.com/ssl/ HTTP/1.1" 200 327 "-" "Mozilla/5.0 AppleWebKit/537.36 (KHTML, like Gecko; compatible; bingbot/2.0; +http://www.bing.com/bingbot.htm) Chrome/103.0.5060.134 Safari/537.36" "p9.secure.hostingprod.com"
207.46.13.194 - - [19/Nov/2022:00:53:12 -0800] "GET /freebies/BasicElectronics.pdf HTTP/1.1" 304 - "-" "Mozilla/5.0 AppleWebKit/537.36 (KHTML, like Gecko; compatible; bingbot/2.0; +http://www.bing.com/bingbot.htm) Chrome/103.0.5060.134 Safari/537.36" "site.tandtrepair.com"
93.158.161.47 - - [19/Nov/2022:01:04:09 -0800] "GET /robots.txt HTTP/1.1" 404 73 "-" "Mozilla/5.0 (compatible; YandexBot/3.0; +http://yandex.com/bots)" "site.tandtrepair.com"
93.158.161.49 - - [19/Nov/2022:01:04:12 -0800] "GET /Repair_Shops_Kansas.html HTTP/1.1" 404 88 "-" "Mozilla/5.0 (compatible; YandexBot/3.0; +http://yandex.com/bots)" "site.tandtrepair.com"
216.244.66.203 - - [19/Nov/2022:01:12:18 -0800] "GET /robots.txt HTTP/1.1" 404 73 "-" "Mozilla/5.0 (compatible; DotBot/1.2; +https://opensiteexplorer.org/dotbot; help@moz.com)" "site.tandtrepair.com"
