207.200.8.180 - - [12/Feb/2023:16:25:27 -0800] "GET /General_Query_Page.html HTTP/1.1" 404 88 "http://tandtrepair.com" "LightspeedSystemsCrawler Mozilla/5.0 (Windows; U; MSIE 9.0; Windows NT 9.0; en-US)" "site.tandtrepair.com"
54.36.148.34 - - [12/Feb/2023:16:31:19 -0800] "GET /robots.txt HTTP/1.1" 404 88 "-" "Mozilla/5.0 (compatible; AhrefsBot/7.0; +http://ahrefs.com/robot/)" "site.tandtrepair.com"
51.222.253.13 - - [12/Feb/2023:16:31:22 -0800] "GET /General_Tips/?C=D;O=D HTTP/1.1" 200 520 "-" "Mozilla/5.0 (compatible; AhrefsBot/7.0; +http://ahrefs.com/robot/)" "site.tandtrepair.com"
40.77.167.212 - - [12/Feb/2023:16:51:25 -0800] "GET /freebies/Loading_Position_Bracket_Into_Holder.pdf HTTP/1.1" 304 - "-" "Mozilla/5.0 AppleWebKit/537.36 (KHTML, like Gecko; compatible; bingbot/2.0; +http://www.bing.com/bingbot.htm) Chrome/103.0.5060.134 Safari/537.36" "site.tandtrepair.com"
51.222.253.12 - - [12/Feb/2023:16:57:03 -0800] "GET /General_Tips/?C=S;O=D HTTP/1.1" 200 522 "-" "Mozilla/5.0 (compatible; AhrefsBot/7.0; +http://ahrefs.com/robot/)" "site.tandtrepair.com"
49.7.21.82 - - [12/Feb/2023:18:35:46 -0800] "GET / HTTP/1.1" 200 10618 "-" "Sogou web spider/4.0(+http://www.sogou.com/docs/help/webmasters.htm#07)" "site.tandtrepair.com"
49.7.21.80 - - [12/Feb/2023:18:57:06 -0800] "GET / HTTP/1.1" 200 10618 "-" "Sogou web spider/4.0(+http://www.sogou.com/docs/help/webmasters.htm#07)" "site.tandtrepair.com"
93.158.161.75 - - [12/Feb/2023:18:58:47 -0800] "GET /robots.txt HTTP/1.1" 404 73 "-" "Mozilla/5.0 (compatible; YandexBot/3.0; +http://yandex.com/bots)" "site.tandtrepair.com"
77.88.5.131 - - [12/Feb/2023:18:58:51 -0800] "GET /Genie_Items/Panel_Removal.pdf HTTP/1.1" 404 88 "-" "Mozilla/5.0 (compatible; YandexBot/3.0; +http://yandex.com/bots)" "site.tandtrepair.com"
35.203.245.220 - - [12/Feb/2023:20:52:49 -0800] "GET /ads.txt HTTP/1.1" 200 58 "-" "IAB-Tech-Lab" "site.tandtrepair.com"
216.244.66.203 - - [12/Feb/2023:21:10:27 -0800] "GET /robots.txt HTTP/1.1" 404 73 "-" "Mozilla/5.0 (compatible; DotBot/1.2; +https://opensiteexplorer.org/dotbot; help@moz.com)" "site.tandtrepair.com"
77.88.5.207 - - [12/Feb/2023:21:14:27 -0800] "GET /robots.txt HTTP/1.1" 404 73 "-" "Mozilla/5.0 (compatible; YandexBot/3.0; +http://yandex.com/bots)" "site.tandtrepair.com"
93.158.161.43 - - [12/Feb/2023:21:14:31 -0800] "GET /freebies/Loading_Position_Bracket_Into_Holder.pdf HTTP/1.1" 200 212988 "-" "Mozilla/5.0 (compatible; YandexBot/3.0; +http://yandex.com/bots)" "site.tandtrepair.com"
216.244.66.203 - - [12/Feb/2023:21:19:41 -0800] "GET /public/ HTTP/1.1" 200 1902 "-" "Mozilla/5.0 (compatible; DotBot/1.2; +https://opensiteexplorer.org/dotbot; help@moz.com)" "site.tandtrepair.com"
114.119.132.45 - - [12/Feb/2023:21:22:10 -0800] "GET /robots.txt HTTP/1.1" 404 88 "-" "Mozilla/5.0 (compatible;PetalBot;+https://webmaster.petalsearch.com/site/petalbot)" "site.tandtrepair.com"
123.183.224.18 - - [12/Feb/2023:22:24:35 -0800] "GET / HTTP/1.1" 200 10618 "-" "Sogou web spider/4.0(+http://www.sogou.com/docs/help/webmasters.htm#07)" "site.tandtrepair.com"
93.158.161.71 - - [12/Feb/2023:22:35:23 -0800] "GET /Repair_Shops_Connecticut.html HTTP/1.1" 404 88 "-" "Mozilla/5.0 (compatible; YandexBot/3.0; +http://yandex.com/bots)" "site.tandtrepair.com"
151.28.27.170 - - [13/Feb/2023:00:50:15 -0800] "GET /General_Query_Page.html HTTP/1.1" 404 88 "-" "Mozilla/5.0 (Linux; Android 11; NTN-LX1) AppleWebKit/537.36 (KHTML, like Gecko) Chrome/109.0.0.0 Mobile Safari/537.36" "site.tandtrepair.com"
151.28.27.170 - - [13/Feb/2023:00:50:17 -0800] "GET /favicon.ico HTTP/1.1" 404 88 "http://site.tandtrepair.com/General_Query_Page.html" "Mozilla/5.0 (Linux; Android 11; NTN-LX1) AppleWebKit/537.36 (KHTML, like Gecko) Chrome/109.0.0.0 Mobile Safari/537.36" "site.tandtrepair.com"
151.28.27.170 - - [13/Feb/2023:00:50:20 -0800] "GET /General_Query_Page.html HTTP/1.1" 404 88 "-" "Mozilla/5.0 (Linux; Android 11; NTN-LX1) AppleWebKit/537.36 (KHTML, like Gecko) Chrome/109.0.0.0 Mobile Safari/537.36" "site.tandtrepair.com"
151.28.27.170 - - [13/Feb/2023:00:50:32 -0800] "GET /General_Query_Page.html HTTP/1.1" 404 88 "-" "Mozilla/5.0 (Linux; Android 11; NTN-LX1) AppleWebKit/537.36 (KHTML, like Gecko) Chrome/109.0.0.0 Mobile Safari/537.36" "site.tandtrepair.com"
151.28.27.170 - - [13/Feb/2023:00:50:35 -0800] "GET /General_Query_Page.html HTTP/1.1" 404 88 "-" "Mozilla/5.0 (Linux; Android 11; NTN-LX1) AppleWebKit/537.36 (KHTML, like Gecko) Chrome/109.0.0.0 Mobile Safari/537.36" "site.tandtrepair.com"
77.88.5.133 - - [13/Feb/2023:01:54:10 -0800] "GET /robots.txt HTTP/1.1" 404 73 "-" "Mozilla/5.0 (compatible; YandexBot/3.0; +http://yandex.com/bots)" "site.tandtrepair.com"
77.88.5.33 - - [13/Feb/2023:01:54:14 -0800] "GET /\"' HTTP/1.1" 404 88 "-" "Mozilla/5.0 (compatible; YandexBot/3.0; +http://yandex.com/bots)" "site.tandtrepair.com"
93.158.161.43 - - [13/Feb/2023:02:27:02 -0800] "GET /freebies/630-640-Reed_Switch_Adjustment.pdf HTTP/1.1" 200 93056 "-" "Mozilla/5.0 (compatible; YandexBot/3.0; +http://yandex.com/bots)" "site.tandtrepair.com"
118.184.177.17 - - [13/Feb/2023:02:51:58 -0800] "GET / HTTP/1.1" 200 10618 "-" "Sogou web spider/4.0(+http://www.sogou.com/docs/help/webmasters.htm#07)" "site.tandtrepair.com"
77.88.5.133 - - [13/Feb/2023:03:30:49 -0800] "GET /robots.txt HTTP/1.1" 404 73 "-" "Mozilla/5.0 (compatible; YandexBot/3.0; +http://yandex.com/bots)" "site.tandtrepair.com"
77.88.5.133 - - [13/Feb/2023:03:30:53 -0800] "GET /600Stuff/FreeStuff/600TG.pdf HTTP/1.1" 404 88 "-" "Mozilla/5.0 (compatible; YandexBot/3.0; +http://yandex.com/bots)" "site.tandtrepair.com"
77.88.5.222 - - [13/Feb/2023:03:47:40 -0800] "GET /Repair_Shops_Oklahoma.html HTTP/1.1" 404 88 "-" "Mozilla/5.0 (compatible; YandexBot/3.0; +http://yandex.com/bots)" "site.tandtrepair.com"
67.44.192.89 - - [13/Feb/2023:04:01:39 -0800] "GET /Repair_Shops_In_Your_Area.html HTTP/1.1" 404 88 "-" "Mozilla/5.0 (Windows NT 6.1; Win64; x64; rv:109.0) Gecko/20100101 Firefox/109.0" "site.tandtrepair.com"
77.88.5.33 - - [13/Feb/2023:04:08:30 -0800] "GET /General_Tips/Replacing_The_Slide_Plate.pdf HTTP/1.1" 200 92195 "-" "Mozilla/5.0 (compatible; YandexBot/3.0; +http://yandex.com/bots)" "site.tandtrepair.com"
114.119.145.142 - - [13/Feb/2023:04:58:45 -0800] "GET / HTTP/1.1" 200 10618 "https://site.tandtrepair.com/_private" "Mozilla/5.0 (Linux; Android 7.0;) AppleWebKit/537.36 (KHTML, like Gecko) Mobile Safari/537.36 (compatible; PetalBot;+https://webmaster.petalsearch.com/site/petalbot)" "site.tandtrepair.com"
54.236.1.11 - - [13/Feb/2023:05:12:41 -0800] "GET /SlantOMatics.html HTTP/1.1" 404 88 "-" "Mozilla/5.0 (compatible; Pinterestbot/1.0; +http://www.pinterest.com/bot.html)" "site.tandtrepair.com"
66.249.66.219 - - [13/Feb/2023:05:44:03 -0800] "GET /robots.txt HTTP/1.1" 404 88 "-" "Mozilla/5.0 (compatible; Googlebot/2.1; +http://www.google.com/bot.html)" "site.tandtrepair.com"
66.249.66.37 - - [13/Feb/2023:05:44:03 -0800] "GET /5800-57820C-Series.html HTTP/1.1" 404 88 "-" "Mozilla/5.0 (Linux; Android 6.0.1; Nexus 5X Build/MMB29P) AppleWebKit/537.36 (KHTML, like Gecko) Chrome/109.0.5414.101 Mobile Safari/537.36 (compatible; Googlebot/2.1; +http://www.google.com/bot.html)" "site.tandtrepair.com"
66.249.66.149 - - [13/Feb/2023:05:44:12 -0800] "GET /5800-57820C-Series.html HTTP/1.1" 404 88 "-" "Mozilla/5.0 (compatible; Googlebot/2.1; +http://www.google.com/bot.html)" "site.tandtrepair.com"
51.222.253.15 - - [13/Feb/2023:05:51:09 -0800] "GET /robots.txt HTTP/1.1" 404 88 "-" "Mozilla/5.0 (compatible; AhrefsBot/7.0; +http://ahrefs.com/robot/)" "site.tandtrepair.com"
51.222.253.19 - - [13/Feb/2023:05:51:10 -0800] "GET /files/?C=M;O=A HTTP/1.1" 200 438 "-" "Mozilla/5.0 (compatible; AhrefsBot/7.0; +http://ahrefs.com/robot/)" "site.tandtrepair.com"
93.158.161.61 - - [13/Feb/2023:05:52:39 -0800] "GET /robots.txt HTTP/1.1" 404 73 "-" "Mozilla/5.0 (compatible; YandexBot/3.0; +http://yandex.com/bots)" "site.tandtrepair.com"
93.158.161.51 - - [13/Feb/2023:05:52:43 -0800] "GET /Repair_Shops_Other_Countries.html HTTP/1.1" 404 88 "-" "Mozilla/5.0 (compatible; YandexBot/3.0; +http://yandex.com/bots)" "site.tandtrepair.com"
118.184.177.17 - - [13/Feb/2023:05:53:43 -0800] "GET / HTTP/1.1" 200 10618 "-" "Sogou web spider/4.0(+http://www.sogou.com/docs/help/webmasters.htm#07)" "site.tandtrepair.com"
77.88.5.133 - - [13/Feb/2023:05:56:35 -0800] "GET /CBs2007.html HTTP/1.1" 404 88 "-" "Mozilla/5.0 (compatible; YandexBot/3.0; +http://yandex.com/bots)" "site.tandtrepair.com"
51.222.253.3 - - [13/Feb/2023:06:27:13 -0800] "GET /files/?C=D;O=A HTTP/1.1" 200 438 "-" "Mozilla/5.0 (compatible; AhrefsBot/7.0; +http://ahrefs.com/robot/)" "site.tandtrepair.com"
51.222.253.19 - - [13/Feb/2023:06:58:43 -0800] "GET /files/?C=N;O=A HTTP/1.1" 200 438 "-" "Mozilla/5.0 (compatible; AhrefsBot/7.0; +http://ahrefs.com/robot/)" "site.tandtrepair.com"
51.222.253.18 - - [13/Feb/2023:07:11:23 -0800] "GET /files/?C=M;O=D HTTP/1.1" 200 436 "-" "Mozilla/5.0 (compatible; AhrefsBot/7.0; +http://ahrefs.com/robot/)" "site.tandtrepair.com"
216.244.66.203 - - [13/Feb/2023:07:41:47 -0800] "GET /robots.txt HTTP/1.1" 404 73 "-" "Mozilla/5.0 (compatible; DotBot/1.2; +https://opensiteexplorer.org/dotbot; help@moz.com)" "site.tandtrepair.com"
157.55.39.111 - - [13/Feb/2023:07:50:06 -0800] "GET /robots.txt HTTP/1.1" 404 88 "-" "Mozilla/5.0 AppleWebKit/537.36 (KHTML, like Gecko; compatible; bingbot/2.0; +http://www.bing.com/bingbot.htm) Chrome/103.0.5060.134 Safari/537.36" "site.tandtrepair.com"
40.77.167.165 - - [13/Feb/2023:07:50:09 -0800] "GET /Repair_Shops_Kentucky.html HTTP/1.1" 404 88 "-" "Mozilla/5.0 AppleWebKit/537.36 (KHTML, like Gecko; compatible; bingbot/2.0; +http://www.bing.com/bingbot.htm) Chrome/103.0.5060.134 Safari/537.36" "site.tandtrepair.com"
61.135.159.182 - - [13/Feb/2023:08:06:32 -0800] "GET / HTTP/1.1" 200 10618 "-" "Sogou web spider/4.0(+http://www.sogou.com/docs/help/webmasters.htm#07)" "site.tandtrepair.com"
216.244.66.203 - - [13/Feb/2023:08:18:43 -0800] "GET /files/?C=M;O=A HTTP/1.1" 200 1049 "-" "Mozilla/5.0 (compatible; DotBot/1.2; +https://opensiteexplorer.org/dotbot; help@moz.com)" "site.tandtrepair.com"
198.150.19.122 - - [13/Feb/2023:09:13:30 -0800] "GET /600Stuff/FreeStuff/Chain_Stitching_600_Series.pdf HTTP/1.1" 404 88 "-" "Mozilla/5.0 (Windows NT 10.0; Win64; x64; rv:108.0) Gecko/20100101 Firefox/108.0" "site.tandtrepair.com"
198.150.19.122 - - [13/Feb/2023:09:13:30 -0800] "GET /favicon.ico HTTP/1.1" 404 88 "http://site.tandtrepair.com/600Stuff/FreeStuff/Chain_Stitching_600_Series.pdf" "Mozilla/5.0 (Windows NT 10.0; Win64; x64; rv:108.0) Gecko/20100101 Firefox/108.0" "site.tandtrepair.com"
40.77.167.212 - - [13/Feb/2023:09:16:10 -0800] "GET /CrankyBoyzGolfGroup.html HTTP/1.1" 404 88 "-" "Mozilla/5.0 AppleWebKit/537.36 (KHTML, like Gecko; compatible; bingbot/2.0; +http://www.bing.com/bingbot.htm) Chrome/103.0.5060.134 Safari/537.36" "site.tandtrepair.com"
216.244.66.203 - - [13/Feb/2023:09:19:12 -0800] "GET /robots.txt HTTP/1.1" 404 73 "-" "Mozilla/5.0 (compatible; DotBot/1.2; +https://opensiteexplorer.org/dotbot; help@moz.com)" "site.tandtrepair.com"
77.88.5.133 - - [13/Feb/2023:09:37:44 -0800] "GET /robots.txt HTTP/1.1" 404 73 "-" "Mozilla/5.0 (compatible; YandexBot/3.0; +http://yandex.com/bots)" "site.tandtrepair.com"
77.88.5.222 - - [13/Feb/2023:09:37:47 -0800] "GET /Repair_Shops_Texas.html HTTP/1.1" 404 88 "-" "Mozilla/5.0 (compatible; YandexBot/3.0; +http://yandex.com/bots)" "site.tandtrepair.com"
216.244.66.203 - - [13/Feb/2023:09:43:44 -0800] "GET /General_Tips/Skipping_Stitches.pdf HTTP/1.1" 200 38839 "-" "Mozilla/5.0 (compatible; DotBot/1.2; +https://opensiteexplorer.org/dotbot; help@moz.com)" "site.tandtrepair.com"
51.222.253.10 - - [13/Feb/2023:09:44:14 -0800] "GET /General_Tips/?C=M;O=D HTTP/1.1" 200 522 "-" "Mozilla/5.0 (compatible; AhrefsBot/7.0; +http://ahrefs.com/robot/)" "site.tandtrepair.com"
51.222.253.20 - - [13/Feb/2023:09:58:02 -0800] "GET /public/ HTTP/1.1" 200 521 "-" "Mozilla/5.0 (compatible; AhrefsBot/7.0; +http://ahrefs.com/robot/)" "site.tandtrepair.com"
66.249.66.147 - - [13/Feb/2023:10:01:07 -0800] "GET /Schematics/6268.pdf HTTP/1.1" 404 88 "-" "Mozilla/5.0 (Windows NT 10.0; Win64; x64)AppleWebKit/537.36 (KHTML, like Gecko) Chrome/91.0.4472.101 Safari/537.36 (compatible; GoogleOther)" "site.tandtrepair.com"
51.222.253.15 - - [13/Feb/2023:10:11:00 -0800] "GET /files/?C=N;O=D HTTP/1.1" 200 435 "-" "Mozilla/5.0 (compatible; AhrefsBot/7.0; +http://ahrefs.com/robot/)" "site.tandtrepair.com"
114.119.154.11 - - [13/Feb/2023:10:14:31 -0800] "GET /robots.txt HTTP/1.1" 404 88 "-" "Mozilla/5.0 (compatible;PetalBot;+https://webmaster.petalsearch.com/site/petalbot)" "site.tandtrepair.com"
77.88.5.33 - - [13/Feb/2023:10:27:13 -0800] "GET /Repair_Shops_Nebraska.html HTTP/1.1" 404 88 "-" "Mozilla/5.0 (compatible; YandexBot/3.0; +http://yandex.com/bots)" "site.tandtrepair.com"
66.249.66.35 - - [13/Feb/2023:10:44:28 -0800] "GET /Schematics/560J.pdf HTTP/1.1" 404 88 "-" "Mozilla/5.0 (Windows NT 10.0; Win64; x64)AppleWebKit/537.36 (KHTML, like Gecko) Chrome/91.0.4472.101 Safari/537.36 (compatible; GoogleOther)" "site.tandtrepair.com"
66.249.66.203 - - [13/Feb/2023:11:28:28 -0800] "GET /robots.txt HTTP/1.1" 404 88 "-" "Mozilla/5.0 (compatible; Googlebot/2.1; +http://www.google.com/bot.html)" "site.tandtrepair.com"
49.7.21.83 - - [13/Feb/2023:11:41:31 -0800] "GET / HTTP/1.1" 200 10618 "-" "Sogou web spider/4.0(+http://www.sogou.com/docs/help/webmasters.htm#07)" "site.tandtrepair.com"
93.158.161.43 - - [13/Feb/2023:12:21:27 -0800] "GET /robots.txt HTTP/1.1" 404 73 "-" "Mozilla/5.0 (compatible; YandexBot/3.0; +http://yandex.com/bots)" "site.tandtrepair.com"
77.88.5.133 - - [13/Feb/2023:12:21:31 -0800] "GET /Repair_Shops_Maine.html HTTP/1.1" 404 88 "-" "Mozilla/5.0 (compatible; YandexBot/3.0; +http://yandex.com/bots)" "site.tandtrepair.com"
149.57.16.5 - - [13/Feb/2023:13:28:17 -0800] "GET /robots.txt HTTP/1.1" 404 73 "-" "panscient.com" "site.tandtrepair.com"
149.57.16.5 - - [13/Feb/2023:13:28:35 -0800] "GET /General_Query_Page.html HTTP/1.1" 404 88 "-" "panscient.com" "site.tandtrepair.com"
23.229.104.2 - - [13/Feb/2023:13:40:11 -0800] "GET / HTTP/1.1" 200 10618 "-" "Mozilla/5.0 (Windows NT 10.0; Win64; x64) AppleWebKit/537.36 (KHTML, like Gecko) Chrome/108.0.0.0 Safari/537.36" "site.tandtrepair.com"
23.229.104.2 - - [13/Feb/2023:13:40:12 -0800] "GET /robots.txt HTTP/1.1" 404 88 "-" "Mozilla/5.0 (Windows NT 10.0; Win64; x64) AppleWebKit/537.36 (KHTML, like Gecko) Chrome/108.0.0.0 Safari/537.36" "site.tandtrepair.com"
23.229.104.2 - - [13/Feb/2023:13:40:14 -0800] "GET /ads.txt HTTP/1.1" 200 78 "-" "Mozilla/5.0 (Windows NT 10.0; Win64; x64) AppleWebKit/537.36 (KHTML, like Gecko) Chrome/108.0.0.0 Safari/537.36" "site.tandtrepair.com"
23.229.104.2 - - [13/Feb/2023:13:40:15 -0800] "GET /Store_Feed_Back_TNT_Repair.html HTTP/1.1" 404 88 "http://site.tandtrepair.com/" "Mozilla/5.0 (Windows NT 10.0; Win64; x64) AppleWebKit/537.36 (KHTML, like Gecko) Chrome/108.0.0.0 Safari/537.36" "site.tandtrepair.com"
23.229.104.2 - - [13/Feb/2023:13:40:17 -0800] "GET / HTTP/1.1" 200 10618 "-" "Mozilla/5.0 (Windows NT 10.0; Win64; x64) AppleWebKit/537.36 (KHTML, like Gecko) Chrome/108.0.0.0 Safari/537.36" "site.tandtrepair.com"
23.229.104.2 - - [13/Feb/2023:13:40:18 -0800] "GET /robots.txt HTTP/1.1" 404 88 "-" "Mozilla/5.0 (Windows NT 10.0; Win64; x64) AppleWebKit/537.36 (KHTML, like Gecko) Chrome/108.0.0.0 Safari/537.36" "site.tandtrepair.com"
23.229.104.2 - - [13/Feb/2023:13:40:20 -0800] "GET /ads.txt HTTP/1.1" 200 78 "-" "Mozilla/5.0 (Windows NT 10.0; Win64; x64) AppleWebKit/537.36 (KHTML, like Gecko) Chrome/108.0.0.0 Safari/537.36" "site.tandtrepair.com"
23.229.104.2 - - [13/Feb/2023:13:40:21 -0800] "GET /Store_Feed_Back_TNT_Repair.html HTTP/1.1" 404 88 "https://site.tandtrepair.com/" "Mozilla/5.0 (Windows NT 10.0; Win64; x64) AppleWebKit/537.36 (KHTML, like Gecko) Chrome/108.0.0.0 Safari/537.36" "site.tandtrepair.com"
40.77.167.221 - - [13/Feb/2023:14:15:42 -0800] "GET /Futura_Items/freestuff/Threading.pdf HTTP/1.1" 404 88 "-" "Mozilla/5.0 AppleWebKit/537.36 (KHTML, like Gecko; compatible; bingbot/2.0; +http://www.bing.com/bingbot.htm) Chrome/103.0.5060.134 Safari/537.36" "site.tandtrepair.com"
185.182.193.108 - - [13/Feb/2023:14:26:08 -0800] "GET / HTTP/1.1" 200 54765 "http://site.tandtrepair.com/" "Mozilla/5.0 (Windows NT 6.1; Win64; x64) AppleWebKit/537.36 (KHTML, like Gecko) Chrome/90.0.4430.72 Safari/537.36" "site.tandtrepair.com"
174.91.135.65 - - [13/Feb/2023:14:45:44 -0800] "GET /favicon.ico HTTP/1.1" 404 88 "-" "Mozilla/5.0 (Windows NT 6.3; Win64; x64; rv:68.0) Gecko/20100101 Firefox/68.0 Waterfox/56.6.2022.11" "site.tandtrepair.com"
40.77.167.212 - - [13/Feb/2023:16:18:22 -0800] "GET /Genie_Series.html HTTP/1.1" 404 88 "-" "Mozilla/5.0 AppleWebKit/537.36 (KHTML, like Gecko; compatible; bingbot/2.0; +http://www.bing.com/bingbot.htm) Chrome/103.0.5060.134 Safari/537.36" "site.tandtrepair.com"
207.46.13.148 - - [13/Feb/2023:16:21:26 -0800] "GET /robots.txt HTTP/1.1" 404 88 "-" "Mozilla/5.0 AppleWebKit/537.36 (KHTML, like Gecko; compatible; bingbot/2.0; +http://www.bing.com/bingbot.htm) Chrome/103.0.5060.134 Safari/537.36" "site.tandtrepair.com"
207.46.13.148 - - [13/Feb/2023:16:21:27 -0800] "GET /robots.txt HTTP/1.1" 404 88 "-" "Mozilla/5.0 AppleWebKit/537.36 (KHTML, like Gecko; compatible; bingbot/2.0; +http://www.bing.com/bingbot.htm) Chrome/103.0.5060.134 Safari/537.36" "site.tandtrepair.com"
157.55.39.73 - - [13/Feb/2023:16:21:29 -0800] "GET /Repair_Shops_Virginia.html HTTP/1.1" 404 88 "-" "Mozilla/5.0 AppleWebKit/537.36 (KHTML, like Gecko; compatible; bingbot/2.0; +http://www.bing.com/bingbot.htm) Chrome/103.0.5060.134 Safari/537.36" "site.tandtrepair.com"
54.236.1.13 - - [13/Feb/2023:17:13:45 -0800] "GET /Bio_Page.html HTTP/1.1" 404 88 "-" "Mozilla/5.0 (compatible; Pinterestbot/1.0; +http://www.pinterest.com/bot.html)" "site.tandtrepair.com"
66.249.66.36 - - [13/Feb/2023:18:10:36 -0800] "GET /robots.txt HTTP/1.1" 404 88 "-" "Mozilla/5.0 (compatible; Googlebot/2.1; +http://www.google.com/bot.html)" "site.tandtrepair.com"
66.249.66.83 - - [13/Feb/2023:18:10:54 -0800] "GET /Schematics/466K.pdf HTTP/1.1" 404 88 "-" "Mozilla/5.0 (Windows NT 10.0; Win64; x64)AppleWebKit/537.36 (KHTML, like Gecko) Chrome/91.0.4472.101 Safari/537.36 (compatible; GoogleOther)" "site.tandtrepair.com"
157.55.39.73 - - [13/Feb/2023:18:36:31 -0800] "GET /Athena2000M/FreeStuff/Threading.pdf HTTP/1.1" 404 88 "-" "Mozilla/5.0 AppleWebKit/537.36 (KHTML, like Gecko; compatible; bingbot/2.0; +http://www.bing.com/bingbot.htm) Chrome/103.0.5060.134 Safari/537.36" "site.tandtrepair.com"
114.119.155.50 - - [13/Feb/2023:19:41:06 -0800] "GET /robots.txt HTTP/1.1" 404 88 "-" "Mozilla/5.0 (compatible;PetalBot;+https://webmaster.petalsearch.com/site/petalbot)" "site.tandtrepair.com"
118.184.177.17 - - [13/Feb/2023:20:35:56 -0800] "GET / HTTP/1.1" 200 10618 "-" "Sogou web spider/4.0(+http://www.sogou.com/docs/help/webmasters.htm#07)" "site.tandtrepair.com"
192.173.146.30 - - [13/Feb/2023:20:40:09 -0800] "GET /freebies/BasicElectronics.pdf HTTP/1.1" 200 376367 "https://www.bing.com/" "Mozilla/5.0 (Windows NT 10.0; Win64; x64) AppleWebKit/537.36 (KHTML, like Gecko) Chrome/110.0.0.0 Safari/537.36 Edg/110.0.1587.41" "site.tandtrepair.com"
192.173.146.30 - - [13/Feb/2023:20:40:09 -0800] "GET /favicon.ico HTTP/1.1" 404 88 "http://site.tandtrepair.com/freebies/BasicElectronics.pdf" "Mozilla/5.0 (Windows NT 10.0; Win64; x64) AppleWebKit/537.36 (KHTML, like Gecko) Chrome/110.0.0.0 Safari/537.36 Edg/110.0.1587.41" "site.tandtrepair.com"
40.77.167.221 - - [13/Feb/2023:20:56:49 -0800] "GET /600Stuff/Schematics/630E3.pdf HTTP/1.1" 404 88 "-" "Mozilla/5.0 AppleWebKit/537.36 (KHTML, like Gecko; compatible; bingbot/2.0; +http://www.bing.com/bingbot.htm) Chrome/103.0.5060.134 Safari/537.36" "site.tandtrepair.com"
157.55.39.73 - - [13/Feb/2023:21:02:15 -0800] "GET /Athena2000M/FreeStuff/Threading.pdf HTTP/1.1" 404 88 "-" "Mozilla/5.0 AppleWebKit/537.36 (KHTML, like Gecko; compatible; bingbot/2.0; +http://www.bing.com/bingbot.htm) Chrome/103.0.5060.134 Safari/537.36" "site.tandtrepair.com"
123.183.224.18 - - [13/Feb/2023:22:36:31 -0800] "GET / HTTP/1.1" 200 10618 "-" "Sogou web spider/4.0(+http://www.sogou.com/docs/help/webmasters.htm#07)" "site.tandtrepair.com"
66.249.66.147 - - [14/Feb/2023:01:26:14 -0800] "GET /Schematics/1060E.pdf HTTP/1.1" 404 88 "-" "Mozilla/5.0 (Windows NT 10.0; Win64; x64)AppleWebKit/537.36 (KHTML, like Gecko) Chrome/91.0.4472.101 Safari/537.36 (compatible; GoogleOther)" "site.tandtrepair.com"
66.249.66.151 - - [14/Feb/2023:02:34:54 -0800] "GET /Schematics/714_717_719_724_734_774_776.pdf HTTP/1.1" 404 88 "-" "Mozilla/5.0 (Windows NT 10.0; Win64; x64)AppleWebKit/537.36 (KHTML, like Gecko) Chrome/91.0.4472.101 Safari/537.36 (compatible; GoogleOther)" "site.tandtrepair.com"
114.119.135.204 - - [14/Feb/2023:04:41:32 -0800] "GET /robots.txt HTTP/1.1" 404 88 "-" "Mozilla/5.0 (compatible;PetalBot;+https://webmaster.petalsearch.com/site/petalbot)" "site.tandtrepair.com"
40.77.167.212 - - [14/Feb/2023:05:25:45 -0800] "GET /freebies/BasicElectronics.pdf HTTP/1.1" 200 376367 "-" "Mozilla/5.0 AppleWebKit/537.36 (KHTML, like Gecko; compatible; bingbot/2.0; +http://www.bing.com/bingbot.htm) Chrome/103.0.5060.134 Safari/537.36" "site.tandtrepair.com"
213.180.203.156 - - [14/Feb/2023:06:28:08 -0800] "GET /robots.txt HTTP/1.1" 404 73 "-" "Mozilla/5.0 (compatible; YandexBot/3.0; +http://yandex.com/bots)" "site.tandtrepair.com"
213.180.203.198 - - [14/Feb/2023:06:28:08 -0800] "GET /Repair_Shops_Pennsylvania.html HTTP/1.1" 404 88 "-" "Mozilla/5.0 (compatible; YandexBot/3.0; +http://yandex.com/bots)" "site.tandtrepair.com"
123.183.224.18 - - [14/Feb/2023:07:16:11 -0800] "GET / HTTP/1.1" 200 10618 "-" "Sogou web spider/4.0(+http://www.sogou.com/docs/help/webmasters.htm#07)" "site.tandtrepair.com"
66.249.64.123 - - [14/Feb/2023:07:17:50 -0800] "GET /robots.txt HTTP/1.1" 404 88 "-" "Mozilla/5.0 (compatible; Googlebot/2.1; +http://www.google.com/bot.html)" "site.tandtrepair.com"
73.44.236.204 - - [14/Feb/2023:07:45:05 -0800] "GET / HTTP/1.1" 200 10618 "-" "Mozilla/5.0 (Windows NT 10.0; Win64; x64) AppleWebKit/537.36 (KHTML, like Gecko) Chrome/109.0.0.0 Safari/537.36" "site.tandtrepair.com"
73.44.236.204 - - [14/Feb/2023:07:45:05 -0800] "GET /sitebuilder/images/Greenish_Banner-1069x163.jpg HTTP/1.1" 404 88 "http://site.tandtrepair.com/" "Mozilla/5.0 (Windows NT 10.0; Win64; x64) AppleWebKit/537.36 (KHTML, like Gecko) Chrome/109.0.0.0 Safari/537.36" "site.tandtrepair.com"
73.44.236.204 - - [14/Feb/2023:07:45:06 -0800] "GET /sitebuilder/images/Greenish_Banner-200x1691.jpg HTTP/1.1" 404 88 "http://site.tandtrepair.com/" "Mozilla/5.0 (Windows NT 10.0; Win64; x64) AppleWebKit/537.36 (KHTML, like Gecko) Chrome/109.0.0.0 Safari/537.36" "site.tandtrepair.com"
73.44.236.204 - - [14/Feb/2023:07:45:06 -0800] "GET /images/angbizon.gif HTTP/1.1" 404 88 "http://site.tandtrepair.com/" "Mozilla/5.0 (Windows NT 10.0; Win64; x64) AppleWebKit/537.36 (KHTML, like Gecko) Chrome/109.0.0.0 Safari/537.36" "site.tandtrepair.com"
73.44.236.204 - - [14/Feb/2023:07:45:06 -0800] "GET /sitebuilder/images/index.html-11.png HTTP/1.1" 404 88 "http://site.tandtrepair.com/" "Mozilla/5.0 (Windows NT 10.0; Win64; x64) AppleWebKit/537.36 (KHTML, like Gecko) Chrome/109.0.0.0 Safari/537.36" "site.tandtrepair.com"
73.44.236.204 - - [14/Feb/2023:07:45:06 -0800] "GET /Logo/discover_novus.gif HTTP/1.1" 404 88 "http://site.tandtrepair.com/" "Mozilla/5.0 (Windows NT 10.0; Win64; x64) AppleWebKit/537.36 (KHTML, like Gecko) Chrome/109.0.0.0 Safari/537.36" "site.tandtrepair.com"
73.44.236.204 - - [14/Feb/2023:07:45:06 -0800] "GET /Logo/visalg.gif HTTP/1.1" 404 88 "http://site.tandtrepair.com/" "Mozilla/5.0 (Windows NT 10.0; Win64; x64) AppleWebKit/537.36 (KHTML, like Gecko) Chrome/109.0.0.0 Safari/537.36" "site.tandtrepair.com"
73.44.236.204 - - [14/Feb/2023:07:45:06 -0800] "GET /sitebuilder/images/mastercard-60x37.jpg HTTP/1.1" 404 88 "http://site.tandtrepair.com/" "Mozilla/5.0 (Windows NT 10.0; Win64; x64) AppleWebKit/537.36 (KHTML, like Gecko) Chrome/109.0.0.0 Safari/537.36" "site.tandtrepair.com"
73.44.236.204 - - [14/Feb/2023:07:45:06 -0800] "GET /sitebuilder/images/amsamflag-95x59.jpg HTTP/1.1" 404 88 "http://site.tandtrepair.com/" "Mozilla/5.0 (Windows NT 10.0; Win64; x64) AppleWebKit/537.36 (KHTML, like Gecko) Chrome/109.0.0.0 Safari/537.36" "site.tandtrepair.com"
73.44.236.204 - - [14/Feb/2023:07:45:06 -0800] "GET /PagePicts/album_4july_usaflag.gif HTTP/1.1" 404 88 "http://site.tandtrepair.com/" "Mozilla/5.0 (Windows NT 10.0; Win64; x64) AppleWebKit/537.36 (KHTML, like Gecko) Chrome/109.0.0.0 Safari/537.36" "site.tandtrepair.com"
73.44.236.204 - - [14/Feb/2023:07:45:06 -0800] "GET /sitebuilder/images/index.html-10.png HTTP/1.1" 404 88 "http://site.tandtrepair.com/" "Mozilla/5.0 (Windows NT 10.0; Win64; x64) AppleWebKit/537.36 (KHTML, like Gecko) Chrome/109.0.0.0 Safari/537.36" "site.tandtrepair.com"
73.44.236.204 - - [14/Feb/2023:07:45:06 -0800] "GET /sitebuilder/images/2020_16_10pk-90x130.jpg HTTP/1.1" 404 88 "http://site.tandtrepair.com/" "Mozilla/5.0 (Windows NT 10.0; Win64; x64) AppleWebKit/537.36 (KHTML, like Gecko) Chrome/109.0.0.0 Safari/537.36" "site.tandtrepair.com"
73.44.236.204 - - [14/Feb/2023:07:45:06 -0800] "GET /sitebuilder/images/Jean_A_Ma_Jig_Pict-100x123.jpg HTTP/1.1" 404 88 "http://site.tandtrepair.com/" "Mozilla/5.0 (Windows NT 10.0; Win64; x64) AppleWebKit/537.36 (KHTML, like Gecko) Chrome/109.0.0.0 Safari/537.36" "site.tandtrepair.com"
73.44.236.204 - - [14/Feb/2023:07:45:06 -0800] "GET /sitebuilder/images/index.html-9.png HTTP/1.1" 404 88 "http://site.tandtrepair.com/" "Mozilla/5.0 (Windows NT 10.0; Win64; x64) AppleWebKit/537.36 (KHTML, like Gecko) Chrome/109.0.0.0 Safari/537.36" "site.tandtrepair.com"
73.44.236.204 - - [14/Feb/2023:07:45:06 -0800] "GET /sitebuilder/images/GreenLightVetsDay-72x90.jpg HTTP/1.1" 404 88 "http://site.tandtrepair.com/" "Mozilla/5.0 (Windows NT 10.0; Win64; x64) AppleWebKit/537.36 (KHTML, like Gecko) Chrome/109.0.0.0 Safari/537.36" "site.tandtrepair.com"
73.44.236.204 - - [14/Feb/2023:07:45:06 -0800] "GET /sitebuilder/images/indexnewnav1-3-inactive-11359.png HTTP/1.1" 404 88 "http://site.tandtrepair.com/" "Mozilla/5.0 (Windows NT 10.0; Win64; x64) AppleWebKit/537.36 (KHTML, like Gecko) Chrome/109.0.0.0 Safari/537.36" "site.tandtrepair.com"
73.44.236.204 - - [14/Feb/2023:07:45:06 -0800] "GET /sitebuilder/images/indexnewnav1-13-inactive-98171.png HTTP/1.1" 404 88 "http://site.tandtrepair.com/" "Mozilla/5.0 (Windows NT 10.0; Win64; x64) AppleWebKit/537.36 (KHTML, like Gecko) Chrome/109.0.0.0 Safari/537.36" "site.tandtrepair.com"
73.44.236.204 - - [14/Feb/2023:07:45:06 -0800] "GET /sitebuilder/images/index.html-2.png HTTP/1.1" 404 88 "http://site.tandtrepair.com/" "Mozilla/5.0 (Windows NT 10.0; Win64; x64) AppleWebKit/537.36 (KHTML, like Gecko) Chrome/109.0.0.0 Safari/537.36" "site.tandtrepair.com"
73.44.236.204 - - [14/Feb/2023:07:45:06 -0800] "GET /sitebuilder/images/index.html-5.png HTTP/1.1" 404 88 "http://site.tandtrepair.com/" "Mozilla/5.0 (Windows NT 10.0; Win64; x64) AppleWebKit/537.36 (KHTML, like Gecko) Chrome/109.0.0.0 Safari/537.36" "site.tandtrepair.com"
73.44.236.204 - - [14/Feb/2023:07:45:06 -0800] "GET /sitebuilder/images/index.html-8.png HTTP/1.1" 404 88 "http://site.tandtrepair.com/" "Mozilla/5.0 (Windows NT 10.0; Win64; x64) AppleWebKit/537.36 (KHTML, like Gecko) Chrome/109.0.0.0 Safari/537.36" "site.tandtrepair.com"
73.44.236.204 - - [14/Feb/2023:07:45:06 -0800] "GET /PartPicts/172336_66ClassBobbin.jpg HTTP/1.1" 404 88 "http://site.tandtrepair.com/" "Mozilla/5.0 (Windows NT 10.0; Win64; x64) AppleWebKit/537.36 (KHTML, like Gecko) Chrome/109.0.0.0 Safari/537.36" "site.tandtrepair.com"
73.44.236.204 - - [14/Feb/2023:07:45:06 -0800] "GET /sitebuilder/images/index.html-6.png HTTP/1.1" 404 88 "http://site.tandtrepair.com/" "Mozilla/5.0 (Windows NT 10.0; Win64; x64) AppleWebKit/537.36 (KHTML, like Gecko) Chrome/109.0.0.0 Safari/537.36" "site.tandtrepair.com"
73.44.236.204 - - [14/Feb/2023:07:45:06 -0800] "GET /PagePicts/yellowribbon1.gif HTTP/1.1" 404 88 "http://site.tandtrepair.com/" "Mozilla/5.0 (Windows NT 10.0; Win64; x64) AppleWebKit/537.36 (KHTML, like Gecko) Chrome/109.0.0.0 Safari/537.36" "site.tandtrepair.com"
73.44.236.204 - - [14/Feb/2023:07:45:06 -0800] "GET /sitebuilder/images/indexnewnav1-26-inactive-62201.png HTTP/1.1" 404 88 "http://site.tandtrepair.com/" "Mozilla/5.0 (Windows NT 10.0; Win64; x64) AppleWebKit/537.36 (KHTML, like Gecko) Chrome/109.0.0.0 Safari/537.36" "site.tandtrepair.com"
73.44.236.204 - - [14/Feb/2023:07:45:06 -0800] "GET /sitebuilder/images/indexnewnav1-24-inactive-81019.png HTTP/1.1" 404 88 "http://site.tandtrepair.com/" "Mozilla/5.0 (Windows NT 10.0; Win64; x64) AppleWebKit/537.36 (KHTML, like Gecko) Chrome/109.0.0.0 Safari/537.36" "site.tandtrepair.com"
73.44.236.204 - - [14/Feb/2023:07:45:06 -0800] "GET /sitebuilder/images/indexnewnav1-11-inactive-27468.png HTTP/1.1" 404 88 "http://site.tandtrepair.com/" "Mozilla/5.0 (Windows NT 10.0; Win64; x64) AppleWebKit/537.36 (KHTML, like Gecko) Chrome/109.0.0.0 Safari/537.36" "site.tandtrepair.com"
73.44.236.204 - - [14/Feb/2023:07:45:06 -0800] "GET /sitebuilder/images/indexnewnav1-10-inactive-27281.png HTTP/1.1" 404 88 "http://site.tandtrepair.com/" "Mozilla/5.0 (Windows NT 10.0; Win64; x64) AppleWebKit/537.36 (KHTML, like Gecko) Chrome/109.0.0.0 Safari/537.36" "site.tandtrepair.com"
73.44.236.204 - - [14/Feb/2023:07:45:06 -0800] "GET /sitebuilder/images/indexnewnav1-9-inactive-27125.png HTTP/1.1" 404 88 "http://site.tandtrepair.com/" "Mozilla/5.0 (Windows NT 10.0; Win64; x64) AppleWebKit/537.36 (KHTML, like Gecko) Chrome/109.0.0.0 Safari/537.36" "site.tandtrepair.com"
73.44.236.204 - - [14/Feb/2023:07:45:06 -0800] "GET /sitebuilder/images/indexnewnav1-17-inactive-31671.png HTTP/1.1" 404 88 "http://site.tandtrepair.com/" "Mozilla/5.0 (Windows NT 10.0; Win64; x64) AppleWebKit/537.36 (KHTML, like Gecko) Chrome/109.0.0.0 Safari/537.36" "site.tandtrepair.com"
73.44.236.204 - - [14/Feb/2023:07:45:06 -0800] "GET /sitebuilder/images/indexnewnav1-22-inactive-79515.png HTTP/1.1" 404 88 "http://site.tandtrepair.com/" "Mozilla/5.0 (Windows NT 10.0; Win64; x64) AppleWebKit/537.36 (KHTML, like Gecko) Chrome/109.0.0.0 Safari/537.36" "site.tandtrepair.com"
73.44.236.204 - - [14/Feb/2023:07:45:06 -0800] "GET /sitebuilder/images/indexnewnav1-19-inactive-31968.png HTTP/1.1" 404 88 "http://site.tandtrepair.com/" "Mozilla/5.0 (Windows NT 10.0; Win64; x64) AppleWebKit/537.36 (KHTML, like Gecko) Chrome/109.0.0.0 Safari/537.36" "site.tandtrepair.com"
73.44.236.204 - - [14/Feb/2023:07:45:06 -0800] "GET /sitebuilder/images/indexnewnav1-14-inactive-98328.png HTTP/1.1" 404 88 "http://site.tandtrepair.com/" "Mozilla/5.0 (Windows NT 10.0; Win64; x64) AppleWebKit/537.36 (KHTML, like Gecko) Chrome/109.0.0.0 Safari/537.36" "site.tandtrepair.com"
73.44.236.204 - - [14/Feb/2023:07:45:06 -0800] "GET /sitebuilder/images/indexnewnav1-23-inactive-39312.png HTTP/1.1" 404 88 "http://site.tandtrepair.com/" "Mozilla/5.0 (Windows NT 10.0; Win64; x64) AppleWebKit/537.36 (KHTML, like Gecko) Chrome/109.0.0.0 Safari/537.36" "site.tandtrepair.com"
73.44.236.204 - - [14/Feb/2023:07:45:06 -0800] "GET /sitebuilder/images/indexnewnav1-7-inactive-26828.png HTTP/1.1" 404 88 "http://site.tandtrepair.com/" "Mozilla/5.0 (Windows NT 10.0; Win64; x64) AppleWebKit/537.36 (KHTML, like Gecko) Chrome/109.0.0.0 Safari/537.36" "site.tandtrepair.com"
73.44.236.204 - - [14/Feb/2023:07:45:06 -0800] "GET /sitebuilder/images/indexnewnav1-15-inactive-31390.png HTTP/1.1" 404 88 "http://site.tandtrepair.com/" "Mozilla/5.0 (Windows NT 10.0; Win64; x64) AppleWebKit/537.36 (KHTML, like Gecko) Chrome/109.0.0.0 Safari/537.36" "site.tandtrepair.com"
73.44.236.204 - - [14/Feb/2023:07:45:06 -0800] "GET /sitebuilder/images/indexnewnav1-16-inactive-31515.png HTTP/1.1" 404 88 "http://site.tandtrepair.com/" "Mozilla/5.0 (Windows NT 10.0; Win64; x64) AppleWebKit/537.36 (KHTML, like Gecko) Chrome/109.0.0.0 Safari/537.36" "site.tandtrepair.com"
73.44.236.204 - - [14/Feb/2023:07:45:06 -0800] "GET /sitebuilder/images/indexnewnav1-5-inactive-11468.png HTTP/1.1" 404 88 "http://site.tandtrepair.com/" "Mozilla/5.0 (Windows NT 10.0; Win64; x64) AppleWebKit/537.36 (KHTML, like Gecko) Chrome/109.0.0.0 Safari/537.36" "site.tandtrepair.com"
73.44.236.204 - - [14/Feb/2023:07:45:06 -0800] "GET /sitebuilder/images/indexnewnav1-28-inactive-75588.png HTTP/1.1" 404 88 "http://site.tandtrepair.com/" "Mozilla/5.0 (Windows NT 10.0; Win64; x64) AppleWebKit/537.36 (KHTML, like Gecko) Chrome/109.0.0.0 Safari/537.36" "site.tandtrepair.com"
73.44.236.204 - - [14/Feb/2023:07:45:06 -0800] "GET /sitebuilder/images/indexnewnav1-4-inactive-11421.png HTTP/1.1" 404 88 "http://site.tandtrepair.com/" "Mozilla/5.0 (Windows NT 10.0; Win64; x64) AppleWebKit/537.36 (KHTML, like Gecko) Chrome/109.0.0.0 Safari/537.36" "site.tandtrepair.com"
73.44.236.204 - - [14/Feb/2023:07:45:06 -0800] "GET /sitebuilder/images/indexnewnav1-8-inactive-26968.png HTTP/1.1" 404 88 "http://site.tandtrepair.com/" "Mozilla/5.0 (Windows NT 10.0; Win64; x64) AppleWebKit/537.36 (KHTML, like Gecko) Chrome/109.0.0.0 Safari/537.36" "site.tandtrepair.com"
73.44.236.204 - - [14/Feb/2023:07:45:06 -0800] "GET /sitebuilder/images/indexnewnav1-18-inactive-31812.png HTTP/1.1" 404 88 "http://site.tandtrepair.com/" "Mozilla/5.0 (Windows NT 10.0; Win64; x64) AppleWebKit/537.36 (KHTML, like Gecko) Chrome/109.0.0.0 Safari/537.36" "site.tandtrepair.com"
73.44.236.204 - - [14/Feb/2023:07:45:06 -0800] "GET /sitebuilder/images/indexnewnav1-21-inactive-32234.png HTTP/1.1" 404 88 "http://site.tandtrepair.com/" "Mozilla/5.0 (Windows NT 10.0; Win64; x64) AppleWebKit/537.36 (KHTML, like Gecko) Chrome/109.0.0.0 Safari/537.36" "site.tandtrepair.com"
73.44.236.204 - - [14/Feb/2023:07:45:06 -0800] "GET /sitebuilder/images/indexnewnav1-2-inactive-11296.png HTTP/1.1" 404 88 "http://site.tandtrepair.com/" "Mozilla/5.0 (Windows NT 10.0; Win64; x64) AppleWebKit/537.36 (KHTML, like Gecko) Chrome/109.0.0.0 Safari/537.36" "site.tandtrepair.com"
73.44.236.204 - - [14/Feb/2023:07:45:06 -0800] "GET /sitebuilder/images/indexnewnav1-0-active-11187.png HTTP/1.1" 404 88 "http://site.tandtrepair.com/" "Mozilla/5.0 (Windows NT 10.0; Win64; x64) AppleWebKit/537.36 (KHTML, like Gecko) Chrome/109.0.0.0 Safari/537.36" "site.tandtrepair.com"
73.44.236.204 - - [14/Feb/2023:07:45:06 -0800] "GET /sitebuilder/images/indexnewnav1-27-inactive-28373.png HTTP/1.1" 404 88 "http://site.tandtrepair.com/" "Mozilla/5.0 (Windows NT 10.0; Win64; x64) AppleWebKit/537.36 (KHTML, like Gecko) Chrome/109.0.0.0 Safari/537.36" "site.tandtrepair.com"
73.44.236.204 - - [14/Feb/2023:07:45:06 -0800] "GET /sitebuilder/images/indexnewnav1-20-inactive-32093.png HTTP/1.1" 404 88 "http://site.tandtrepair.com/" "Mozilla/5.0 (Windows NT 10.0; Win64; x64) AppleWebKit/537.36 (KHTML, like Gecko) Chrome/109.0.0.0 Safari/537.36" "site.tandtrepair.com"
73.44.236.204 - - [14/Feb/2023:07:45:06 -0800] "GET /sitebuilder/images/indexnewnav1-6-inactive-26671.png HTTP/1.1" 404 88 "http://site.tandtrepair.com/" "Mozilla/5.0 (Windows NT 10.0; Win64; x64) AppleWebKit/537.36 (KHTML, like Gecko) Chrome/109.0.0.0 Safari/537.36" "site.tandtrepair.com"
73.44.236.204 - - [14/Feb/2023:07:45:06 -0800] "GET /images/Flag_USA_Waving.gif HTTP/1.1" 404 88 "http://site.tandtrepair.com/" "Mozilla/5.0 (Windows NT 10.0; Win64; x64) AppleWebKit/537.36 (KHTML, like Gecko) Chrome/109.0.0.0 Safari/537.36" "site.tandtrepair.com"
73.44.236.204 - - [14/Feb/2023:07:45:06 -0800] "GET /sitebuilder/images/indexnewnav1-29-inactive-24293.png HTTP/1.1" 404 88 "http://site.tandtrepair.com/" "Mozilla/5.0 (Windows NT 10.0; Win64; x64) AppleWebKit/537.36 (KHTML, like Gecko) Chrome/109.0.0.0 Safari/537.36" "site.tandtrepair.com"
73.44.236.204 - - [14/Feb/2023:07:45:06 -0800] "GET /images/HobbyBlueEMailImg.gif HTTP/1.1" 404 88 "http://site.tandtrepair.com/" "Mozilla/5.0 (Windows NT 10.0; Win64; x64) AppleWebKit/537.36 (KHTML, like Gecko) Chrome/109.0.0.0 Safari/537.36" "site.tandtrepair.com"
73.44.236.204 - - [14/Feb/2023:07:45:06 -0800] "GET /clipart/buttons/store/cart.gif HTTP/1.1" 404 88 "http://site.tandtrepair.com/" "Mozilla/5.0 (Windows NT 10.0; Win64; x64) AppleWebKit/537.36 (KHTML, like Gecko) Chrome/109.0.0.0 Safari/537.36" "site.tandtrepair.com"
73.44.236.204 - - [14/Feb/2023:07:45:06 -0800] "GET /sitebuilder/images/indexnewnav1-1-inactive-11218.png HTTP/1.1" 404 88 "http://site.tandtrepair.com/" "Mozilla/5.0 (Windows NT 10.0; Win64; x64) AppleWebKit/537.36 (KHTML, like Gecko) Chrome/109.0.0.0 Safari/537.36" "site.tandtrepair.com"
73.44.236.204 - - [14/Feb/2023:07:45:06 -0800] "GET /sitebuilder/images/Shriner1_logo-242x93.jpg HTTP/1.1" 404 88 "http://site.tandtrepair.com/" "Mozilla/5.0 (Windows NT 10.0; Win64; x64) AppleWebKit/537.36 (KHTML, like Gecko) Chrome/109.0.0.0 Safari/537.36" "site.tandtrepair.com"
73.44.236.204 - - [14/Feb/2023:07:45:06 -0800] "GET /sitebuilder/images/indexnewnav1-30-inactive-92234.png HTTP/1.1" 404 88 "http://site.tandtrepair.com/" "Mozilla/5.0 (Windows NT 10.0; Win64; x64) AppleWebKit/537.36 (KHTML, like Gecko) Chrome/109.0.0.0 Safari/537.36" "site.tandtrepair.com"
73.44.236.204 - - [14/Feb/2023:07:45:06 -0800] "GET /sitebuilder/images/indexnewnav1-31-inactive-71859.png HTTP/1.1" 404 88 "http://site.tandtrepair.com/" "Mozilla/5.0 (Windows NT 10.0; Win64; x64) AppleWebKit/537.36 (KHTML, like Gecko) Chrome/109.0.0.0 Safari/537.36" "site.tandtrepair.com"
73.44.236.204 - - [14/Feb/2023:07:45:06 -0800] "GET /sitebuilder/images/indexnewnav1-32-inactive-11044.png HTTP/1.1" 404 88 "http://site.tandtrepair.com/" "Mozilla/5.0 (Windows NT 10.0; Win64; x64) AppleWebKit/537.36 (KHTML, like Gecko) Chrome/109.0.0.0 Safari/537.36" "site.tandtrepair.com"
73.44.236.204 - - [14/Feb/2023:07:45:06 -0800] "GET /sitebuilder/images/indexnewnav1-33-inactive-28913.png HTTP/1.1" 404 88 "http://site.tandtrepair.com/" "Mozilla/5.0 (Windows NT 10.0; Win64; x64) AppleWebKit/537.36 (KHTML, like Gecko) Chrome/109.0.0.0 Safari/537.36" "site.tandtrepair.com"
73.44.236.204 - - [14/Feb/2023:07:45:06 -0800] "GET /sitebuilder/images/indexnewnav1-33-inactive-17768.png HTTP/1.1" 404 88 "http://site.tandtrepair.com/" "Mozilla/5.0 (Windows NT 10.0; Win64; x64) AppleWebKit/537.36 (KHTML, like Gecko) Chrome/109.0.0.0 Safari/537.36" "site.tandtrepair.com"
73.44.236.204 - - [14/Feb/2023:07:45:06 -0800] "GET /sitebuilder/images/indexnewnav1-34-inactive-17881.png HTTP/1.1" 404 88 "http://site.tandtrepair.com/" "Mozilla/5.0 (Windows NT 10.0; Win64; x64) AppleWebKit/537.36 (KHTML, like Gecko) Chrome/109.0.0.0 Safari/537.36" "site.tandtrepair.com"
73.44.236.204 - - [14/Feb/2023:07:45:06 -0800] "GET /sitebuilder/images/indexnewnav1-34-inactive-05268.png HTTP/1.1" 404 88 "http://site.tandtrepair.com/" "Mozilla/5.0 (Windows NT 10.0; Win64; x64) AppleWebKit/537.36 (KHTML, like Gecko) Chrome/109.0.0.0 Safari/537.36" "site.tandtrepair.com"
73.44.236.204 - - [14/Feb/2023:07:45:06 -0800] "GET /sitebuilder/images/indexnewnav1-35-inactive-13411.png HTTP/1.1" 404 88 "http://site.tandtrepair.com/" "Mozilla/5.0 (Windows NT 10.0; Win64; x64) AppleWebKit/537.36 (KHTML, like Gecko) Chrome/109.0.0.0 Safari/537.36" "site.tandtrepair.com"
73.44.236.204 - - [14/Feb/2023:07:45:06 -0800] "GET /sitebuilder/images/No_Child-43x106.jpg HTTP/1.1" 404 88 "http://site.tandtrepair.com/" "Mozilla/5.0 (Windows NT 10.0; Win64; x64) AppleWebKit/537.36 (KHTML, like Gecko) Chrome/109.0.0.0 Safari/537.36" "site.tandtrepair.com"
73.44.236.204 - - [14/Feb/2023:07:45:06 -0800] "GET /sitebuilder/images/shriner-logo_green-114x98.jpg HTTP/1.1" 404 88 "http://site.tandtrepair.com/" "Mozilla/5.0 (Windows NT 10.0; Win64; x64) AppleWebKit/537.36 (KHTML, like Gecko) Chrome/109.0.0.0 Safari/537.36" "site.tandtrepair.com"
73.44.236.204 - - [14/Feb/2023:07:45:06 -0800] "GET /images/sqrotes2.gif HTTP/1.1" 404 88 "http://site.tandtrepair.com/" "Mozilla/5.0 (Windows NT 10.0; Win64; x64) AppleWebKit/537.36 (KHTML, like Gecko) Chrome/109.0.0.0 Safari/537.36" "site.tandtrepair.com"
73.44.236.204 - - [14/Feb/2023:07:45:06 -0800] "GET /sitebuilder/images/Brother_At_Your_Side_Logo-133x40.jpg HTTP/1.1" 404 88 "http://site.tandtrepair.com/" "Mozilla/5.0 (Windows NT 10.0; Win64; x64) AppleWebKit/537.36 (KHTML, like Gecko) Chrome/109.0.0.0 Safari/537.36" "site.tandtrepair.com"
73.44.236.204 - - [14/Feb/2023:07:45:06 -0800] "GET /sitebuilder/images/IndexNav2-0-inactive-03171.png HTTP/1.1" 404 88 "http://site.tandtrepair.com/" "Mozilla/5.0 (Windows NT 10.0; Win64; x64) AppleWebKit/537.36 (KHTML, like Gecko) Chrome/109.0.0.0 Safari/537.36" "site.tandtrepair.com"
73.44.236.204 - - [14/Feb/2023:07:45:06 -0800] "GET /sitebuilder/images/IndexNav2-1-inactive-03218.png HTTP/1.1" 404 88 "http://site.tandtrepair.com/" "Mozilla/5.0 (Windows NT 10.0; Win64; x64) AppleWebKit/537.36 (KHTML, like Gecko) Chrome/109.0.0.0 Safari/537.36" "site.tandtrepair.com"
73.44.236.204 - - [14/Feb/2023:07:45:06 -0800] "GET /sitebuilder/images/IndexNav2-2-inactive-12543.png HTTP/1.1" 404 88 "http://site.tandtrepair.com/" "Mozilla/5.0 (Windows NT 10.0; Win64; x64) AppleWebKit/537.36 (KHTML, like Gecko) Chrome/109.0.0.0 Safari/537.36" "site.tandtrepair.com"
73.44.236.204 - - [14/Feb/2023:07:45:06 -0800] "GET /PagePicts/Machine_Wall_Paper2.jpg HTTP/1.1" 404 88 "http://site.tandtrepair.com/" "Mozilla/5.0 (Windows NT 10.0; Win64; x64) AppleWebKit/537.36 (KHTML, like Gecko) Chrome/109.0.0.0 Safari/537.36" "site.tandtrepair.com"
73.44.236.204 - - [14/Feb/2023:07:45:06 -0800] "GET /favicon.ico HTTP/1.1" 404 88 "http://site.tandtrepair.com/" "Mozilla/5.0 (Windows NT 10.0; Win64; x64) AppleWebKit/537.36 (KHTML, like Gecko) Chrome/109.0.0.0 Safari/537.36" "site.tandtrepair.com"
73.44.236.204 - - [14/Feb/2023:07:45:43 -0800] "GET /sitebuilder/images/IndexNav2-2-mouseOver-12606.png HTTP/1.1" 404 88 "http://site.tandtrepair.com/" "Mozilla/5.0 (Windows NT 10.0; Win64; x64) AppleWebKit/537.36 (KHTML, like Gecko) Chrome/109.0.0.0 Safari/537.36" "site.tandtrepair.com"
73.44.236.204 - - [14/Feb/2023:07:45:43 -0800] "GET /sitebuilder/images/IndexNav2-2-inactive-12543.png HTTP/1.1" 404 88 "http://site.tandtrepair.com/" "Mozilla/5.0 (Windows NT 10.0; Win64; x64) AppleWebKit/537.36 (KHTML, like Gecko) Chrome/109.0.0.0 Safari/537.36" "site.tandtrepair.com"
73.44.236.204 - - [14/Feb/2023:07:45:43 -0800] "GET /sitebuilder/images/IndexNav2-1-mouseOver-37593.png HTTP/1.1" 404 88 "http://site.tandtrepair.com/" "Mozilla/5.0 (Windows NT 10.0; Win64; x64) AppleWebKit/537.36 (KHTML, like Gecko) Chrome/109.0.0.0 Safari/537.36" "site.tandtrepair.com"
73.44.236.204 - - [14/Feb/2023:07:45:43 -0800] "GET /sitebuilder/images/IndexNav2-0-mouseOver-37500.png HTTP/1.1" 404 88 "http://site.tandtrepair.com/" "Mozilla/5.0 (Windows NT 10.0; Win64; x64) AppleWebKit/537.36 (KHTML, like Gecko) Chrome/109.0.0.0 Safari/537.36" "site.tandtrepair.com"
73.44.236.204 - - [14/Feb/2023:07:45:43 -0800] "GET /sitebuilder/images/IndexNav2-1-inactive-03218.png HTTP/1.1" 404 88 "http://site.tandtrepair.com/" "Mozilla/5.0 (Windows NT 10.0; Win64; x64) AppleWebKit/537.36 (KHTML, like Gecko) Chrome/109.0.0.0 Safari/537.36" "site.tandtrepair.com"
73.44.236.204 - - [14/Feb/2023:07:45:44 -0800] "GET /sitebuilder/images/IndexNav2-0-inactive-03171.png HTTP/1.1" 404 88 "http://site.tandtrepair.com/" "Mozilla/5.0 (Windows NT 10.0; Win64; x64) AppleWebKit/537.36 (KHTML, like Gecko) Chrome/109.0.0.0 Safari/537.36" "site.tandtrepair.com"
73.44.236.204 - - [14/Feb/2023:07:45:44 -0800] "GET /sitebuilder/images/IndexNav2-0-mouseOver-37500.png HTTP/1.1" 404 88 "http://site.tandtrepair.com/" "Mozilla/5.0 (Windows NT 10.0; Win64; x64) AppleWebKit/537.36 (KHTML, like Gecko) Chrome/109.0.0.0 Safari/537.36" "site.tandtrepair.com"
73.44.236.204 - - [14/Feb/2023:07:45:46 -0800] "GET /sitebuilder/images/IndexNav2-0-mouseOver-37500.png HTTP/1.1" 404 88 "http://site.tandtrepair.com/" "Mozilla/5.0 (Windows NT 10.0; Win64; x64) AppleWebKit/537.36 (KHTML, like Gecko) Chrome/109.0.0.0 Safari/537.36" "site.tandtrepair.com"
73.44.236.204 - - [14/Feb/2023:07:45:46 -0800] "GET /sitebuilder/images/IndexNav2-0-inactive-03171.png HTTP/1.1" 404 88 "http://site.tandtrepair.com/" "Mozilla/5.0 (Windows NT 10.0; Win64; x64) AppleWebKit/537.36 (KHTML, like Gecko) Chrome/109.0.0.0 Safari/537.36" "site.tandtrepair.com"
73.44.236.204 - - [14/Feb/2023:07:45:46 -0800] "GET /sitebuilder/images/IndexNav2-1-mouseOver-37593.png HTTP/1.1" 404 88 "http://site.tandtrepair.com/" "Mozilla/5.0 (Windows NT 10.0; Win64; x64) AppleWebKit/537.36 (KHTML, like Gecko) Chrome/109.0.0.0 Safari/537.36" "site.tandtrepair.com"
73.44.236.204 - - [14/Feb/2023:07:45:48 -0800] "GET /SingerGears.html HTTP/1.1" 404 88 "http://site.tandtrepair.com/" "Mozilla/5.0 (Windows NT 10.0; Win64; x64) AppleWebKit/537.36 (KHTML, like Gecko) Chrome/109.0.0.0 Safari/537.36" "site.tandtrepair.com"
73.44.236.204 - - [14/Feb/2023:07:45:53 -0800] "GET /sitebuilder/images/IndexNav2-2-mouseOver-12606.png HTTP/1.1" 404 88 "http://site.tandtrepair.com/" "Mozilla/5.0 (Windows NT 10.0; Win64; x64) AppleWebKit/537.36 (KHTML, like Gecko) Chrome/109.0.0.0 Safari/537.36" "site.tandtrepair.com"
73.44.236.204 - - [14/Feb/2023:07:45:53 -0800] "GET /sitebuilder/images/IndexNav2-2-inactive-12543.png HTTP/1.1" 404 88 "http://site.tandtrepair.com/" "Mozilla/5.0 (Windows NT 10.0; Win64; x64) AppleWebKit/537.36 (KHTML, like Gecko) Chrome/109.0.0.0 Safari/537.36" "site.tandtrepair.com"
40.77.167.165 - - [14/Feb/2023:08:39:20 -0800] "GET /Athena2000M/FreeStuff/RemoveBC2000.pdf HTTP/1.1" 404 88 "-" "Mozilla/5.0 AppleWebKit/537.36 (KHTML, like Gecko; compatible; bingbot/2.0; +http://www.bing.com/bingbot.htm) Chrome/103.0.5060.134 Safari/537.36" "site.tandtrepair.com"
54.36.149.51 - - [14/Feb/2023:09:40:28 -0800] "GET /robots.txt HTTP/1.1" 404 88 "-" "Mozilla/5.0 (compatible; AhrefsBot/7.0; +http://ahrefs.com/robot/)" "site.tandtrepair.com"
51.222.253.18 - - [14/Feb/2023:09:40:29 -0800] "GET /public/images/?C=S;O=D HTTP/1.1" 200 502 "-" "Mozilla/5.0 (compatible; AhrefsBot/7.0; +http://ahrefs.com/robot/)" "site.tandtrepair.com"
157.55.39.1 - - [14/Feb/2023:10:29:54 -0800] "GET /Repair_Shops_Montana.html HTTP/1.1" 404 88 "-" "Mozilla/5.0 AppleWebKit/537.36 (KHTML, like Gecko; compatible; bingbot/2.0; +http://www.bing.com/bingbot.htm) Chrome/103.0.5060.134 Safari/537.36" "site.tandtrepair.com"
185.191.171.19 - - [14/Feb/2023:10:41:37 -0800] "GET /@site.tandtrepair.com/?C=S&percnt;3BO&percnt;3DD& HTTP/1.1" 200 10618 "-" "Mozilla/5.0 (compatible; SemrushBot/7~bl; +http://www.semrush.com/bot.html)" "p9.secure.hostingprod.com"
66.249.64.119 - - [14/Feb/2023:11:25:23 -0800] "GET /robots.txt HTTP/1.1" 404 88 "-" "Mozilla/5.0 (compatible; Googlebot/2.1; +http://www.google.com/bot.html)" "site.tandtrepair.com"
45.36.125.12 - - [14/Feb/2023:11:43:20 -0800] "GET / HTTP/1.1" 200 10618 "-" "Mozilla/5.0 (Macintosh; Intel Mac OS X 10_15_7) AppleWebKit/605.1.15 (KHTML, like Gecko) Version/16.2 Safari/605.1.15" "site.tandtrepair.com"
45.36.125.12 - - [14/Feb/2023:11:43:21 -0800] "GET /sitebuilder/images/Greenish_Banner-1069x163.jpg HTTP/1.1" 404 88 "http://site.tandtrepair.com/" "Mozilla/5.0 (Macintosh; Intel Mac OS X 10_15_7) AppleWebKit/605.1.15 (KHTML, like Gecko) Version/16.2 Safari/605.1.15" "site.tandtrepair.com"
45.36.125.12 - - [14/Feb/2023:11:43:21 -0800] "GET /sitebuilder/images/Greenish_Banner-200x1691.jpg HTTP/1.1" 404 88 "http://site.tandtrepair.com/" "Mozilla/5.0 (Macintosh; Intel Mac OS X 10_15_7) AppleWebKit/605.1.15 (KHTML, like Gecko) Version/16.2 Safari/605.1.15" "site.tandtrepair.com"
45.36.125.12 - - [14/Feb/2023:11:43:21 -0800] "GET /images/angbizon.gif HTTP/1.1" 404 88 "http://site.tandtrepair.com/" "Mozilla/5.0 (Macintosh; Intel Mac OS X 10_15_7) AppleWebKit/605.1.15 (KHTML, like Gecko) Version/16.2 Safari/605.1.15" "site.tandtrepair.com"
45.36.125.12 - - [14/Feb/2023:11:43:21 -0800] "GET /sitebuilder/images/index.html-11.png HTTP/1.1" 404 88 "http://site.tandtrepair.com/" "Mozilla/5.0 (Macintosh; Intel Mac OS X 10_15_7) AppleWebKit/605.1.15 (KHTML, like Gecko) Version/16.2 Safari/605.1.15" "site.tandtrepair.com"
45.36.125.12 - - [14/Feb/2023:11:43:21 -0800] "GET /Logo/discover_novus.gif HTTP/1.1" 404 88 "http://site.tandtrepair.com/" "Mozilla/5.0 (Macintosh; Intel Mac OS X 10_15_7) AppleWebKit/605.1.15 (KHTML, like Gecko) Version/16.2 Safari/605.1.15" "site.tandtrepair.com"
45.36.125.12 - - [14/Feb/2023:11:43:21 -0800] "GET /Logo/visalg.gif HTTP/1.1" 404 88 "http://site.tandtrepair.com/" "Mozilla/5.0 (Macintosh; Intel Mac OS X 10_15_7) AppleWebKit/605.1.15 (KHTML, like Gecko) Version/16.2 Safari/605.1.15" "site.tandtrepair.com"
45.36.125.12 - - [14/Feb/2023:11:43:21 -0800] "GET /sitebuilder/images/mastercard-60x37.jpg HTTP/1.1" 404 88 "http://site.tandtrepair.com/" "Mozilla/5.0 (Macintosh; Intel Mac OS X 10_15_7) AppleWebKit/605.1.15 (KHTML, like Gecko) Version/16.2 Safari/605.1.15" "site.tandtrepair.com"
45.36.125.12 - - [14/Feb/2023:11:43:21 -0800] "GET /PagePicts/album_4july_usaflag.gif HTTP/1.1" 404 88 "http://site.tandtrepair.com/" "Mozilla/5.0 (Macintosh; Intel Mac OS X 10_15_7) AppleWebKit/605.1.15 (KHTML, like Gecko) Version/16.2 Safari/605.1.15" "site.tandtrepair.com"
45.36.125.12 - - [14/Feb/2023:11:43:22 -0800] "GET /sitebuilder/images/amsamflag-95x59.jpg HTTP/1.1" 404 88 "http://site.tandtrepair.com/" "Mozilla/5.0 (Macintosh; Intel Mac OS X 10_15_7) AppleWebKit/605.1.15 (KHTML, like Gecko) Version/16.2 Safari/605.1.15" "site.tandtrepair.com"
45.36.125.12 - - [14/Feb/2023:11:43:22 -0800] "GET /sitebuilder/images/index.html-10.png HTTP/1.1" 404 88 "http://site.tandtrepair.com/" "Mozilla/5.0 (Macintosh; Intel Mac OS X 10_15_7) AppleWebKit/605.1.15 (KHTML, like Gecko) Version/16.2 Safari/605.1.15" "site.tandtrepair.com"
