31.209.42.68 - - [25/Feb/2023:21:37:29 -0800] "GET /sitebuilder/images/indexnewnav1-28-inactive-75588.png HTTP/1.1" 404 88 "http://site.tandtrepair.com/" "Mozilla/5.0 (Windows NT 10.0; Win64; x64) AppleWebKit/537.36 (KHTML, like Gecko) Chrome/110.0.0.0 Safari/537.36 Edg/110.0.1587.56" "site.tandtrepair.com"
31.209.42.68 - - [25/Feb/2023:21:37:29 -0800] "GET /sitebuilder/images/indexnewnav1-29-inactive-24293.png HTTP/1.1" 404 88 "http://site.tandtrepair.com/" "Mozilla/5.0 (Windows NT 10.0; Win64; x64) AppleWebKit/537.36 (KHTML, like Gecko) Chrome/110.0.0.0 Safari/537.36 Edg/110.0.1587.56" "site.tandtrepair.com"
31.209.42.68 - - [25/Feb/2023:21:37:29 -0800] "GET /sitebuilder/images/indexnewnav1-30-inactive-92234.png HTTP/1.1" 404 88 "http://site.tandtrepair.com/" "Mozilla/5.0 (Windows NT 10.0; Win64; x64) AppleWebKit/537.36 (KHTML, like Gecko) Chrome/110.0.0.0 Safari/537.36 Edg/110.0.1587.56" "site.tandtrepair.com"
31.209.42.68 - - [25/Feb/2023:21:37:29 -0800] "GET /sitebuilder/images/indexnewnav1-31-inactive-71859.png HTTP/1.1" 404 88 "http://site.tandtrepair.com/" "Mozilla/5.0 (Windows NT 10.0; Win64; x64) AppleWebKit/537.36 (KHTML, like Gecko) Chrome/110.0.0.0 Safari/537.36 Edg/110.0.1587.56" "site.tandtrepair.com"
31.209.42.68 - - [25/Feb/2023:21:37:29 -0800] "GET /sitebuilder/images/indexnewnav1-32-inactive-11044.png HTTP/1.1" 404 88 "http://site.tandtrepair.com/" "Mozilla/5.0 (Windows NT 10.0; Win64; x64) AppleWebKit/537.36 (KHTML, like Gecko) Chrome/110.0.0.0 Safari/537.36 Edg/110.0.1587.56" "site.tandtrepair.com"
31.209.42.68 - - [25/Feb/2023:21:37:29 -0800] "GET /sitebuilder/images/indexnewnav1-33-inactive-28913.png HTTP/1.1" 404 88 "http://site.tandtrepair.com/" "Mozilla/5.0 (Windows NT 10.0; Win64; x64) AppleWebKit/537.36 (KHTML, like Gecko) Chrome/110.0.0.0 Safari/537.36 Edg/110.0.1587.56" "site.tandtrepair.com"
31.209.42.68 - - [25/Feb/2023:21:37:29 -0800] "GET /sitebuilder/images/indexnewnav1-33-inactive-17768.png HTTP/1.1" 404 88 "http://site.tandtrepair.com/" "Mozilla/5.0 (Windows NT 10.0; Win64; x64) AppleWebKit/537.36 (KHTML, like Gecko) Chrome/110.0.0.0 Safari/537.36 Edg/110.0.1587.56" "site.tandtrepair.com"
31.209.42.68 - - [25/Feb/2023:21:37:29 -0800] "GET /sitebuilder/images/indexnewnav1-34-inactive-17881.png HTTP/1.1" 404 88 "http://site.tandtrepair.com/" "Mozilla/5.0 (Windows NT 10.0; Win64; x64) AppleWebKit/537.36 (KHTML, like Gecko) Chrome/110.0.0.0 Safari/537.36 Edg/110.0.1587.56" "site.tandtrepair.com"
31.209.42.68 - - [25/Feb/2023:21:37:29 -0800] "GET /sitebuilder/images/indexnewnav1-34-inactive-05268.png HTTP/1.1" 404 88 "http://site.tandtrepair.com/" "Mozilla/5.0 (Windows NT 10.0; Win64; x64) AppleWebKit/537.36 (KHTML, like Gecko) Chrome/110.0.0.0 Safari/537.36 Edg/110.0.1587.56" "site.tandtrepair.com"
31.209.42.68 - - [25/Feb/2023:21:37:29 -0800] "GET /sitebuilder/images/indexnewnav1-35-inactive-13411.png HTTP/1.1" 404 88 "http://site.tandtrepair.com/" "Mozilla/5.0 (Windows NT 10.0; Win64; x64) AppleWebKit/537.36 (KHTML, like Gecko) Chrome/110.0.0.0 Safari/537.36 Edg/110.0.1587.56" "site.tandtrepair.com"
31.209.42.68 - - [25/Feb/2023:21:37:29 -0800] "GET /sitebuilder/images/No_Child-43x106.jpg HTTP/1.1" 404 88 "http://site.tandtrepair.com/" "Mozilla/5.0 (Windows NT 10.0; Win64; x64) AppleWebKit/537.36 (KHTML, like Gecko) Chrome/110.0.0.0 Safari/537.36 Edg/110.0.1587.56" "site.tandtrepair.com"
31.209.42.68 - - [25/Feb/2023:21:37:29 -0800] "GET /sitebuilder/images/shriner-logo_green-114x98.jpg HTTP/1.1" 404 88 "http://site.tandtrepair.com/" "Mozilla/5.0 (Windows NT 10.0; Win64; x64) AppleWebKit/537.36 (KHTML, like Gecko) Chrome/110.0.0.0 Safari/537.36 Edg/110.0.1587.56" "site.tandtrepair.com"
31.209.42.68 - - [25/Feb/2023:21:37:29 -0800] "GET /images/sqrotes2.gif HTTP/1.1" 404 88 "http://site.tandtrepair.com/" "Mozilla/5.0 (Windows NT 10.0; Win64; x64) AppleWebKit/537.36 (KHTML, like Gecko) Chrome/110.0.0.0 Safari/537.36 Edg/110.0.1587.56" "site.tandtrepair.com"
31.209.42.68 - - [25/Feb/2023:21:37:29 -0800] "GET /sitebuilder/images/Brother_At_Your_Side_Logo-133x40.jpg HTTP/1.1" 404 88 "http://site.tandtrepair.com/" "Mozilla/5.0 (Windows NT 10.0; Win64; x64) AppleWebKit/537.36 (KHTML, like Gecko) Chrome/110.0.0.0 Safari/537.36 Edg/110.0.1587.56" "site.tandtrepair.com"
31.209.42.68 - - [25/Feb/2023:21:37:29 -0800] "GET /sitebuilder/images/IndexNav2-1-inactive-03218.png HTTP/1.1" 404 88 "http://site.tandtrepair.com/" "Mozilla/5.0 (Windows NT 10.0; Win64; x64) AppleWebKit/537.36 (KHTML, like Gecko) Chrome/110.0.0.0 Safari/537.36 Edg/110.0.1587.56" "site.tandtrepair.com"
31.209.42.68 - - [25/Feb/2023:21:37:29 -0800] "GET /sitebuilder/images/IndexNav2-2-inactive-12543.png HTTP/1.1" 404 88 "http://site.tandtrepair.com/" "Mozilla/5.0 (Windows NT 10.0; Win64; x64) AppleWebKit/537.36 (KHTML, like Gecko) Chrome/110.0.0.0 Safari/537.36 Edg/110.0.1587.56" "site.tandtrepair.com"
31.209.42.68 - - [25/Feb/2023:21:37:29 -0800] "GET /sitebuilder/images/IndexNav2-0-inactive-03171.png HTTP/1.1" 404 88 "http://site.tandtrepair.com/" "Mozilla/5.0 (Windows NT 10.0; Win64; x64) AppleWebKit/537.36 (KHTML, like Gecko) Chrome/110.0.0.0 Safari/537.36 Edg/110.0.1587.56" "site.tandtrepair.com"
31.209.42.68 - - [25/Feb/2023:21:37:29 -0800] "GET /favicon.ico HTTP/1.1" 404 88 "http://site.tandtrepair.com/" "Mozilla/5.0 (Windows NT 10.0; Win64; x64) AppleWebKit/537.36 (KHTML, like Gecko) Chrome/110.0.0.0 Safari/537.36 Edg/110.0.1587.56" "site.tandtrepair.com"
132.145.66.156 - - [25/Feb/2023:21:38:47 -0800] "GET /robots.txt HTTP/1.1" 404 88 "-" "Mozilla/5.0 (compatible; GrapeshotCrawler/2.0; +http://www.grapeshot.co.uk/crawler.php)" "site.tandtrepair.com"
132.145.9.5 - - [25/Feb/2023:21:38:48 -0800] "GET / HTTP/1.1" 200 10618 "-" "Mozilla/5.0 (compatible; GrapeshotCrawler/2.0; +http://www.grapeshot.co.uk/crawler.php)" "site.tandtrepair.com"
123.125.109.44 - - [25/Feb/2023:22:05:56 -0800] "GET / HTTP/1.1" 200 10618 "-" "Sogou web spider/4.0(+http://www.sogou.com/docs/help/webmasters.htm#07)" "site.tandtrepair.com"
54.161.41.102 - - [25/Feb/2023:22:31:06 -0800] "GET /robots.txt HTTP/1.1" 404 88 "-" "Mozilla/5.0 (compatible; Neevabot/1.0; +https://neeva.com/neevabot)" "site.tandtrepair.com"
54.161.41.102 - - [25/Feb/2023:22:31:06 -0800] "GET /robots.txt HTTP/1.1" 404 88 "-" "Mozilla/5.0 (compatible; Neevabot/1.0; +https://neeva.com/neevabot)" "site.tandtrepair.com"
54.161.41.102 - - [25/Feb/2023:22:31:31 -0800] "GET /Futura.html HTTP/1.1" 404 88 "-" "Mozilla/5.0 (compatible; Neevabot/1.0; +https://neeva.com/neevabot)" "site.tandtrepair.com"
54.161.41.102 - - [25/Feb/2023:22:31:31 -0800] "GET /SlantOMatics.html HTTP/1.1" 404 88 "-" "Mozilla/5.0 (compatible; Neevabot/1.0; +https://neeva.com/neevabot)" "site.tandtrepair.com"
54.161.41.102 - - [25/Feb/2023:22:33:55 -0800] "GET /SlantOMatics.html HTTP/1.1" 404 88 "-" "Mozilla/5.0 (compatible; Neevabot/1.0; +https://neeva.com/neevabot)" "site.tandtrepair.com"
54.161.41.102 - - [25/Feb/2023:22:33:55 -0800] "GET /Futura.html HTTP/1.1" 404 88 "-" "Mozilla/5.0 (compatible; Neevabot/1.0; +https://neeva.com/neevabot)" "site.tandtrepair.com"
213.180.203.173 - - [25/Feb/2023:23:52:54 -0800] "GET /robots.txt HTTP/1.1" 404 73 "-" "Mozilla/5.0 (compatible; YandexBot/3.0; +http://yandex.com/bots)" "site.tandtrepair.com"
87.250.224.213 - - [25/Feb/2023:23:52:55 -0800] "GET /Repair_Shops_Ohio.html HTTP/1.1" 404 88 "-" "Mozilla/5.0 (compatible; YandexBot/3.0; +http://yandex.com/bots)" "site.tandtrepair.com"
216.244.66.203 - - [26/Feb/2023:01:46:42 -0800] "GET /robots.txt HTTP/1.1" 404 73 "-" "Mozilla/5.0 (compatible; DotBot/1.2; +https://opensiteexplorer.org/dotbot; help@moz.com)" "site.tandtrepair.com"
49.7.21.80 - - [26/Feb/2023:01:48:59 -0800] "GET / HTTP/1.1" 200 10618 "-" "Sogou web spider/4.0(+http://www.sogou.com/docs/help/webmasters.htm#07)" "site.tandtrepair.com"
216.244.66.203 - - [26/Feb/2023:01:53:50 -0800] "GET /freebies/401BobbinCase.pdf HTTP/1.1" 200 16252 "-" "Mozilla/5.0 (compatible; DotBot/1.2; +https://opensiteexplorer.org/dotbot; help@moz.com)" "site.tandtrepair.com"
216.244.66.203 - - [26/Feb/2023:01:53:52 -0800] "GET /freebies/630-640-Reed_Switch_Adjustment.pdf HTTP/1.1" 200 93056 "-" "Mozilla/5.0 (compatible; DotBot/1.2; +https://opensiteexplorer.org/dotbot; help@moz.com)" "site.tandtrepair.com"
49.7.21.80 - - [26/Feb/2023:03:01:49 -0800] "GET / HTTP/1.1" 200 10618 "-" "Sogou web spider/4.0(+http://www.sogou.com/docs/help/webmasters.htm#07)" "site.tandtrepair.com"
216.244.66.203 - - [26/Feb/2023:03:30:56 -0800] "GET /robots.txt HTTP/1.1" 404 73 "-" "Mozilla/5.0 (compatible; DotBot/1.2; +https://opensiteexplorer.org/dotbot; help@moz.com)" "site.tandtrepair.com"
216.244.66.203 - - [26/Feb/2023:03:43:21 -0800] "GET /_private/?C=N;O=D HTTP/1.1" 200 554 "-" "Mozilla/5.0 (compatible; DotBot/1.2; +https://opensiteexplorer.org/dotbot; help@moz.com)" "site.tandtrepair.com"
64.124.8.53 - - [26/Feb/2023:04:02:34 -0800] "GET /public/favicon.jpg HTTP/1.1" 200 742 "-" "Mozilla/5.0 (Macintosh; Intel Mac OS X 10_15_7) AppleWebKit/537.36 (KHTML, like Gecko) Chrome/107.0.0.0 Safari/537.36" "site.tandtrepair.com"
61.135.159.212 - - [26/Feb/2023:04:19:19 -0800] "GET / HTTP/1.1" 200 10618 "-" "Sogou web spider/4.0(+http://www.sogou.com/docs/help/webmasters.htm#07)" "site.tandtrepair.com"
40.88.21.235 - - [26/Feb/2023:04:55:15 -0800] "GET / HTTP/1.1" 200 10618 "http://site.tandtrepair.com/" "Mozilla/5.0 (compatible; DuckDuckGo-Favicons-Bot/1.0; +http://duckduckgo.com)" "site.tandtrepair.com"
40.88.21.235 - - [26/Feb/2023:04:55:15 -0800] "GET /favicon.ico HTTP/1.1" 404 88 "http://site.tandtrepair.com/favicon.ico" "Mozilla/5.0 (compatible; DuckDuckGo-Favicons-Bot/1.0; +http://duckduckgo.com)" "site.tandtrepair.com"
68.251.187.54 - - [26/Feb/2023:04:55:23 -0800] "GET /freebies/BasicElectronics.pdf HTTP/1.1" 200 376367 "-" "Mozilla/5.0 (Windows NT 10.0; Win64; x64) AppleWebKit/537.36 (KHTML, like Gecko) Chrome/110.0.0.0 Safari/537.36" "site.tandtrepair.com"
68.251.187.54 - - [26/Feb/2023:04:55:23 -0800] "GET /freebies/BasicElectronics.pdf HTTP/1.1" 206 1025 "-" "Mozilla/5.0 (Windows NT 10.0; Win64; x64) AppleWebKit/537.36 (KHTML, like Gecko) Chrome/110.0.0.0 Safari/537.36" "site.tandtrepair.com"
68.251.187.54 - - [26/Feb/2023:04:55:23 -0800] "GET /freebies/BasicElectronics.pdf HTTP/1.1" 200 376367 "-" "Mozilla/5.0 (Windows NT 10.0; Win64; x64) AppleWebKit/537.36 (KHTML, like Gecko) Chrome/110.0.0.0 Safari/537.36" "site.tandtrepair.com"
66.249.69.127 - - [26/Feb/2023:06:08:29 -0800] "GET /robots.txt HTTP/1.1" 404 88 "-" "Mozilla/5.0 (compatible; Googlebot/2.1; +http://www.google.com/bot.html)" "site.tandtrepair.com"
66.249.69.125 - - [26/Feb/2023:06:08:32 -0800] "GET /favicon.ico HTTP/1.1" 404 88 "-" "Googlebot-Image/1.0" "site.tandtrepair.com"
216.244.66.203 - - [26/Feb/2023:06:54:18 -0800] "GET /robots.txt HTTP/1.1" 404 73 "-" "Mozilla/5.0 (compatible; DotBot/1.2; +https://opensiteexplorer.org/dotbot; help@moz.com)" "site.tandtrepair.com"
216.244.66.203 - - [26/Feb/2023:07:05:26 -0800] "GET /General_Tips/?C=D;O=A HTTP/1.1" 200 1577 "-" "Mozilla/5.0 (compatible; DotBot/1.2; +https://opensiteexplorer.org/dotbot; help@moz.com)" "site.tandtrepair.com"
213.180.203.221 - - [26/Feb/2023:07:22:28 -0800] "GET /robots.txt HTTP/1.1" 404 73 "-" "Mozilla/5.0 (compatible; YandexBot/3.0; +http://yandex.com/bots)" "site.tandtrepair.com"
213.180.203.215 - - [26/Feb/2023:07:22:29 -0800] "GET /600Stuff/ HTTP/1.1" 404 88 "-" "Mozilla/5.0 (compatible; YandexBot/3.0; +http://yandex.com/bots)" "site.tandtrepair.com"
95.108.213.165 - - [26/Feb/2023:07:36:08 -0800] "GET /Repair_Shops_Rhode_Island.html HTTP/1.1" 404 88 "-" "Mozilla/5.0 (compatible; YandexBot/3.0; +http://yandex.com/bots)" "site.tandtrepair.com"
49.7.21.80 - - [26/Feb/2023:08:23:53 -0800] "GET / HTTP/1.1" 200 10618 "-" "Sogou web spider/4.0(+http://www.sogou.com/docs/help/webmasters.htm#07)" "site.tandtrepair.com"
95.108.213.165 - - [26/Feb/2023:08:48:04 -0800] "GET /General_Tips.html HTTP/1.1" 404 88 "-" "Mozilla/5.0 (compatible; YandexBot/3.0; +http://yandex.com/bots)" "site.tandtrepair.com"
114.119.137.184 - - [26/Feb/2023:08:55:36 -0800] "GET /public/images/favicon.ico HTTP/1.1" 200 1406 "http://site.tandtrepair.com/public/images" "Mozilla/5.0 (Linux; Android 7.0;) AppleWebKit/537.36 (KHTML, like Gecko) Mobile Safari/537.36 (compatible; PetalBot;+https://webmaster.petalsearch.com/site/petalbot)" "site.tandtrepair.com"
114.119.137.195 - - [26/Feb/2023:08:58:20 -0800] "GET /?C=N%3BO%3DD HTTP/1.1" 200 10618 "http://site.tandtrepair.com/" "Mozilla/5.0 (Linux; Android 7.0;) AppleWebKit/537.36 (KHTML, like Gecko) Mobile Safari/537.36 (compatible; PetalBot;+https://webmaster.petalsearch.com/site/petalbot)" "site.tandtrepair.com"
207.46.13.230 - - [26/Feb/2023:09:06:31 -0800] "GET /robots.txt HTTP/1.1" 404 88 "-" "Mozilla/5.0 AppleWebKit/537.36 (KHTML, like Gecko; compatible; bingbot/2.0; +http://www.bing.com/bingbot.htm) Chrome/103.0.5060.134 Safari/537.36" "site.tandtrepair.com"
52.167.144.72 - - [26/Feb/2023:09:06:33 -0800] "GET /public/770b.jpg HTTP/1.1" 200 231621 "-" "Mozilla/5.0 AppleWebKit/537.36 (KHTML, like Gecko; compatible; bingbot/2.0; +http://www.bing.com/bingbot.htm) Chrome/103.0.5060.134 Safari/537.36" "site.tandtrepair.com"
49.7.21.80 - - [26/Feb/2023:09:42:55 -0800] "GET / HTTP/1.1" 200 10618 "-" "Sogou web spider/4.0(+http://www.sogou.com/docs/help/webmasters.htm#07)" "site.tandtrepair.com"
52.167.144.72 - - [26/Feb/2023:09:49:18 -0800] "GET /SlantOMatics/Threading_Parts_ID.pdf HTTP/1.1" 404 88 "-" "Mozilla/5.0 AppleWebKit/537.36 (KHTML, like Gecko; compatible; bingbot/2.0; +http://www.bing.com/bingbot.htm) Chrome/103.0.5060.134 Safari/537.36" "site.tandtrepair.com"
95.108.213.165 - - [26/Feb/2023:10:03:03 -0800] "GET /700Stuff/FreeStuff/BW.pdf HTTP/1.1" 404 88 "-" "Mozilla/5.0 (compatible; YandexBot/3.0; +http://yandex.com/bots)" "site.tandtrepair.com"
49.7.21.80 - - [26/Feb/2023:10:24:09 -0800] "GET / HTTP/1.1" 200 10618 "-" "Sogou web spider/4.0(+http://www.sogou.com/docs/help/webmasters.htm#07)" "site.tandtrepair.com"
54.36.149.82 - - [26/Feb/2023:10:38:02 -0800] "GET /robots.txt HTTP/1.1" 404 88 "-" "Mozilla/5.0 (compatible; AhrefsBot/7.0; +http://ahrefs.com/robot/)" "site.tandtrepair.com"
51.222.253.13 - - [26/Feb/2023:10:38:03 -0800] "GET /freebies/?C=M;O=A HTTP/1.1" 200 748 "-" "Mozilla/5.0 (compatible; AhrefsBot/7.0; +http://ahrefs.com/robot/)" "site.tandtrepair.com"
49.7.21.80 - - [26/Feb/2023:10:54:30 -0800] "GET / HTTP/1.1" 200 10618 "-" "Sogou web spider/4.0(+http://www.sogou.com/docs/help/webmasters.htm#07)" "site.tandtrepair.com"
51.222.253.16 - - [26/Feb/2023:11:00:35 -0800] "GET /freebies/?C=M;O=D HTTP/1.1" 200 750 "-" "Mozilla/5.0 (compatible; AhrefsBot/7.0; +http://ahrefs.com/robot/)" "site.tandtrepair.com"
49.7.21.80 - - [26/Feb/2023:11:15:15 -0800] "GET / HTTP/1.1" 200 10618 "-" "Sogou web spider/4.0(+http://www.sogou.com/docs/help/webmasters.htm#07)" "site.tandtrepair.com"
188.165.237.120 - - [26/Feb/2023:11:17:22 -0800] "GET /@site.tandtrepair.com/ HTTP/1.1" 200 10618 "-" "Mozilla/5.0 (compatible; MJ12bot/v1.4.8; http://mj12bot.com/)" "p9.secure.hostingprod.com"
188.165.237.120 - - [26/Feb/2023:11:17:25 -0800] "GET /@site.tandtrepair.com/ssl/?C=M;O& HTTP/1.1" 200 327 "-" "Mozilla/5.0 (compatible; MJ12bot/v1.4.8; http://mj12bot.com/)" "p9.secure.hostingprod.com"
188.165.237.120 - - [26/Feb/2023:11:17:28 -0800] "GET /@site.tandtrepair.com/ssl/?C=N;O& HTTP/1.1" 200 327 "-" "Mozilla/5.0 (compatible; MJ12bot/v1.4.8; http://mj12bot.com/)" "p9.secure.hostingprod.com"
188.165.237.120 - - [26/Feb/2023:11:17:30 -0800] "GET /@site.tandtrepair.com/ssl/?C=S;O& HTTP/1.1" 200 327 "-" "Mozilla/5.0 (compatible; MJ12bot/v1.4.8; http://mj12bot.com/)" "p9.secure.hostingprod.com"
95.108.213.165 - - [26/Feb/2023:11:22:28 -0800] "GET /robots.txt HTTP/1.1" 404 73 "-" "Mozilla/5.0 (compatible; YandexBot/3.0; +http://yandex.com/bots)" "site.tandtrepair.com"
49.7.21.80 - - [26/Feb/2023:11:35:12 -0800] "GET / HTTP/1.1" 200 10618 "-" "Sogou web spider/4.0(+http://www.sogou.com/docs/help/webmasters.htm#07)" "site.tandtrepair.com"
166.137.248.15 - - [26/Feb/2023:11:40:53 -0800] "GET / HTTP/1.1" 200 10618 "-" "Mozilla/5.0 (iPhone; CPU iPhone OS 16_2 like Mac OS X) AppleWebKit/605.1.15 (KHTML, like Gecko) Version/16.2 Mobile/15E148 Safari/604.1" "site.tandtrepair.com"
166.137.248.15 - - [26/Feb/2023:11:40:54 -0800] "GET / HTTP/1.1" 200 10618 "-" "Mozilla/5.0 (iPhone; CPU iPhone OS 16_2 like Mac OS X) AppleWebKit/605.1.15 (KHTML, like Gecko) Version/16.2 Mobile/15E148 Safari/604.1" "site.tandtrepair.com"
166.137.248.15 - - [26/Feb/2023:11:40:54 -0800] "GET /sitebuilder/images/Greenish_Banner-1069x163.jpg HTTP/1.1" 404 88 "http://site.tandtrepair.com/" "Mozilla/5.0 (iPhone; CPU iPhone OS 16_2 like Mac OS X) AppleWebKit/605.1.15 (KHTML, like Gecko) Version/16.2 Mobile/15E148 Safari/604.1" "site.tandtrepair.com"
166.137.248.15 - - [26/Feb/2023:11:40:54 -0800] "GET /sitebuilder/images/Greenish_Banner-200x1691.jpg HTTP/1.1" 404 88 "http://site.tandtrepair.com/" "Mozilla/5.0 (iPhone; CPU iPhone OS 16_2 like Mac OS X) AppleWebKit/605.1.15 (KHTML, like Gecko) Version/16.2 Mobile/15E148 Safari/604.1" "site.tandtrepair.com"
166.137.248.15 - - [26/Feb/2023:11:40:54 -0800] "GET /images/angbizon.gif HTTP/1.1" 404 88 "http://site.tandtrepair.com/" "Mozilla/5.0 (iPhone; CPU iPhone OS 16_2 like Mac OS X) AppleWebKit/605.1.15 (KHTML, like Gecko) Version/16.2 Mobile/15E148 Safari/604.1" "site.tandtrepair.com"
166.137.248.15 - - [26/Feb/2023:11:40:54 -0800] "GET /sitebuilder/images/index.html-11.png HTTP/1.1" 404 88 "http://site.tandtrepair.com/" "Mozilla/5.0 (iPhone; CPU iPhone OS 16_2 like Mac OS X) AppleWebKit/605.1.15 (KHTML, like Gecko) Version/16.2 Mobile/15E148 Safari/604.1" "site.tandtrepair.com"
166.137.248.15 - - [26/Feb/2023:11:40:54 -0800] "GET /Logo/discover_novus.gif HTTP/1.1" 404 88 "http://site.tandtrepair.com/" "Mozilla/5.0 (iPhone; CPU iPhone OS 16_2 like Mac OS X) AppleWebKit/605.1.15 (KHTML, like Gecko) Version/16.2 Mobile/15E148 Safari/604.1" "site.tandtrepair.com"
166.137.248.15 - - [26/Feb/2023:11:40:54 -0800] "GET /Logo/visalg.gif HTTP/1.1" 404 88 "http://site.tandtrepair.com/" "Mozilla/5.0 (iPhone; CPU iPhone OS 16_2 like Mac OS X) AppleWebKit/605.1.15 (KHTML, like Gecko) Version/16.2 Mobile/15E148 Safari/604.1" "site.tandtrepair.com"
166.137.248.15 - - [26/Feb/2023:11:40:54 -0800] "GET /PagePicts/album_4july_usaflag.gif HTTP/1.1" 404 88 "http://site.tandtrepair.com/" "Mozilla/5.0 (iPhone; CPU iPhone OS 16_2 like Mac OS X) AppleWebKit/605.1.15 (KHTML, like Gecko) Version/16.2 Mobile/15E148 Safari/604.1" "site.tandtrepair.com"
166.137.248.15 - - [26/Feb/2023:11:40:54 -0800] "GET /sitebuilder/images/mastercard-60x37.jpg HTTP/1.1" 404 88 "http://site.tandtrepair.com/" "Mozilla/5.0 (iPhone; CPU iPhone OS 16_2 like Mac OS X) AppleWebKit/605.1.15 (KHTML, like Gecko) Version/16.2 Mobile/15E148 Safari/604.1" "site.tandtrepair.com"
166.137.248.15 - - [26/Feb/2023:11:40:55 -0800] "GET /sitebuilder/images/index.html-10.png HTTP/1.1" 404 88 "http://site.tandtrepair.com/" "Mozilla/5.0 (iPhone; CPU iPhone OS 16_2 like Mac OS X) AppleWebKit/605.1.15 (KHTML, like Gecko) Version/16.2 Mobile/15E148 Safari/604.1" "site.tandtrepair.com"
166.137.248.15 - - [26/Feb/2023:11:40:55 -0800] "GET /sitebuilder/images/amsamflag-95x59.jpg HTTP/1.1" 404 88 "http://site.tandtrepair.com/" "Mozilla/5.0 (iPhone; CPU iPhone OS 16_2 like Mac OS X) AppleWebKit/605.1.15 (KHTML, like Gecko) Version/16.2 Mobile/15E148 Safari/604.1" "site.tandtrepair.com"
166.137.248.15 - - [26/Feb/2023:11:40:55 -0800] "GET /sitebuilder/images/Jean_A_Ma_Jig_Pict-100x123.jpg HTTP/1.1" 404 88 "http://site.tandtrepair.com/" "Mozilla/5.0 (iPhone; CPU iPhone OS 16_2 like Mac OS X) AppleWebKit/605.1.15 (KHTML, like Gecko) Version/16.2 Mobile/15E148 Safari/604.1" "site.tandtrepair.com"
166.137.248.15 - - [26/Feb/2023:11:40:55 -0800] "GET /sitebuilder/images/2020_16_10pk-90x130.jpg HTTP/1.1" 404 88 "http://site.tandtrepair.com/" "Mozilla/5.0 (iPhone; CPU iPhone OS 16_2 like Mac OS X) AppleWebKit/605.1.15 (KHTML, like Gecko) Version/16.2 Mobile/15E148 Safari/604.1" "site.tandtrepair.com"
166.137.248.15 - - [26/Feb/2023:11:40:55 -0800] "GET /sitebuilder/images/index.html-9.png HTTP/1.1" 404 88 "http://site.tandtrepair.com/" "Mozilla/5.0 (iPhone; CPU iPhone OS 16_2 like Mac OS X) AppleWebKit/605.1.15 (KHTML, like Gecko) Version/16.2 Mobile/15E148 Safari/604.1" "site.tandtrepair.com"
166.137.248.15 - - [26/Feb/2023:11:40:55 -0800] "GET /sitebuilder/images/index.html-8.png HTTP/1.1" 404 88 "http://site.tandtrepair.com/" "Mozilla/5.0 (iPhone; CPU iPhone OS 16_2 like Mac OS X) AppleWebKit/605.1.15 (KHTML, like Gecko) Version/16.2 Mobile/15E148 Safari/604.1" "site.tandtrepair.com"
166.137.248.15 - - [26/Feb/2023:11:40:55 -0800] "GET /images/HobbyBlueEMailImg.gif HTTP/1.1" 404 88 "http://site.tandtrepair.com/" "Mozilla/5.0 (iPhone; CPU iPhone OS 16_2 like Mac OS X) AppleWebKit/605.1.15 (KHTML, like Gecko) Version/16.2 Mobile/15E148 Safari/604.1" "site.tandtrepair.com"
166.137.248.15 - - [26/Feb/2023:11:40:55 -0800] "GET /sitebuilder/images/Shriner1_logo-242x93.jpg HTTP/1.1" 404 88 "http://site.tandtrepair.com/" "Mozilla/5.0 (iPhone; CPU iPhone OS 16_2 like Mac OS X) AppleWebKit/605.1.15 (KHTML, like Gecko) Version/16.2 Mobile/15E148 Safari/604.1" "site.tandtrepair.com"
166.137.248.15 - - [26/Feb/2023:11:40:55 -0800] "GET /sitebuilder/images/index.html-6.png HTTP/1.1" 404 88 "http://site.tandtrepair.com/" "Mozilla/5.0 (iPhone; CPU iPhone OS 16_2 like Mac OS X) AppleWebKit/605.1.15 (KHTML, like Gecko) Version/16.2 Mobile/15E148 Safari/604.1" "site.tandtrepair.com"
166.137.248.15 - - [26/Feb/2023:11:40:55 -0800] "GET /sitebuilder/images/index.html-5.png HTTP/1.1" 404 88 "http://site.tandtrepair.com/" "Mozilla/5.0 (iPhone; CPU iPhone OS 16_2 like Mac OS X) AppleWebKit/605.1.15 (KHTML, like Gecko) Version/16.2 Mobile/15E148 Safari/604.1" "site.tandtrepair.com"
166.137.248.15 - - [26/Feb/2023:11:40:55 -0800] "GET /sitebuilder/images/indexnewnav1-0-active-11187.png HTTP/1.1" 404 88 "http://site.tandtrepair.com/" "Mozilla/5.0 (iPhone; CPU iPhone OS 16_2 like Mac OS X) AppleWebKit/605.1.15 (KHTML, like Gecko) Version/16.2 Mobile/15E148 Safari/604.1" "site.tandtrepair.com"
166.137.248.15 - - [26/Feb/2023:11:40:55 -0800] "GET /sitebuilder/images/indexnewnav1-17-inactive-31671.png HTTP/1.1" 404 88 "http://site.tandtrepair.com/" "Mozilla/5.0 (iPhone; CPU iPhone OS 16_2 like Mac OS X) AppleWebKit/605.1.15 (KHTML, like Gecko) Version/16.2 Mobile/15E148 Safari/604.1" "site.tandtrepair.com"
166.137.248.15 - - [26/Feb/2023:11:40:55 -0800] "GET /sitebuilder/images/indexnewnav1-2-inactive-11296.png HTTP/1.1" 404 88 "http://site.tandtrepair.com/" "Mozilla/5.0 (iPhone; CPU iPhone OS 16_2 like Mac OS X) AppleWebKit/605.1.15 (KHTML, like Gecko) Version/16.2 Mobile/15E148 Safari/604.1" "site.tandtrepair.com"
166.137.248.15 - - [26/Feb/2023:11:40:55 -0800] "GET /sitebuilder/images/indexnewnav1-1-inactive-11218.png HTTP/1.1" 404 88 "http://site.tandtrepair.com/" "Mozilla/5.0 (iPhone; CPU iPhone OS 16_2 like Mac OS X) AppleWebKit/605.1.15 (KHTML, like Gecko) Version/16.2 Mobile/15E148 Safari/604.1" "site.tandtrepair.com"
49.7.21.80 - - [26/Feb/2023:11:50:01 -0800] "GET / HTTP/1.1" 200 10618 "-" "Sogou web spider/4.0(+http://www.sogou.com/docs/help/webmasters.htm#07)" "site.tandtrepair.com"
49.7.21.80 - - [26/Feb/2023:12:06:27 -0800] "GET / HTTP/1.1" 200 10618 "-" "Sogou web spider/4.0(+http://www.sogou.com/docs/help/webmasters.htm#07)" "site.tandtrepair.com"
40.77.167.182 - - [26/Feb/2023:12:25:15 -0800] "GET /Repair_Shops_Idaho.html HTTP/1.1" 404 88 "-" "Mozilla/5.0 AppleWebKit/537.36 (KHTML, like Gecko; compatible; bingbot/2.0; +http://www.bing.com/bingbot.htm) Chrome/103.0.5060.134 Safari/537.36" "site.tandtrepair.com"
52.167.144.97 - - [26/Feb/2023:12:34:47 -0800] "GET /Repair_Shops_Nebraska.html HTTP/1.1" 404 88 "-" "Mozilla/5.0 AppleWebKit/537.36 (KHTML, like Gecko; compatible; bingbot/2.0; +http://www.bing.com/bingbot.htm) Chrome/103.0.5060.134 Safari/537.36" "site.tandtrepair.com"
166.137.248.15 - - [26/Feb/2023:12:38:22 -0800] "GET /sitebuilder/images/index.html-11.png HTTP/1.1" 404 88 "http://site.tandtrepair.com/" "Mozilla/5.0 (iPhone; CPU iPhone OS 16_2 like Mac OS X) AppleWebKit/605.1.15 (KHTML, like Gecko) Version/16.2 Mobile/15E148 Safari/604.1" "site.tandtrepair.com"
166.137.248.15 - - [26/Feb/2023:12:38:22 -0800] "GET /images/angbizon.gif HTTP/1.1" 404 88 "http://site.tandtrepair.com/" "Mozilla/5.0 (iPhone; CPU iPhone OS 16_2 like Mac OS X) AppleWebKit/605.1.15 (KHTML, like Gecko) Version/16.2 Mobile/15E148 Safari/604.1" "site.tandtrepair.com"
166.137.248.15 - - [26/Feb/2023:12:38:22 -0800] "GET /images/HobbyBlueEMailImg.gif HTTP/1.1" 404 88 "http://site.tandtrepair.com/" "Mozilla/5.0 (iPhone; CPU iPhone OS 16_2 like Mac OS X) AppleWebKit/605.1.15 (KHTML, like Gecko) Version/16.2 Mobile/15E148 Safari/604.1" "site.tandtrepair.com"
54.236.1.11 - - [26/Feb/2023:13:12:33 -0800] "GET /600Stuff/FreeStuff/Chain_Stitching_600_Series.pdf HTTP/1.1" 404 88 "-" "Mozilla/5.0 (compatible; Pinterestbot/1.0; +http://www.pinterest.com/bot.html)" "site.tandtrepair.com"
54.236.1.11 - - [26/Feb/2023:13:13:04 -0800] "GET /600Stuff/FreeStuff/Chain_Stitching_600_Series.pdf HTTP/1.1" 404 88 "-" "Mozilla/5.0 (compatible; Pinterestbot/1.0; +http://www.pinterest.com/bot.html)" "site.tandtrepair.com"
49.7.21.83 - - [26/Feb/2023:13:21:10 -0800] "GET / HTTP/1.1" 200 10618 "-" "Sogou web spider/4.0(+http://www.sogou.com/docs/help/webmasters.htm#07)" "site.tandtrepair.com"
114.119.136.188 - - [26/Feb/2023:14:23:29 -0800] "GET /robots.txt HTTP/1.1" 404 88 "-" "Mozilla/5.0 (compatible;PetalBot;+https://webmaster.petalsearch.com/site/petalbot)" "site.tandtrepair.com"
114.119.138.111 - - [26/Feb/2023:14:38:26 -0800] "GET /public/_private?C=M%3BO%3DA HTTP/1.1" 301 1427 "http://site.tandtrepair.com/public/_private?C=S%3BO%3DA" "Mozilla/5.0 (Linux; Android 7.0;) AppleWebKit/537.36 (KHTML, like Gecko) Mobile Safari/537.36 (compatible; PetalBot;+https://webmaster.petalsearch.com/site/petalbot)" "site.tandtrepair.com"
114.119.138.111 - - [26/Feb/2023:14:38:26 -0800] "GET /public/_private/?C=M%3BO%3DA HTTP/1.1" 200 321 "http://site.tandtrepair.com/public/_private?C=S%3BO%3DA" "Mozilla/5.0 (Linux; Android 7.0;) AppleWebKit/537.36 (KHTML, like Gecko) Mobile Safari/537.36 (compatible; PetalBot;+https://webmaster.petalsearch.com/site/petalbot)" "site.tandtrepair.com"
114.119.153.214 - - [26/Feb/2023:15:15:53 -0800] "GET /robots.txt HTTP/1.1" 404 88 "-" "Mozilla/5.0 (compatible;PetalBot;+https://webmaster.petalsearch.com/site/petalbot)" "site.tandtrepair.com"
40.77.167.242 - - [26/Feb/2023:15:59:13 -0800] "GET /Athena2000M/FreeStuff/Singer_2000_Dating.pdf HTTP/1.1" 404 88 "-" "Mozilla/5.0 AppleWebKit/537.36 (KHTML, like Gecko; compatible; bingbot/2.0; +http://www.bing.com/bingbot.htm) Chrome/103.0.5060.134 Safari/537.36" "site.tandtrepair.com"
