51.222.253.19 - - [19/Feb/2023:17:41:12 -0800] "GET /public/?C=S;O=D HTTP/1.1" 200 519 "-" "Mozilla/5.0 (compatible; AhrefsBot/7.0; +http://ahrefs.com/robot/)" "site.tandtrepair.com"
51.222.253.11 - - [19/Feb/2023:18:51:25 -0800] "GET /public/_private/?C=D;O=A HTTP/1.1" 200 321 "-" "Mozilla/5.0 (compatible; AhrefsBot/7.0; +http://ahrefs.com/robot/)" "site.tandtrepair.com"
100.26.127.17 - - [19/Feb/2023:19:04:48 -0800] "GET /robots.txt HTTP/1.1" 404 88 "-" "Mozilla/5.0 (compatible; Neevabot/1.0; +https://neeva.com/neevabot)" "site.tandtrepair.com"
100.26.127.17 - - [19/Feb/2023:19:05:07 -0800] "GET /Futura.html HTTP/1.1" 404 88 "-" "Mozilla/5.0 (compatible; Neevabot/1.0; +https://neeva.com/neevabot)" "site.tandtrepair.com"
100.26.127.17 - - [19/Feb/2023:19:05:08 -0800] "GET /SlantOMatics.html HTTP/1.1" 404 88 "-" "Mozilla/5.0 (compatible; Neevabot/1.0; +https://neeva.com/neevabot)" "site.tandtrepair.com"
64.124.8.50 - - [19/Feb/2023:19:05:12 -0800] "GET /public/images/favicon.jpg HTTP/1.1" 200 6193 "-" "Mozilla/5.0 (Macintosh; Intel Mac OS X 10_15_7) AppleWebKit/537.36 (KHTML, like Gecko) Chrome/107.0.0.0 Safari/537.36" "site.tandtrepair.com"
123.125.109.44 - - [19/Feb/2023:19:15:10 -0800] "GET / HTTP/1.1" 200 10618 "-" "Sogou web spider/4.0(+http://www.sogou.com/docs/help/webmasters.htm#07)" "site.tandtrepair.com"
40.77.167.242 - - [19/Feb/2023:19:32:32 -0800] "GET /Repair_Shops_Hawaii.html HTTP/1.1" 404 88 "-" "Mozilla/5.0 AppleWebKit/537.36 (KHTML, like Gecko; compatible; bingbot/2.0; +http://www.bing.com/bingbot.htm) Chrome/103.0.5060.134 Safari/537.36" "site.tandtrepair.com"
207.46.13.64 - - [19/Feb/2023:20:37:04 -0800] "GET /sitebuilder/images/amsamflag-95x59.jpg HTTP/1.1" 404 88 "-" "Mozilla/5.0 AppleWebKit/537.36 (KHTML, like Gecko; compatible; bingbot/2.0; +http://www.bing.com/bingbot.htm) Chrome/103.0.5060.134 Safari/537.36" "site.tandtrepair.com"
51.222.253.15 - - [19/Feb/2023:21:04:59 -0800] "GET /herrera/?C=M;O=A HTTP/1.1" 200 365 "-" "Mozilla/5.0 (compatible; AhrefsBot/7.0; +http://ahrefs.com/robot/)" "site.tandtrepair.com"
51.222.253.10 - - [19/Feb/2023:21:36:25 -0800] "GET /index.html HTTP/1.1" 200 10618 "-" "Mozilla/5.0 (compatible; AhrefsBot/7.0; +http://ahrefs.com/robot/)" "site.tandtrepair.com"
51.222.253.18 - - [19/Feb/2023:21:36:28 -0800] "GET /sitebuilder/images/index.html-10.png HTTP/1.1" 404 88 "-" "Mozilla/5.0 (compatible; AhrefsBot/7.0; +http://ahrefs.com/robot/)" "site.tandtrepair.com"
51.222.253.2 - - [19/Feb/2023:21:36:28 -0800] "GET /PartPicts/172336_66ClassBobbin.jpg HTTP/1.1" 404 88 "-" "Mozilla/5.0 (compatible; AhrefsBot/7.0; +http://ahrefs.com/robot/)" "site.tandtrepair.com"
51.222.253.17 - - [19/Feb/2023:21:36:28 -0800] "GET /sitebuilder/images/indexnewnav1-33-inactive-28913.png HTTP/1.1" 404 88 "-" "Mozilla/5.0 (compatible; AhrefsBot/7.0; +http://ahrefs.com/robot/)" "site.tandtrepair.com"
51.222.253.15 - - [19/Feb/2023:21:36:28 -0800] "GET /sitebuilder/images/index.html-6.png HTTP/1.1" 404 88 "-" "Mozilla/5.0 (compatible; AhrefsBot/7.0; +http://ahrefs.com/robot/)" "site.tandtrepair.com"
51.222.253.8 - - [19/Feb/2023:21:36:29 -0800] "GET /sitebuilder/images/indexnewnav1-11-inactive-27468.png HTTP/1.1" 404 88 "-" "Mozilla/5.0 (compatible; AhrefsBot/7.0; +http://ahrefs.com/robot/)" "site.tandtrepair.com"
51.222.253.12 - - [19/Feb/2023:21:36:29 -0800] "GET /sitebuilder/images/indexnewnav1-31-inactive-71859.png HTTP/1.1" 404 88 "-" "Mozilla/5.0 (compatible; AhrefsBot/7.0; +http://ahrefs.com/robot/)" "site.tandtrepair.com"
51.222.253.2 - - [19/Feb/2023:21:36:29 -0800] "GET /sitebuilder/images/indexnewnav1-15-inactive-31390.png HTTP/1.1" 404 88 "-" "Mozilla/5.0 (compatible; AhrefsBot/7.0; +http://ahrefs.com/robot/)" "site.tandtrepair.com"
51.222.253.4 - - [19/Feb/2023:21:36:29 -0800] "GET /sitebuilder/images/GreenLightVetsDay-72x90.jpg HTTP/1.1" 404 88 "-" "Mozilla/5.0 (compatible; AhrefsBot/7.0; +http://ahrefs.com/robot/)" "site.tandtrepair.com"
51.222.253.13 - - [19/Feb/2023:21:36:29 -0800] "GET /sitebuilder/images/indexnewnav1-35-inactive-13411.png HTTP/1.1" 404 88 "-" "Mozilla/5.0 (compatible; AhrefsBot/7.0; +http://ahrefs.com/robot/)" "site.tandtrepair.com"
51.222.253.6 - - [19/Feb/2023:21:36:30 -0800] "GET /sitebuilder/images/indexnewnav1-18-inactive-31812.png HTTP/1.1" 404 88 "-" "Mozilla/5.0 (compatible; AhrefsBot/7.0; +http://ahrefs.com/robot/)" "site.tandtrepair.com"
51.222.253.2 - - [19/Feb/2023:21:36:30 -0800] "GET /sitebuilder/images/indexnewnav1-21-inactive-32234.png HTTP/1.1" 404 88 "-" "Mozilla/5.0 (compatible; AhrefsBot/7.0; +http://ahrefs.com/robot/)" "site.tandtrepair.com"
51.222.253.9 - - [19/Feb/2023:21:36:30 -0800] "GET /sitebuilder/images/indexnewnav1-1-inactive-11218.png HTTP/1.1" 404 88 "-" "Mozilla/5.0 (compatible; AhrefsBot/7.0; +http://ahrefs.com/robot/)" "site.tandtrepair.com"
51.222.253.3 - - [19/Feb/2023:21:36:30 -0800] "GET /sitebuilder/images/indexnewnav1-3-inactive-11359.png HTTP/1.1" 404 88 "-" "Mozilla/5.0 (compatible; AhrefsBot/7.0; +http://ahrefs.com/robot/)" "site.tandtrepair.com"
51.222.253.5 - - [19/Feb/2023:21:36:32 -0800] "GET /Logo/discover_novus.gif HTTP/1.1" 404 88 "-" "Mozilla/5.0 (compatible; AhrefsBot/7.0; +http://ahrefs.com/robot/)" "site.tandtrepair.com"
51.222.253.18 - - [19/Feb/2023:21:36:33 -0800] "GET /Logo/visalg.gif HTTP/1.1" 404 88 "-" "Mozilla/5.0 (compatible; AhrefsBot/7.0; +http://ahrefs.com/robot/)" "site.tandtrepair.com"
51.222.253.10 - - [19/Feb/2023:21:36:33 -0800] "GET /sitebuilder/images/indexnewnav1-5-inactive-11468.png HTTP/1.1" 404 88 "-" "Mozilla/5.0 (compatible; AhrefsBot/7.0; +http://ahrefs.com/robot/)" "site.tandtrepair.com"
51.222.253.3 - - [19/Feb/2023:21:36:33 -0800] "GET /sitebuilder/images/indexnewnav1-23-inactive-39312.png HTTP/1.1" 404 88 "-" "Mozilla/5.0 (compatible; AhrefsBot/7.0; +http://ahrefs.com/robot/)" "site.tandtrepair.com"
51.222.253.8 - - [19/Feb/2023:21:36:33 -0800] "GET /sitebuilder/images/indexnewnav1-20-inactive-32093.png HTTP/1.1" 404 88 "-" "Mozilla/5.0 (compatible; AhrefsBot/7.0; +http://ahrefs.com/robot/)" "site.tandtrepair.com"
51.222.253.14 - - [19/Feb/2023:21:36:34 -0800] "GET /sitebuilder/images/indexnewnav1-9-inactive-27125.png HTTP/1.1" 404 88 "-" "Mozilla/5.0 (compatible; AhrefsBot/7.0; +http://ahrefs.com/robot/)" "site.tandtrepair.com"
51.222.253.20 - - [19/Feb/2023:21:36:34 -0800] "GET /sitebuilder/images/indexnewnav1-28-inactive-75588.png HTTP/1.1" 404 88 "-" "Mozilla/5.0 (compatible; AhrefsBot/7.0; +http://ahrefs.com/robot/)" "site.tandtrepair.com"
51.222.253.16 - - [19/Feb/2023:21:36:34 -0800] "GET /sitebuilder/images/indexnewnav1-34-inactive-17881.png HTTP/1.1" 404 88 "-" "Mozilla/5.0 (compatible; AhrefsBot/7.0; +http://ahrefs.com/robot/)" "site.tandtrepair.com"
51.222.253.14 - - [19/Feb/2023:21:36:34 -0800] "GET /sitebuilder/images/indexnewnav1-24-inactive-81019.png HTTP/1.1" 404 88 "-" "Mozilla/5.0 (compatible; AhrefsBot/7.0; +http://ahrefs.com/robot/)" "site.tandtrepair.com"
51.222.253.5 - - [19/Feb/2023:21:36:34 -0800] "GET /sitebuilder/images/Brother_At_Your_Side_Logo-133x40.jpg HTTP/1.1" 404 88 "-" "Mozilla/5.0 (compatible; AhrefsBot/7.0; +http://ahrefs.com/robot/)" "site.tandtrepair.com"
51.222.253.20 - - [19/Feb/2023:21:36:35 -0800] "GET /sitebuilder/images/indexnewnav1-17-inactive-31671.png HTTP/1.1" 404 88 "-" "Mozilla/5.0 (compatible; AhrefsBot/7.0; +http://ahrefs.com/robot/)" "site.tandtrepair.com"
51.222.253.11 - - [19/Feb/2023:21:36:35 -0800] "GET /sitebuilder/images/IndexNav2-2-inactive-12543.png HTTP/1.1" 404 88 "-" "Mozilla/5.0 (compatible; AhrefsBot/7.0; +http://ahrefs.com/robot/)" "site.tandtrepair.com"
51.222.253.5 - - [19/Feb/2023:21:36:35 -0800] "GET /sitebuilder/images/indexnewnav1-4-inactive-11421.png HTTP/1.1" 404 88 "-" "Mozilla/5.0 (compatible; AhrefsBot/7.0; +http://ahrefs.com/robot/)" "site.tandtrepair.com"
51.222.253.7 - - [19/Feb/2023:21:36:36 -0800] "GET /sitebuilder/images/Jean_A_Ma_Jig_Pict-100x123.jpg HTTP/1.1" 404 88 "-" "Mozilla/5.0 (compatible; AhrefsBot/7.0; +http://ahrefs.com/robot/)" "site.tandtrepair.com"
51.222.253.20 - - [19/Feb/2023:21:36:36 -0800] "GET /sitebuilder/images/indexnewnav1-16-inactive-31515.png HTTP/1.1" 404 88 "-" "Mozilla/5.0 (compatible; AhrefsBot/7.0; +http://ahrefs.com/robot/)" "site.tandtrepair.com"
51.222.253.13 - - [19/Feb/2023:21:36:36 -0800] "GET /sitebuilder/images/Shriner1_logo-242x93.jpg HTTP/1.1" 404 88 "-" "Mozilla/5.0 (compatible; AhrefsBot/7.0; +http://ahrefs.com/robot/)" "site.tandtrepair.com"
51.222.253.1 - - [19/Feb/2023:21:36:37 -0800] "GET /images/Flag_USA_Waving.gif HTTP/1.1" 404 88 "-" "Mozilla/5.0 (compatible; AhrefsBot/7.0; +http://ahrefs.com/robot/)" "site.tandtrepair.com"
51.222.253.20 - - [19/Feb/2023:21:36:37 -0800] "GET /clipart/buttons/store/cart.gif HTTP/1.1" 404 88 "-" "Mozilla/5.0 (compatible; AhrefsBot/7.0; +http://ahrefs.com/robot/)" "site.tandtrepair.com"
51.222.253.14 - - [19/Feb/2023:21:36:37 -0800] "GET /sitebuilder/images/indexnewnav1-14-inactive-98328.png HTTP/1.1" 404 88 "-" "Mozilla/5.0 (compatible; AhrefsBot/7.0; +http://ahrefs.com/robot/)" "site.tandtrepair.com"
51.222.253.19 - - [19/Feb/2023:21:36:38 -0800] "GET /sitebuilder/images/indexnewnav1-34-inactive-05268.png HTTP/1.1" 404 88 "-" "Mozilla/5.0 (compatible; AhrefsBot/7.0; +http://ahrefs.com/robot/)" "site.tandtrepair.com"
51.222.253.10 - - [19/Feb/2023:21:36:38 -0800] "GET /images/angbizon.gif HTTP/1.1" 404 88 "-" "Mozilla/5.0 (compatible; AhrefsBot/7.0; +http://ahrefs.com/robot/)" "site.tandtrepair.com"
51.222.253.20 - - [19/Feb/2023:21:36:38 -0800] "GET /sitebuilder/images/indexnewnav1-27-inactive-28373.png HTTP/1.1" 404 88 "-" "Mozilla/5.0 (compatible; AhrefsBot/7.0; +http://ahrefs.com/robot/)" "site.tandtrepair.com"
51.222.253.19 - - [19/Feb/2023:21:36:38 -0800] "GET /sitebuilder/images/mastercard-60x37.jpg HTTP/1.1" 404 88 "-" "Mozilla/5.0 (compatible; AhrefsBot/7.0; +http://ahrefs.com/robot/)" "site.tandtrepair.com"
51.222.253.6 - - [19/Feb/2023:21:36:38 -0800] "GET /sitebuilder/images/indexnewnav1-29-inactive-24293.png HTTP/1.1" 404 88 "-" "Mozilla/5.0 (compatible; AhrefsBot/7.0; +http://ahrefs.com/robot/)" "site.tandtrepair.com"
51.222.253.11 - - [19/Feb/2023:21:36:39 -0800] "GET /sitebuilder/images/index.html-5.png HTTP/1.1" 404 88 "-" "Mozilla/5.0 (compatible; AhrefsBot/7.0; +http://ahrefs.com/robot/)" "site.tandtrepair.com"
51.222.253.14 - - [19/Feb/2023:21:36:39 -0800] "GET /sitebuilder/images/Greenish_Banner-200x1691.jpg HTTP/1.1" 404 88 "-" "Mozilla/5.0 (compatible; AhrefsBot/7.0; +http://ahrefs.com/robot/)" "site.tandtrepair.com"
51.222.253.10 - - [19/Feb/2023:21:36:39 -0800] "GET /sitebuilder/images/Greenish_Banner-1069x163.jpg HTTP/1.1" 404 88 "-" "Mozilla/5.0 (compatible; AhrefsBot/7.0; +http://ahrefs.com/robot/)" "site.tandtrepair.com"
51.222.253.18 - - [19/Feb/2023:21:36:39 -0800] "GET /sitebuilder/images/indexnewnav1-6-inactive-26671.png HTTP/1.1" 404 88 "-" "Mozilla/5.0 (compatible; AhrefsBot/7.0; +http://ahrefs.com/robot/)" "site.tandtrepair.com"
51.222.253.10 - - [19/Feb/2023:21:36:40 -0800] "GET /sitebuilder/images/amsamflag-95x59.jpg HTTP/1.1" 404 88 "-" "Mozilla/5.0 (compatible; AhrefsBot/7.0; +http://ahrefs.com/robot/)" "site.tandtrepair.com"
51.222.253.11 - - [19/Feb/2023:21:36:40 -0800] "GET /sitebuilder/images/indexnewnav1-22-inactive-79515.png HTTP/1.1" 404 88 "-" "Mozilla/5.0 (compatible; AhrefsBot/7.0; +http://ahrefs.com/robot/)" "site.tandtrepair.com"
51.222.253.14 - - [19/Feb/2023:21:36:40 -0800] "GET /sitebuilder/images/index.html-8.png HTTP/1.1" 404 88 "-" "Mozilla/5.0 (compatible; AhrefsBot/7.0; +http://ahrefs.com/robot/)" "site.tandtrepair.com"
51.222.253.15 - - [19/Feb/2023:21:36:40 -0800] "GET /sitebuilder/images/shriner-logo_green-114x98.jpg HTTP/1.1" 404 88 "-" "Mozilla/5.0 (compatible; AhrefsBot/7.0; +http://ahrefs.com/robot/)" "site.tandtrepair.com"
51.222.253.13 - - [19/Feb/2023:21:36:40 -0800] "GET /PagePicts/album_4july_usaflag.gif HTTP/1.1" 404 88 "-" "Mozilla/5.0 (compatible; AhrefsBot/7.0; +http://ahrefs.com/robot/)" "site.tandtrepair.com"
51.222.253.19 - - [19/Feb/2023:21:36:41 -0800] "GET /sitebuilder/images/indexnewnav1-19-inactive-31968.png HTTP/1.1" 404 88 "-" "Mozilla/5.0 (compatible; AhrefsBot/7.0; +http://ahrefs.com/robot/)" "site.tandtrepair.com"
51.222.253.9 - - [19/Feb/2023:21:36:41 -0800] "GET /sitebuilder/images/indexnewnav1-32-inactive-11044.png HTTP/1.1" 404 88 "-" "Mozilla/5.0 (compatible; AhrefsBot/7.0; +http://ahrefs.com/robot/)" "site.tandtrepair.com"
51.222.253.1 - - [19/Feb/2023:21:36:41 -0800] "GET /images/sqrotes2.gif HTTP/1.1" 404 88 "-" "Mozilla/5.0 (compatible; AhrefsBot/7.0; +http://ahrefs.com/robot/)" "site.tandtrepair.com"
51.222.253.4 - - [19/Feb/2023:21:36:41 -0800] "GET /sitebuilder/images/indexnewnav1-7-inactive-26828.png HTTP/1.1" 404 88 "-" "Mozilla/5.0 (compatible; AhrefsBot/7.0; +http://ahrefs.com/robot/)" "site.tandtrepair.com"
51.222.253.15 - - [19/Feb/2023:21:36:41 -0800] "GET /sitebuilder/images/index.html-11.png HTTP/1.1" 404 88 "-" "Mozilla/5.0 (compatible; AhrefsBot/7.0; +http://ahrefs.com/robot/)" "site.tandtrepair.com"
51.222.253.11 - - [19/Feb/2023:21:36:42 -0800] "GET /sitebuilder/images/2020_16_10pk-90x130.jpg HTTP/1.1" 404 88 "-" "Mozilla/5.0 (compatible; AhrefsBot/7.0; +http://ahrefs.com/robot/)" "site.tandtrepair.com"
51.222.253.18 - - [19/Feb/2023:21:36:42 -0800] "GET /sitebuilder/images/indexnewnav1-30-inactive-92234.png HTTP/1.1" 404 88 "-" "Mozilla/5.0 (compatible; AhrefsBot/7.0; +http://ahrefs.com/robot/)" "site.tandtrepair.com"
51.222.253.19 - - [19/Feb/2023:21:36:42 -0800] "GET /sitebuilder/images/index.html-2.png HTTP/1.1" 404 88 "-" "Mozilla/5.0 (compatible; AhrefsBot/7.0; +http://ahrefs.com/robot/)" "site.tandtrepair.com"
51.222.253.16 - - [19/Feb/2023:21:36:42 -0800] "GET /sitebuilder/images/IndexNav2-0-inactive-03171.png HTTP/1.1" 404 88 "-" "Mozilla/5.0 (compatible; AhrefsBot/7.0; +http://ahrefs.com/robot/)" "site.tandtrepair.com"
51.222.253.12 - - [19/Feb/2023:21:36:43 -0800] "GET /sitebuilder/images/IndexNav2-1-inactive-03218.png HTTP/1.1" 404 88 "-" "Mozilla/5.0 (compatible; AhrefsBot/7.0; +http://ahrefs.com/robot/)" "site.tandtrepair.com"
51.222.253.16 - - [19/Feb/2023:21:36:43 -0800] "GET /sitebuilder/images/indexnewnav1-8-inactive-26968.png HTTP/1.1" 404 88 "-" "Mozilla/5.0 (compatible; AhrefsBot/7.0; +http://ahrefs.com/robot/)" "site.tandtrepair.com"
51.222.253.7 - - [19/Feb/2023:21:36:43 -0800] "GET /images/HobbyBlueEMailImg.gif HTTP/1.1" 404 88 "-" "Mozilla/5.0 (compatible; AhrefsBot/7.0; +http://ahrefs.com/robot/)" "site.tandtrepair.com"
51.222.253.9 - - [19/Feb/2023:21:36:44 -0800] "GET /PagePicts/yellowribbon1.gif HTTP/1.1" 404 88 "-" "Mozilla/5.0 (compatible; AhrefsBot/7.0; +http://ahrefs.com/robot/)" "site.tandtrepair.com"
51.222.253.8 - - [19/Feb/2023:21:36:44 -0800] "GET /index.html HTTP/1.1" 200 10618 "-" "Mozilla/5.0 (compatible; AhrefsBot/7.0; +http://ahrefs.com/robot/)" "site.tandtrepair.com"
51.222.253.14 - - [19/Feb/2023:21:36:44 -0800] "GET /sitebuilder/images/indexnewnav1-13-inactive-98171.png HTTP/1.1" 404 88 "-" "Mozilla/5.0 (compatible; AhrefsBot/7.0; +http://ahrefs.com/robot/)" "site.tandtrepair.com"
51.222.253.20 - - [19/Feb/2023:21:36:44 -0800] "GET /sitebuilder/images/index.html-9.png HTTP/1.1" 404 88 "-" "Mozilla/5.0 (compatible; AhrefsBot/7.0; +http://ahrefs.com/robot/)" "site.tandtrepair.com"
51.222.253.5 - - [19/Feb/2023:21:36:45 -0800] "GET /sitebuilder/images/indexnewnav1-0-active-11187.png HTTP/1.1" 404 88 "-" "Mozilla/5.0 (compatible; AhrefsBot/7.0; +http://ahrefs.com/robot/)" "site.tandtrepair.com"
51.222.253.8 - - [19/Feb/2023:21:36:45 -0800] "GET /sitebuilder/images/No_Child-43x106.jpg HTTP/1.1" 404 88 "-" "Mozilla/5.0 (compatible; AhrefsBot/7.0; +http://ahrefs.com/robot/)" "site.tandtrepair.com"
51.222.253.1 - - [19/Feb/2023:21:36:45 -0800] "GET /sitebuilder/images/indexnewnav1-10-inactive-27281.png HTTP/1.1" 404 88 "-" "Mozilla/5.0 (compatible; AhrefsBot/7.0; +http://ahrefs.com/robot/)" "site.tandtrepair.com"
51.222.253.13 - - [19/Feb/2023:21:36:45 -0800] "GET /sitebuilder/images/indexnewnav1-2-inactive-11296.png HTTP/1.1" 404 88 "-" "Mozilla/5.0 (compatible; AhrefsBot/7.0; +http://ahrefs.com/robot/)" "site.tandtrepair.com"
51.222.253.13 - - [19/Feb/2023:21:36:46 -0800] "GET /sitebuilder/images/indexnewnav1-26-inactive-62201.png HTTP/1.1" 404 88 "-" "Mozilla/5.0 (compatible; AhrefsBot/7.0; +http://ahrefs.com/robot/)" "site.tandtrepair.com"
207.46.13.64 - - [19/Feb/2023:21:48:06 -0800] "GET /sitebuilder/images/index.html-5.png HTTP/1.1" 404 88 "-" "Mozilla/5.0 AppleWebKit/537.36 (KHTML, like Gecko; compatible; bingbot/2.0; +http://www.bing.com/bingbot.htm) Chrome/103.0.5060.134 Safari/537.36" "site.tandtrepair.com"
51.222.253.5 - - [19/Feb/2023:22:25:22 -0800] "GET /General_Tips/?C=D;O=A HTTP/1.1" 200 524 "-" "Mozilla/5.0 (compatible; AhrefsBot/7.0; +http://ahrefs.com/robot/)" "site.tandtrepair.com"
51.222.253.12 - - [19/Feb/2023:22:49:44 -0800] "GET /public/?C=M;O=D HTTP/1.1" 200 519 "-" "Mozilla/5.0 (compatible; AhrefsBot/7.0; +http://ahrefs.com/robot/)" "site.tandtrepair.com"
114.119.152.195 - - [19/Feb/2023:23:10:23 -0800] "GET /robots.txt HTTP/1.1" 404 88 "-" "Mozilla/5.0 (compatible;PetalBot;+https://webmaster.petalsearch.com/site/petalbot)" "site.tandtrepair.com"
61.135.159.194 - - [19/Feb/2023:23:27:57 -0800] "GET / HTTP/1.1" 200 10618 "-" "Sogou web spider/4.0(+http://www.sogou.com/docs/help/webmasters.htm#07)" "site.tandtrepair.com"
118.211.64.172 - - [19/Feb/2023:23:30:51 -0800] "GET /sitebuilder/images/SlantOMatics.html-0.png HTTP/1.1" 404 88 "-" "Safari/14611.3.10.1.7 CFNetwork/978.6 Darwin/18.7.0 (x86_64)" "site.tandtrepair.com"
51.222.253.4 - - [20/Feb/2023:00:27:39 -0800] "GET /herrera/?C=S;O=A HTTP/1.1" 200 365 "-" "Mozilla/5.0 (compatible; AhrefsBot/7.0; +http://ahrefs.com/robot/)" "site.tandtrepair.com"
51.222.253.10 - - [20/Feb/2023:01:10:47 -0800] "GET /General_Tips/?C=S;O=A HTTP/1.1" 200 525 "-" "Mozilla/5.0 (compatible; AhrefsBot/7.0; +http://ahrefs.com/robot/)" "site.tandtrepair.com"
40.77.167.242 - - [20/Feb/2023:01:12:23 -0800] "GET /sitemaps.xml HTTP/1.1" 404 88 "-" "Mozilla/5.0 AppleWebKit/537.36 (KHTML, like Gecko; compatible; bingbot/2.0; +http://www.bing.com/bingbot.htm) Chrome/103.0.5060.134 Safari/537.36" "site.tandtrepair.com"
207.46.13.40 - - [20/Feb/2023:01:37:32 -0800] "GET /sitebuilder/images/index.html-8.png HTTP/1.1" 404 88 "-" "Mozilla/5.0 AppleWebKit/537.36 (KHTML, like Gecko; compatible; bingbot/2.0; +http://www.bing.com/bingbot.htm) Chrome/103.0.5060.134 Safari/537.36" "site.tandtrepair.com"
54.213.240.235 - - [20/Feb/2023:03:09:30 -0800] "GET / HTTP/1.1" 200 54765 "-" "-" "site.tandtrepair.com"
207.46.13.40 - - [20/Feb/2023:03:22:15 -0800] "GET /files/Top_Tension_Test.pdf HTTP/1.1" 200 91894 "-" "Mozilla/5.0 AppleWebKit/537.36 (KHTML, like Gecko; compatible; bingbot/2.0; +http://www.bing.com/bingbot.htm) Chrome/103.0.5060.134 Safari/537.36" "site.tandtrepair.com"
61.135.159.194 - - [20/Feb/2023:04:27:17 -0800] "GET / HTTP/1.1" 200 10618 "-" "Sogou web spider/4.0(+http://www.sogou.com/docs/help/webmasters.htm#07)" "site.tandtrepair.com"
51.222.253.19 - - [20/Feb/2023:04:27:44 -0800] "GET /robots.txt HTTP/1.1" 404 88 "-" "Mozilla/5.0 (compatible; AhrefsBot/7.0; +http://ahrefs.com/robot/)" "site.tandtrepair.com"
51.222.253.14 - - [20/Feb/2023:04:27:47 -0800] "GET /public/_private/?C=M;O=A HTTP/1.1" 200 321 "-" "Mozilla/5.0 (compatible; AhrefsBot/7.0; +http://ahrefs.com/robot/)" "site.tandtrepair.com"
216.244.66.203 - - [20/Feb/2023:04:40:18 -0800] "GET /robots.txt HTTP/1.1" 404 73 "-" "Mozilla/5.0 (compatible; DotBot/1.2; +https://opensiteexplorer.org/dotbot; help@moz.com)" "site.tandtrepair.com"
216.244.66.203 - - [20/Feb/2023:05:16:23 -0800] "GET /public/images/favicon.ico HTTP/1.1" 200 1406 "-" "Mozilla/5.0 (compatible; DotBot/1.2; +https://opensiteexplorer.org/dotbot; help@moz.com)" "site.tandtrepair.com"
114.119.148.202 - - [20/Feb/2023:05:19:00 -0800] "GET /_private HTTP/1.1" 301 1414 "http://site.tandtrepair.com?C=N%3BO%3DD" "Mozilla/5.0 (Linux; Android 7.0;) AppleWebKit/537.36 (KHTML, like Gecko) Mobile Safari/537.36 (compatible; PetalBot;+https://webmaster.petalsearch.com/site/petalbot)" "site.tandtrepair.com"
114.119.148.202 - - [20/Feb/2023:05:19:15 -0800] "GET /_private/ HTTP/1.1" 200 314 "http://site.tandtrepair.com?C=N%3BO%3DD" "Mozilla/5.0 (Linux; Android 7.0;) AppleWebKit/537.36 (KHTML, like Gecko) Mobile Safari/537.36 (compatible; PetalBot;+https://webmaster.petalsearch.com/site/petalbot)" "site.tandtrepair.com"
40.77.167.203 - - [20/Feb/2023:05:52:48 -0800] "GET /robots.txt HTTP/1.1" 404 88 "-" "Mozilla/5.0 AppleWebKit/537.36 (KHTML, like Gecko; compatible; bingbot/2.0; +http://www.bing.com/bingbot.htm) Chrome/103.0.5060.134 Safari/537.36" "site.tandtrepair.com"
40.77.167.203 - - [20/Feb/2023:05:52:48 -0800] "GET /robots.txt HTTP/1.1" 404 88 "-" "Mozilla/5.0 AppleWebKit/537.36 (KHTML, like Gecko; compatible; bingbot/2.0; +http://www.bing.com/bingbot.htm) Chrome/103.0.5060.134 Safari/537.36" "site.tandtrepair.com"
207.46.13.7 - - [20/Feb/2023:05:52:59 -0800] "GET /sitemaps.xml HTTP/1.1" 404 88 "-" "Mozilla/5.0 AppleWebKit/537.36 (KHTML, like Gecko; compatible; bingbot/2.0; +http://www.bing.com/bingbot.htm) Chrome/103.0.5060.134 Safari/537.36" "site.tandtrepair.com"
123.183.224.2 - - [20/Feb/2023:06:39:34 -0800] "GET / HTTP/1.1" 200 10618 "-" "Sogou web spider/4.0(+http://www.sogou.com/docs/help/webmasters.htm#07)" "site.tandtrepair.com"
114.119.150.2 - - [20/Feb/2023:07:11:01 -0800] "GET /robots.txt HTTP/1.1" 404 88 "-" "Mozilla/5.0 (compatible;PetalBot;+https://webmaster.petalsearch.com/site/petalbot)" "site.tandtrepair.com"
51.222.253.1 - - [20/Feb/2023:07:29:55 -0800] "GET /public/_private/?C=S;O=A HTTP/1.1" 200 322 "-" "Mozilla/5.0 (compatible; AhrefsBot/7.0; +http://ahrefs.com/robot/)" "site.tandtrepair.com"
66.249.64.127 - - [20/Feb/2023:08:16:52 -0800] "GET /robots.txt HTTP/1.1" 404 88 "-" "Mozilla/5.0 (compatible; Googlebot/2.1; +http://www.google.com/bot.html)" "site.tandtrepair.com"
185.191.171.38 - - [20/Feb/2023:08:43:36 -0800] "GET /@site.tandtrepair.com/files/?C=M&percnt;3BO&percnt;3DD& HTTP/1.1" 200 456 "-" "Mozilla/5.0 (compatible; SemrushBot/7~bl; +http://www.semrush.com/bot.html)" "p9.secure.hostingprod.com"
185.191.171.10 - - [20/Feb/2023:09:45:46 -0800] "GET /@site.tandtrepair.com/General_Tips/?C=S&percnt;3BO&percnt;3DA& HTTP/1.1" 200 541 "-" "Mozilla/5.0 (compatible; SemrushBot/7~bl; +http://www.semrush.com/bot.html)" "p9.secure.hostingprod.com"
97.115.191.2 - - [20/Feb/2023:10:08:26 -0800] "GET /600Stuff/FreeStuff/Chain_Stitching_600_Series.pdf HTTP/1.1" 404 88 "-" "Mozilla/5.0 (Linux; Android 8.0.0; SM-G965U Build/R16NW; ) AppleWebKit/537.36 (KHTML, like Gecko) Version/4.0 Chrome/95.0.4638.69 Mobile Safari/537.36  BingSapphire/24.1.410205314" "site.tandtrepair.com"
97.115.191.2 - - [20/Feb/2023:10:08:27 -0800] "GET /favicon.ico HTTP/1.1" 404 88 "http://site.tandtrepair.com/600Stuff/FreeStuff/Chain_Stitching_600_Series.pdf" "Mozilla/5.0 (Linux; Android 8.0.0; SM-G965U Build/R16NW; ) AppleWebKit/537.36 (KHTML, like Gecko) Version/4.0 Chrome/95.0.4638.69 Mobile Safari/537.36  BingSapphire/24.1.410205314" "site.tandtrepair.com"
51.222.253.6 - - [20/Feb/2023:10:20:55 -0800] "GET /herrera/?C=D;O=A HTTP/1.1" 200 365 "-" "Mozilla/5.0 (compatible; AhrefsBot/7.0; +http://ahrefs.com/robot/)" "site.tandtrepair.com"
51.222.253.10 - - [20/Feb/2023:11:12:48 -0800] "GET /public/?C=N;O=D HTTP/1.1" 200 517 "-" "Mozilla/5.0 (compatible; AhrefsBot/7.0; +http://ahrefs.com/robot/)" "site.tandtrepair.com"
51.222.253.12 - - [20/Feb/2023:11:40:50 -0800] "GET /herrera/?C=D;O=D HTTP/1.1" 200 363 "-" "Mozilla/5.0 (compatible; AhrefsBot/7.0; +http://ahrefs.com/robot/)" "site.tandtrepair.com"
185.191.171.12 - - [20/Feb/2023:12:03:43 -0800] "GET /@site.tandtrepair.com/freebies/?C=N&percnt;3BO&percnt;3DA& HTTP/1.1" 200 774 "-" "Mozilla/5.0 (compatible; SemrushBot/7~bl; +http://www.semrush.com/bot.html)" "p9.secure.hostingprod.com"
52.167.144.93 - - [20/Feb/2023:12:05:49 -0800] "GET /Repair_Shops_Texas.html HTTP/1.1" 404 88 "-" "Mozilla/5.0 AppleWebKit/537.36 (KHTML, like Gecko; compatible; bingbot/2.0; +http://www.bing.com/bingbot.htm) Chrome/103.0.5060.134 Safari/537.36" "site.tandtrepair.com"
66.249.64.119 - - [20/Feb/2023:13:17:40 -0800] "GET /robots.txt HTTP/1.1" 404 88 "-" "Mozilla/5.0 (compatible; Googlebot/2.1; +http://www.google.com/bot.html)" "site.tandtrepair.com"
114.119.135.78 - - [20/Feb/2023:13:39:48 -0800] "GET /public/images HTTP/1.1" 301 1412 "http://site.tandtrepair.com/public?C=S%3BO%3DA" "Mozilla/5.0 (Linux; Android 7.0;) AppleWebKit/537.36 (KHTML, like Gecko) Mobile Safari/537.36 (compatible; PetalBot;+https://webmaster.petalsearch.com/site/petalbot)" "site.tandtrepair.com"
114.119.135.78 - - [20/Feb/2023:13:39:54 -0800] "GET /public/images/ HTTP/1.1" 200 501 "http://site.tandtrepair.com/public?C=S%3BO%3DA" "Mozilla/5.0 (Linux; Android 7.0;) AppleWebKit/537.36 (KHTML, like Gecko) Mobile Safari/537.36 (compatible; PetalBot;+https://webmaster.petalsearch.com/site/petalbot)" "site.tandtrepair.com"
95.108.213.117 - - [20/Feb/2023:13:50:57 -0800] "GET /robots.txt HTTP/1.1" 404 73 "-" "Mozilla/5.0 (compatible; YandexBot/3.0; +http://yandex.com/bots)" "site.tandtrepair.com"
95.108.213.90 - - [20/Feb/2023:13:50:58 -0800] "GET /freebies/BasicElectronics.pdf HTTP/1.1" 200 376367 "-" "Mozilla/5.0 (compatible; YandexBot/3.0; +http://yandex.com/bots)" "site.tandtrepair.com"
216.244.66.203 - - [20/Feb/2023:14:16:07 -0800] "GET /robots.txt HTTP/1.1" 404 73 "-" "Mozilla/5.0 (compatible; DotBot/1.2; +https://opensiteexplorer.org/dotbot; help@moz.com)" "site.tandtrepair.com"
40.88.21.235 - - [20/Feb/2023:14:26:30 -0800] "GET / HTTP/1.1" 200 10618 "http://site.tandtrepair.com/" "Mozilla/5.0 (compatible; DuckDuckGo-Favicons-Bot/1.0; +http://duckduckgo.com)" "site.tandtrepair.com"
40.88.21.235 - - [20/Feb/2023:14:26:30 -0800] "GET /favicon.ico HTTP/1.1" 404 88 "http://site.tandtrepair.com/favicon.ico" "Mozilla/5.0 (compatible; DuckDuckGo-Favicons-Bot/1.0; +http://duckduckgo.com)" "site.tandtrepair.com"
216.244.66.203 - - [20/Feb/2023:14:49:52 -0800] "GET /public/?C=N;O=A HTTP/1.1" 200 1902 "-" "Mozilla/5.0 (compatible; DotBot/1.2; +https://opensiteexplorer.org/dotbot; help@moz.com)" "site.tandtrepair.com"
73.106.43.70 - - [20/Feb/2023:15:15:18 -0800] "GET / HTTP/1.1" 200 10618 "-" "Mozilla/5.0 (iPhone; CPU iPhone OS 15_6_1 like Mac OS X) AppleWebKit/605.1.15 (KHTML, like Gecko) Version/15.6.1 Mobile/15E148 Safari/604.1" "site.tandtrepair.com"
73.106.43.70 - - [20/Feb/2023:15:15:19 -0800] "GET / HTTP/1.1" 200 10618 "-" "Mozilla/5.0 (iPhone; CPU iPhone OS 15_6_1 like Mac OS X) AppleWebKit/605.1.15 (KHTML, like Gecko) Version/15.6.1 Mobile/15E148 Safari/604.1" "site.tandtrepair.com"
73.106.43.70 - - [20/Feb/2023:15:15:19 -0800] "GET /sitebuilder/images/Greenish_Banner-1069x163.jpg HTTP/1.1" 404 88 "http://site.tandtrepair.com/" "Mozilla/5.0 (iPhone; CPU iPhone OS 15_6_1 like Mac OS X) AppleWebKit/605.1.15 (KHTML, like Gecko) Version/15.6.1 Mobile/15E148 Safari/604.1" "site.tandtrepair.com"
185.191.171.37 - - [20/Feb/2023:15:24:02 -0800] "GET /@site.tandtrepair.com/public/_private/?C=M&percnt;3BO&percnt;3DA& HTTP/1.1" 200 337 "-" "Mozilla/5.0 (compatible; SemrushBot/7~bl; +http://www.semrush.com/bot.html)" "p9.secure.hostingprod.com"
49.7.21.83 - - [20/Feb/2023:16:08:43 -0800] "GET / HTTP/1.1" 200 10618 "-" "Sogou web spider/4.0(+http://www.sogou.com/docs/help/webmasters.htm#07)" "site.tandtrepair.com"
185.191.171.1 - - [20/Feb/2023:16:15:52 -0800] "GET /@site.tandtrepair.com/public/?C=M&percnt;3BO&percnt;3DD& HTTP/1.1" 200 532 "-" "Mozilla/5.0 (compatible; SemrushBot/7~bl; +http://www.semrush.com/bot.html)" "p9.secure.hostingprod.com"
216.244.66.203 - - [20/Feb/2023:16:24:18 -0800] "GET /robots.txt HTTP/1.1" 404 73 "-" "Mozilla/5.0 (compatible; DotBot/1.2; +https://opensiteexplorer.org/dotbot; help@moz.com)" "site.tandtrepair.com"
216.244.66.203 - - [20/Feb/2023:16:29:59 -0800] "GET /freebies/401thread1.jpg HTTP/1.1" 200 79579 "-" "Mozilla/5.0 (compatible; DotBot/1.2; +https://opensiteexplorer.org/dotbot; help@moz.com)" "site.tandtrepair.com"
216.244.66.203 - - [20/Feb/2023:16:30:03 -0800] "GET /public/favicon.jpg HTTP/1.1" 200 742 "-" "Mozilla/5.0 (compatible; DotBot/1.2; +https://opensiteexplorer.org/dotbot; help@moz.com)" "site.tandtrepair.com"
54.36.149.42 - - [20/Feb/2023:17:12:44 -0800] "GET /robots.txt HTTP/1.1" 404 88 "-" "Mozilla/5.0 (compatible; AhrefsBot/7.0; +http://ahrefs.com/robot/)" "site.tandtrepair.com"
51.222.253.9 - - [20/Feb/2023:17:12:45 -0800] "GET /public/images/?C=M;O=A HTTP/1.1" 200 505 "-" "Mozilla/5.0 (compatible; AhrefsBot/7.0; +http://ahrefs.com/robot/)" "site.tandtrepair.com"
66.249.64.125 - - [20/Feb/2023:17:25:33 -0800] "GET /freebies/InstructionBook57820.pdf HTTP/1.1" 200 2235683 "-" "Mozilla/5.0 (Windows NT 10.0; Win64; x64)AppleWebKit/537.36 (KHTML, like Gecko) Chrome/91.0.4472.101 Safari/537.36 (compatible; GoogleOther)" "site.tandtrepair.com"
114.119.135.212 - - [20/Feb/2023:17:36:13 -0800] "GET /robots.txt HTTP/1.1" 404 88 "-" "Mozilla/5.0 (compatible;PetalBot;+https://webmaster.petalsearch.com/site/petalbot)" "site.tandtrepair.com"
87.250.224.222 - - [20/Feb/2023:17:50:57 -0800] "GET /robots.txt HTTP/1.1" 404 73 "-" "Mozilla/5.0 (compatible; YandexBot/3.0; +http://yandex.com/bots)" "site.tandtrepair.com"
185.191.171.44 - - [20/Feb/2023:18:08:17 -0800] "GET /@site.tandtrepair.com/files/?C=D&percnt;3BO&percnt;3DA& HTTP/1.1" 200 456 "-" "Mozilla/5.0 (compatible; SemrushBot/7~bl; +http://www.semrush.com/bot.html)" "p9.secure.hostingprod.com"
87.250.224.222 - - [20/Feb/2023:18:19:34 -0800] "GET /General_Query_Page.html HTTP/1.1" 404 88 "-" "Mozilla/5.0 (compatible; YandexBot/3.0; +http://yandex.com/bots)" "site.tandtrepair.com"
51.222.253.6 - - [20/Feb/2023:18:29:13 -0800] "GET /public/_private/ HTTP/1.1" 200 321 "-" "Mozilla/5.0 (compatible; AhrefsBot/7.0; +http://ahrefs.com/robot/)" "site.tandtrepair.com"
185.191.171.19 - - [20/Feb/2023:18:42:52 -0800] "GET /@site.tandtrepair.com/_private/?C=D&percnt;3BO&percnt;3DA& HTTP/1.1" 200 332 "-" "Mozilla/5.0 (compatible; SemrushBot/7~bl; +http://www.semrush.com/bot.html)" "p9.secure.hostingprod.com"
216.244.66.203 - - [20/Feb/2023:18:49:39 -0800] "GET /robots.txt HTTP/1.1" 404 73 "-" "Mozilla/5.0 (compatible; DotBot/1.2; +https://opensiteexplorer.org/dotbot; help@moz.com)" "site.tandtrepair.com"
216.244.66.203 - - [20/Feb/2023:19:06:52 -0800] "GET /files/?C=N;O=A HTTP/1.1" 200 1049 "-" "Mozilla/5.0 (compatible; DotBot/1.2; +https://opensiteexplorer.org/dotbot; help@moz.com)" "site.tandtrepair.com"
207.46.13.40 - - [20/Feb/2023:19:15:13 -0800] "GET /SingerCords_pg3.html HTTP/1.1" 404 88 "-" "Mozilla/5.0 AppleWebKit/537.36 (KHTML, like Gecko; compatible; bingbot/2.0; +http://www.bing.com/bingbot.htm) Chrome/103.0.5060.134 Safari/537.36" "site.tandtrepair.com"
51.222.253.2 - - [20/Feb/2023:19:19:14 -0800] "GET /public/images/?C=S;O=A HTTP/1.1" 200 504 "-" "Mozilla/5.0 (compatible; AhrefsBot/7.0; +http://ahrefs.com/robot/)" "site.tandtrepair.com"
185.191.171.25 - - [20/Feb/2023:19:26:12 -0800] "GET /@site.tandtrepair.com/herrera/?C=D&percnt;3BO&percnt;3DD& HTTP/1.1" 200 383 "-" "Mozilla/5.0 (compatible; SemrushBot/7~bl; +http://www.semrush.com/bot.html)" "p9.secure.hostingprod.com"
51.222.253.4 - - [20/Feb/2023:19:47:28 -0800] "GET /public/images/?C=D;O=A HTTP/1.1" 200 501 "-" "Mozilla/5.0 (compatible; AhrefsBot/7.0; +http://ahrefs.com/robot/)" "site.tandtrepair.com"
52.167.144.93 - - [20/Feb/2023:20:58:28 -0800] "GET /files/ HTTP/1.1" 200 438 "-" "Mozilla/5.0 AppleWebKit/537.36 (KHTML, like Gecko; compatible; bingbot/2.0; +http://www.bing.com/bingbot.htm) Chrome/103.0.5060.134 Safari/537.36" "site.tandtrepair.com"
167.99.228.9 - - [20/Feb/2023:21:06:35 -0800] "HEAD / HTTP/1.1" 200 - "https://www.bing.com" "Mozilla/5.0 (Macintosh; Intel Mac OS X 10_9_2) AppleWebKit/537.36 (KHTML, like Gecko) Chrome/36.0.1944.0 Safari/537.36" "site.tandtrepair.com"
167.99.228.9 - - [20/Feb/2023:21:06:35 -0800] "GET /wp-login.php HTTP/1.1" 404 88 "http://site.tandtrepair.com" "Mozilla/5.0 (Macintosh; Intel Mac OS X 10_9_2) AppleWebKit/537.36 (KHTML, like Gecko) Chrome/36.0.1944.0 Safari/537.36" "site.tandtrepair.com"
167.99.228.9 - - [20/Feb/2023:21:06:36 -0800] "GET /wordpress/wp-login.php HTTP/1.1" 404 88 "http://site.tandtrepair.com" "Mozilla/5.0 (Macintosh; Intel Mac OS X 10_9_2) AppleWebKit/537.36 (KHTML, like Gecko) Chrome/36.0.1944.0 Safari/537.36" "site.tandtrepair.com"
167.99.228.9 - - [20/Feb/2023:21:06:36 -0800] "GET /blog/wp-login.php HTTP/1.1" 404 88 "http://site.tandtrepair.com" "Mozilla/5.0 (Macintosh; Intel Mac OS X 10_9_2) AppleWebKit/537.36 (KHTML, like Gecko) Chrome/36.0.1944.0 Safari/537.36" "site.tandtrepair.com"
167.99.228.9 - - [20/Feb/2023:21:06:36 -0800] "GET /wp/wp-login.php HTTP/1.1" 404 88 "http://site.tandtrepair.com" "Mozilla/5.0 (Macintosh; Intel Mac OS X 10_9_2) AppleWebKit/537.36 (KHTML, like Gecko) Chrome/36.0.1944.0 Safari/537.36" "site.tandtrepair.com"
123.183.224.2 - - [20/Feb/2023:21:44:53 -0800] "GET / HTTP/1.1" 200 10618 "-" "Sogou web spider/4.0(+http://www.sogou.com/docs/help/webmasters.htm#07)" "site.tandtrepair.com"
87.250.224.222 - - [20/Feb/2023:21:50:57 -0800] "GET /robots.txt HTTP/1.1" 404 73 "-" "Mozilla/5.0 (compatible; YandexBot/3.0; +http://yandex.com/bots)" "site.tandtrepair.com"
51.222.253.19 - - [20/Feb/2023:21:56:47 -0800] "GET /public/images/?C=D;O=D HTTP/1.1" 200 499 "-" "Mozilla/5.0 (compatible; AhrefsBot/7.0; +http://ahrefs.com/robot/)" "site.tandtrepair.com"
123.125.109.44 - - [21/Feb/2023:01:19:52 -0800] "GET / HTTP/1.1" 200 10618 "-" "Sogou web spider/4.0(+http://www.sogou.com/docs/help/webmasters.htm#07)" "site.tandtrepair.com"
87.250.224.222 - - [21/Feb/2023:01:50:57 -0800] "GET /robots.txt HTTP/1.1" 404 73 "-" "Mozilla/5.0 (compatible; YandexBot/3.0; +http://yandex.com/bots)" "site.tandtrepair.com"
114.119.136.146 - - [21/Feb/2023:02:06:54 -0800] "GET /robots.txt HTTP/1.1" 404 88 "-" "Mozilla/5.0 (compatible;PetalBot;+https://webmaster.petalsearch.com/site/petalbot)" "site.tandtrepair.com"
92.151.220.245 - - [21/Feb/2023:02:18:40 -0800] "GET /600Stuff/611G_OwnerManual/OwnersManual_611G.pdf HTTP/1.1" 404 88 "-" "Mozilla/5.0 (Linux; Android 10; POT-LX1) AppleWebKit/537.36 (KHTML, like Gecko) Chrome/110.0.0.0 Mobile Safari/537.36" "site.tandtrepair.com"
92.151.220.245 - - [21/Feb/2023:02:18:40 -0800] "GET /favicon.ico HTTP/1.1" 404 88 "http://site.tandtrepair.com/600Stuff/611G_OwnerManual/OwnersManual_611G.pdf" "Mozilla/5.0 (Linux; Android 10; POT-LX1) AppleWebKit/537.36 (KHTML, like Gecko) Chrome/110.0.0.0 Mobile Safari/537.36" "site.tandtrepair.com"
64.124.8.54 - - [21/Feb/2023:03:02:55 -0800] "GET /public/favicon.gif HTTP/1.1" 200 649 "-" "Mozilla/5.0 (Macintosh; Intel Mac OS X 10_15_7) AppleWebKit/537.36 (KHTML, like Gecko) Chrome/107.0.0.0 Safari/537.36" "site.tandtrepair.com"
216.244.66.203 - - [21/Feb/2023:03:18:38 -0800] "GET /robots.txt HTTP/1.1" 404 73 "-" "Mozilla/5.0 (compatible; DotBot/1.2; +https://opensiteexplorer.org/dotbot; help@moz.com)" "site.tandtrepair.com"
216.244.66.203 - - [21/Feb/2023:03:31:14 -0800] "GET /General_Tips/Looping_Underneath_041312.pdf HTTP/1.1" 200 77288 "-" "Mozilla/5.0 (compatible; DotBot/1.2; +https://opensiteexplorer.org/dotbot; help@moz.com)" "site.tandtrepair.com"
123.183.224.2 - - [21/Feb/2023:03:35:45 -0800] "GET / HTTP/1.1" 200 10618 "-" "Sogou web spider/4.0(+http://www.sogou.com/docs/help/webmasters.htm#07)" "site.tandtrepair.com"
66.249.70.125 - - [21/Feb/2023:04:03:47 -0800] "GET /robots.txt HTTP/1.1" 404 88 "-" "Mozilla/5.0 (compatible; Googlebot/2.1; +http://www.google.com/bot.html)" "site.tandtrepair.com"
66.249.70.123 - - [21/Feb/2023:04:04:31 -0800] "GET /600Stuff/Schematics/649.pdf HTTP/1.1" 404 88 "-" "Mozilla/5.0 (Windows NT 10.0; Win64; x64)AppleWebKit/537.36 (KHTML, like Gecko) Chrome/91.0.4472.101 Safari/537.36 (compatible; GoogleOther)" "site.tandtrepair.com"
67.44.192.154 - - [21/Feb/2023:04:11:12 -0800] "GET /Repair_Shops_In_Your_Area.html HTTP/1.1" 404 88 "-" "Mozilla/5.0 (Windows NT 6.1; Win64; x64; rv:109.0) Gecko/20100101 Firefox/110.0" "site.tandtrepair.com"
207.46.13.64 - - [21/Feb/2023:04:25:18 -0800] "GET /sitemap.xml.gz HTTP/1.1" 404 88 "-" "Mozilla/5.0 AppleWebKit/537.36 (KHTML, like Gecko; compatible; bingbot/2.0; +http://www.bing.com/bingbot.htm) Chrome/103.0.5060.134 Safari/537.36" "site.tandtrepair.com"
66.249.70.125 - - [21/Feb/2023:05:01:20 -0800] "GET /Schematics/719.pdf HTTP/1.1" 404 88 "-" "Mozilla/5.0 (Windows NT 10.0; Win64; x64)AppleWebKit/537.36 (KHTML, like Gecko) Chrome/91.0.4472.101 Safari/537.36 (compatible; GoogleOther)" "site.tandtrepair.com"
174.30.34.145 - - [21/Feb/2023:05:13:45 -0800] "GET / HTTP/1.1" 200 10618 "-" "Mozilla/5.0 (Macintosh; Intel Mac OS X 10_15_7) AppleWebKit/605.1.15 (KHTML, like Gecko) Version/16.3 Safari/605.1.15" "site.tandtrepair.com"
123.183.224.2 - - [21/Feb/2023:06:38:48 -0800] "GET / HTTP/1.1" 200 10618 "-" "Sogou web spider/4.0(+http://www.sogou.com/docs/help/webmasters.htm#07)" "site.tandtrepair.com"
217.113.194.128 - - [21/Feb/2023:07:34:29 -0800] "GET /@site.tandtrepair.com/ HTTP/1.1" 200 10618 "-" "Mozilla/5.0 (compatible; Barkrowler/0.9; +https://babbar.tech/crawler)" "p9.secure.hostingprod.com"
95.108.213.226 - - [21/Feb/2023:07:59:42 -0800] "GET /robots.txt HTTP/1.1" 404 73 "-" "Mozilla/5.0 (compatible; YandexBot/3.0; +http://yandex.com/bots)" "site.tandtrepair.com"
5.255.231.7 - - [21/Feb/2023:07:59:44 -0800] "GET / HTTP/1.1" 200 10618 "-" "Mozilla/5.0 (compatible; YandexBot/3.0; +http://yandex.com/bots)" "site.tandtrepair.com"
217.113.194.180 - - [21/Feb/2023:08:01:30 -0800] "GET /@site.tandtrepair.com/public/images/ HTTP/1.1" 200 519 "-" "Mozilla/5.0 (compatible; Barkrowler/0.9; +https://babbar.tech/crawler)" "p9.secure.hostingprod.com"
51.222.253.2 - - [21/Feb/2023:08:11:42 -0800] "GET /robots.txt HTTP/1.1" 404 88 "-" "Mozilla/5.0 (compatible; AhrefsBot/7.0; +http://ahrefs.com/robot/)" "site.tandtrepair.com"
51.222.253.7 - - [21/Feb/2023:08:11:43 -0800] "GET / HTTP/1.1" 200 10618 "-" "Mozilla/5.0 (compatible; AhrefsBot/7.0; +http://ahrefs.com/robot/)" "site.tandtrepair.com"
51.222.253.9 - - [21/Feb/2023:08:11:45 -0800] "GET /sitebuilder/images/index.html-10.png HTTP/1.1" 404 88 "-" "Mozilla/5.0 (compatible; AhrefsBot/7.0; +http://ahrefs.com/robot/)" "site.tandtrepair.com"
51.222.253.10 - - [21/Feb/2023:08:11:46 -0800] "GET /PartPicts/172336_66ClassBobbin.jpg HTTP/1.1" 404 88 "-" "Mozilla/5.0 (compatible; AhrefsBot/7.0; +http://ahrefs.com/robot/)" "site.tandtrepair.com"
51.222.253.4 - - [21/Feb/2023:08:11:46 -0800] "GET /sitebuilder/images/indexnewnav1-33-inactive-28913.png HTTP/1.1" 404 88 "-" "Mozilla/5.0 (compatible; AhrefsBot/7.0; +http://ahrefs.com/robot/)" "site.tandtrepair.com"
51.222.253.16 - - [21/Feb/2023:08:11:46 -0800] "GET /sitebuilder/images/index.html-6.png HTTP/1.1" 404 88 "-" "Mozilla/5.0 (compatible; AhrefsBot/7.0; +http://ahrefs.com/robot/)" "site.tandtrepair.com"
51.222.253.11 - - [21/Feb/2023:08:11:46 -0800] "GET /sitebuilder/images/indexnewnav1-11-inactive-27468.png HTTP/1.1" 404 88 "-" "Mozilla/5.0 (compatible; AhrefsBot/7.0; +http://ahrefs.com/robot/)" "site.tandtrepair.com"
51.222.253.10 - - [21/Feb/2023:08:11:46 -0800] "GET /sitebuilder/images/indexnewnav1-31-inactive-71859.png HTTP/1.1" 404 88 "-" "Mozilla/5.0 (compatible; AhrefsBot/7.0; +http://ahrefs.com/robot/)" "site.tandtrepair.com"
51.222.253.18 - - [21/Feb/2023:08:11:47 -0800] "GET /sitebuilder/images/indexnewnav1-15-inactive-31390.png HTTP/1.1" 404 88 "-" "Mozilla/5.0 (compatible; AhrefsBot/7.0; +http://ahrefs.com/robot/)" "site.tandtrepair.com"
51.222.253.10 - - [21/Feb/2023:08:11:47 -0800] "GET /sitebuilder/images/GreenLightVetsDay-72x90.jpg HTTP/1.1" 404 88 "-" "Mozilla/5.0 (compatible; AhrefsBot/7.0; +http://ahrefs.com/robot/)" "site.tandtrepair.com"
51.222.253.17 - - [21/Feb/2023:08:11:47 -0800] "GET /sitebuilder/images/indexnewnav1-35-inactive-13411.png HTTP/1.1" 404 88 "-" "Mozilla/5.0 (compatible; AhrefsBot/7.0; +http://ahrefs.com/robot/)" "site.tandtrepair.com"
51.222.253.14 - - [21/Feb/2023:08:11:47 -0800] "GET /sitebuilder/images/indexnewnav1-18-inactive-31812.png HTTP/1.1" 404 88 "-" "Mozilla/5.0 (compatible; AhrefsBot/7.0; +http://ahrefs.com/robot/)" "site.tandtrepair.com"
51.222.253.9 - - [21/Feb/2023:08:11:48 -0800] "GET /sitebuilder/images/indexnewnav1-21-inactive-32234.png HTTP/1.1" 404 88 "-" "Mozilla/5.0 (compatible; AhrefsBot/7.0; +http://ahrefs.com/robot/)" "site.tandtrepair.com"
51.222.253.13 - - [21/Feb/2023:08:11:48 -0800] "GET /sitebuilder/images/indexnewnav1-1-inactive-11218.png HTTP/1.1" 404 88 "-" "Mozilla/5.0 (compatible; AhrefsBot/7.0; +http://ahrefs.com/robot/)" "site.tandtrepair.com"
51.222.253.15 - - [21/Feb/2023:08:11:48 -0800] "GET /sitebuilder/images/indexnewnav1-3-inactive-11359.png HTTP/1.1" 404 88 "-" "Mozilla/5.0 (compatible; AhrefsBot/7.0; +http://ahrefs.com/robot/)" "site.tandtrepair.com"
51.222.253.13 - - [21/Feb/2023:08:11:49 -0800] "GET /Logo/discover_novus.gif HTTP/1.1" 404 88 "-" "Mozilla/5.0 (compatible; AhrefsBot/7.0; +http://ahrefs.com/robot/)" "site.tandtrepair.com"
51.222.253.19 - - [21/Feb/2023:08:11:49 -0800] "GET /Logo/visalg.gif HTTP/1.1" 404 88 "-" "Mozilla/5.0 (compatible; AhrefsBot/7.0; +http://ahrefs.com/robot/)" "site.tandtrepair.com"
51.222.253.4 - - [21/Feb/2023:08:11:50 -0800] "GET /sitebuilder/images/indexnewnav1-5-inactive-11468.png HTTP/1.1" 404 88 "-" "Mozilla/5.0 (compatible; AhrefsBot/7.0; +http://ahrefs.com/robot/)" "site.tandtrepair.com"
51.222.253.18 - - [21/Feb/2023:08:11:50 -0800] "GET /sitebuilder/images/indexnewnav1-23-inactive-39312.png HTTP/1.1" 404 88 "-" "Mozilla/5.0 (compatible; AhrefsBot/7.0; +http://ahrefs.com/robot/)" "site.tandtrepair.com"
51.222.253.9 - - [21/Feb/2023:08:11:50 -0800] "GET /sitebuilder/images/indexnewnav1-20-inactive-32093.png HTTP/1.1" 404 88 "-" "Mozilla/5.0 (compatible; AhrefsBot/7.0; +http://ahrefs.com/robot/)" "site.tandtrepair.com"
51.222.253.17 - - [21/Feb/2023:08:11:50 -0800] "GET /sitebuilder/images/indexnewnav1-9-inactive-27125.png HTTP/1.1" 404 88 "-" "Mozilla/5.0 (compatible; AhrefsBot/7.0; +http://ahrefs.com/robot/)" "site.tandtrepair.com"
51.222.253.10 - - [21/Feb/2023:08:11:50 -0800] "GET /sitebuilder/images/indexnewnav1-28-inactive-75588.png HTTP/1.1" 404 88 "-" "Mozilla/5.0 (compatible; AhrefsBot/7.0; +http://ahrefs.com/robot/)" "site.tandtrepair.com"
51.222.253.9 - - [21/Feb/2023:08:11:51 -0800] "GET /sitebuilder/images/indexnewnav1-34-inactive-17881.png HTTP/1.1" 404 88 "-" "Mozilla/5.0 (compatible; AhrefsBot/7.0; +http://ahrefs.com/robot/)" "site.tandtrepair.com"
51.222.253.9 - - [21/Feb/2023:08:11:51 -0800] "GET /sitebuilder/images/indexnewnav1-24-inactive-81019.png HTTP/1.1" 404 88 "-" "Mozilla/5.0 (compatible; AhrefsBot/7.0; +http://ahrefs.com/robot/)" "site.tandtrepair.com"
51.222.253.1 - - [21/Feb/2023:08:11:51 -0800] "GET /sitebuilder/images/Brother_At_Your_Side_Logo-133x40.jpg HTTP/1.1" 404 88 "-" "Mozilla/5.0 (compatible; AhrefsBot/7.0; +http://ahrefs.com/robot/)" "site.tandtrepair.com"
51.222.253.7 - - [21/Feb/2023:08:11:51 -0800] "GET /sitebuilder/images/indexnewnav1-17-inactive-31671.png HTTP/1.1" 404 88 "-" "Mozilla/5.0 (compatible; AhrefsBot/7.0; +http://ahrefs.com/robot/)" "site.tandtrepair.com"
51.222.253.15 - - [21/Feb/2023:08:11:52 -0800] "GET /sitebuilder/images/IndexNav2-2-inactive-12543.png HTTP/1.1" 404 88 "-" "Mozilla/5.0 (compatible; AhrefsBot/7.0; +http://ahrefs.com/robot/)" "site.tandtrepair.com"
51.222.253.18 - - [21/Feb/2023:08:11:52 -0800] "GET /sitebuilder/images/indexnewnav1-4-inactive-11421.png HTTP/1.1" 404 88 "-" "Mozilla/5.0 (compatible; AhrefsBot/7.0; +http://ahrefs.com/robot/)" "site.tandtrepair.com"
51.222.253.15 - - [21/Feb/2023:08:11:52 -0800] "GET /sitebuilder/images/Jean_A_Ma_Jig_Pict-100x123.jpg HTTP/1.1" 404 88 "-" "Mozilla/5.0 (compatible; AhrefsBot/7.0; +http://ahrefs.com/robot/)" "site.tandtrepair.com"
51.222.253.2 - - [21/Feb/2023:08:11:52 -0800] "GET /sitebuilder/images/indexnewnav1-16-inactive-31515.png HTTP/1.1" 404 88 "-" "Mozilla/5.0 (compatible; AhrefsBot/7.0; +http://ahrefs.com/robot/)" "site.tandtrepair.com"
51.222.253.12 - - [21/Feb/2023:08:11:52 -0800] "GET /sitebuilder/images/Shriner1_logo-242x93.jpg HTTP/1.1" 404 88 "-" "Mozilla/5.0 (compatible; AhrefsBot/7.0; +http://ahrefs.com/robot/)" "site.tandtrepair.com"
51.222.253.5 - - [21/Feb/2023:08:11:53 -0800] "GET /images/Flag_USA_Waving.gif HTTP/1.1" 404 88 "-" "Mozilla/5.0 (compatible; AhrefsBot/7.0; +http://ahrefs.com/robot/)" "site.tandtrepair.com"
51.222.253.18 - - [21/Feb/2023:08:11:53 -0800] "GET /clipart/buttons/store/cart.gif HTTP/1.1" 404 88 "-" "Mozilla/5.0 (compatible; AhrefsBot/7.0; +http://ahrefs.com/robot/)" "site.tandtrepair.com"
51.222.253.10 - - [21/Feb/2023:08:11:53 -0800] "GET / HTTP/1.1" 200 10618 "-" "Mozilla/5.0 (compatible; AhrefsBot/7.0; +http://ahrefs.com/robot/)" "site.tandtrepair.com"
51.222.253.16 - - [21/Feb/2023:08:11:53 -0800] "GET /sitebuilder/images/indexnewnav1-14-inactive-98328.png HTTP/1.1" 404 88 "-" "Mozilla/5.0 (compatible; AhrefsBot/7.0; +http://ahrefs.com/robot/)" "site.tandtrepair.com"
51.222.253.14 - - [21/Feb/2023:08:11:54 -0800] "GET /sitebuilder/images/indexnewnav1-34-inactive-05268.png HTTP/1.1" 404 88 "-" "Mozilla/5.0 (compatible; AhrefsBot/7.0; +http://ahrefs.com/robot/)" "site.tandtrepair.com"
51.222.253.15 - - [21/Feb/2023:08:11:54 -0800] "GET /images/angbizon.gif HTTP/1.1" 404 88 "-" "Mozilla/5.0 (compatible; AhrefsBot/7.0; +http://ahrefs.com/robot/)" "site.tandtrepair.com"
51.222.253.4 - - [21/Feb/2023:08:11:54 -0800] "GET /sitebuilder/images/indexnewnav1-27-inactive-28373.png HTTP/1.1" 404 88 "-" "Mozilla/5.0 (compatible; AhrefsBot/7.0; +http://ahrefs.com/robot/)" "site.tandtrepair.com"
51.222.253.10 - - [21/Feb/2023:08:11:54 -0800] "GET /sitebuilder/images/mastercard-60x37.jpg HTTP/1.1" 404 88 "-" "Mozilla/5.0 (compatible; AhrefsBot/7.0; +http://ahrefs.com/robot/)" "site.tandtrepair.com"
51.222.253.4 - - [21/Feb/2023:08:11:55 -0800] "GET /sitebuilder/images/indexnewnav1-29-inactive-24293.png HTTP/1.1" 404 88 "-" "Mozilla/5.0 (compatible; AhrefsBot/7.0; +http://ahrefs.com/robot/)" "site.tandtrepair.com"
51.222.253.3 - - [21/Feb/2023:08:11:55 -0800] "GET /sitebuilder/images/index.html-5.png HTTP/1.1" 404 88 "-" "Mozilla/5.0 (compatible; AhrefsBot/7.0; +http://ahrefs.com/robot/)" "site.tandtrepair.com"
51.222.253.13 - - [21/Feb/2023:08:11:56 -0800] "GET /sitebuilder/images/Greenish_Banner-200x1691.jpg HTTP/1.1" 404 88 "-" "Mozilla/5.0 (compatible; AhrefsBot/7.0; +http://ahrefs.com/robot/)" "site.tandtrepair.com"
51.222.253.20 - - [21/Feb/2023:08:11:56 -0800] "GET /sitebuilder/images/Greenish_Banner-1069x163.jpg HTTP/1.1" 404 88 "-" "Mozilla/5.0 (compatible; AhrefsBot/7.0; +http://ahrefs.com/robot/)" "site.tandtrepair.com"
51.222.253.20 - - [21/Feb/2023:08:11:57 -0800] "GET /sitebuilder/images/indexnewnav1-6-inactive-26671.png HTTP/1.1" 404 88 "-" "Mozilla/5.0 (compatible; AhrefsBot/7.0; +http://ahrefs.com/robot/)" "site.tandtrepair.com"
51.222.253.9 - - [21/Feb/2023:08:11:57 -0800] "GET /sitebuilder/images/amsamflag-95x59.jpg HTTP/1.1" 404 88 "-" "Mozilla/5.0 (compatible; AhrefsBot/7.0; +http://ahrefs.com/robot/)" "site.tandtrepair.com"
51.222.253.3 - - [21/Feb/2023:08:11:57 -0800] "GET /sitebuilder/images/indexnewnav1-22-inactive-79515.png HTTP/1.1" 404 88 "-" "Mozilla/5.0 (compatible; AhrefsBot/7.0; +http://ahrefs.com/robot/)" "site.tandtrepair.com"
51.222.253.15 - - [21/Feb/2023:08:11:58 -0800] "GET /sitebuilder/images/index.html-8.png HTTP/1.1" 404 88 "-" "Mozilla/5.0 (compatible; AhrefsBot/7.0; +http://ahrefs.com/robot/)" "site.tandtrepair.com"
51.222.253.16 - - [21/Feb/2023:08:11:58 -0800] "GET /sitebuilder/images/shriner-logo_green-114x98.jpg HTTP/1.1" 404 88 "-" "Mozilla/5.0 (compatible; AhrefsBot/7.0; +http://ahrefs.com/robot/)" "site.tandtrepair.com"
51.222.253.14 - - [21/Feb/2023:08:11:58 -0800] "GET /PagePicts/album_4july_usaflag.gif HTTP/1.1" 404 88 "-" "Mozilla/5.0 (compatible; AhrefsBot/7.0; +http://ahrefs.com/robot/)" "site.tandtrepair.com"
51.222.253.15 - - [21/Feb/2023:08:11:59 -0800] "GET /sitebuilder/images/indexnewnav1-19-inactive-31968.png HTTP/1.1" 404 88 "-" "Mozilla/5.0 (compatible; AhrefsBot/7.0; +http://ahrefs.com/robot/)" "site.tandtrepair.com"
51.222.253.18 - - [21/Feb/2023:08:11:59 -0800] "GET /sitebuilder/images/indexnewnav1-32-inactive-11044.png HTTP/1.1" 404 88 "-" "Mozilla/5.0 (compatible; AhrefsBot/7.0; +http://ahrefs.com/robot/)" "site.tandtrepair.com"
51.222.253.15 - - [21/Feb/2023:08:12:00 -0800] "GET /images/sqrotes2.gif HTTP/1.1" 404 88 "-" "Mozilla/5.0 (compatible; AhrefsBot/7.0; +http://ahrefs.com/robot/)" "site.tandtrepair.com"
51.222.253.13 - - [21/Feb/2023:08:12:00 -0800] "GET /sitebuilder/images/indexnewnav1-7-inactive-26828.png HTTP/1.1" 404 88 "-" "Mozilla/5.0 (compatible; AhrefsBot/7.0; +http://ahrefs.com/robot/)" "site.tandtrepair.com"
51.222.253.8 - - [21/Feb/2023:08:12:00 -0800] "GET /sitebuilder/images/index.html-11.png HTTP/1.1" 404 88 "-" "Mozilla/5.0 (compatible; AhrefsBot/7.0; +http://ahrefs.com/robot/)" "site.tandtrepair.com"
51.222.253.14 - - [21/Feb/2023:08:12:01 -0800] "GET /sitebuilder/images/2020_16_10pk-90x130.jpg HTTP/1.1" 404 88 "-" "Mozilla/5.0 (compatible; AhrefsBot/7.0; +http://ahrefs.com/robot/)" "site.tandtrepair.com"
51.222.253.8 - - [21/Feb/2023:08:12:01 -0800] "GET /sitebuilder/images/indexnewnav1-30-inactive-92234.png HTTP/1.1" 404 88 "-" "Mozilla/5.0 (compatible; AhrefsBot/7.0; +http://ahrefs.com/robot/)" "site.tandtrepair.com"
51.222.253.17 - - [21/Feb/2023:08:12:01 -0800] "GET /sitebuilder/images/index.html-2.png HTTP/1.1" 404 88 "-" "Mozilla/5.0 (compatible; AhrefsBot/7.0; +http://ahrefs.com/robot/)" "site.tandtrepair.com"
